{"id":15170,"date":"2025-10-09T16:16:38","date_gmt":"2025-10-09T14:16:38","guid":{"rendered":"https:\/\/semmelweis.hu\/pharmacology\/?page_id=15170"},"modified":"2026-02-09T12:49:38","modified_gmt":"2026-02-09T11:49:38","slug":"transzlacios-kutatasok-es-innovacio-az-iszkemias-szivbetegseg-es-tarsbetegsegei-diagnosztikajaban-es-terapiajaban","status":"publish","type":"page","link":"https:\/\/semmelweis.hu\/pharmacology\/kutatas\/palyazatok\/transzlacios-kutatasok-es-innovacio-az-iszkemias-szivbetegseg-es-tarsbetegsegei-diagnosztikajaban-es-terapiajaban\/","title":{"rendered":"Transzl\u00e1ci\u00f3s kutat\u00e1sok \u00e9s innov\u00e1ci\u00f3 az iszk\u00e9mi\u00e1s sz\u00edvbetegs\u00e9g \u00e9s t\u00e1rsbetegs\u00e9gei diagnosztik\u00e1j\u00e1ban \u00e9s ter\u00e1pi\u00e1j\u00e1ban"},"content":{"rendered":"<div class=\"lead\" style=\"text-align: center\"><strong>Transzl\u00e1ci\u00f3s kutat\u00e1sok \u00e9s innov\u00e1ci\u00f3 az iszk\u00e9mi\u00e1s sz\u00edvbetegs\u00e9g \u00e9s t\u00e1rsbetegs\u00e9gei diagnosztik\u00e1j\u00e1ban \u00e9s ter\u00e1pi\u00e1j\u00e1ban<\/strong><\/div>\n<div>\u00a0<\/div>\n<div>\n<table style=\"border-collapse: collapse;width: 100%\">\n<tbody>\n<tr>\n<td style=\"width: 50%\">P\u00e1ly\u00e1zat:<\/td>\n<td style=\"width: 50%\">TKP2021 &#8211; T\u00e9mater\u00fcleti Kiv\u00e1l\u00f3s\u00e1gi Program 2021<\/td>\n<\/tr>\n<tr>\n<td style=\"width: 50%\">T\u00e1mogat\u00e1si \u00f6sszeg:<\/td>\n<td style=\"width: 50%\">332.500.000 HUF<\/td>\n<\/tr>\n<tr>\n<td style=\"width: 50%\">Id\u0151tartam:<\/td>\n<td style=\"width: 50%\">2021.08.01-2025.12.31<\/td>\n<\/tr>\n<tr>\n<td style=\"width: 50%\">Vezet\u0151 kutat\u00f3:<\/td>\n<td style=\"width: 50%\">Prof. Dr. Ferdinandy P\u00e9ter<\/td>\n<\/tr>\n<\/tbody>\n<\/table>\n<\/div>\n<p>&nbsp;<\/p>\n<p><strong>Szakmai \u00f6sszefoglal\u00f3 <\/strong><\/p>\n<p>Int\u00e9zet\u00fcnk \u00e9vtizedek \u00f3ta a nemzetk\u00f6zi \u00e9lvonalban kutatja az iszk\u00e9mia\/reperf\u00fazi\u00f3s sz\u00edvizomk\u00e1rosod\u00e1sokat komorbidit\u00e1sok jelenl\u00e9t\u00e9ben. Els\u0151k\u00e9nt mutattuk ki, hogy hiperlipid\u00e9mia rontja a sz\u00edvizom stressz adapt\u00e1ci\u00f3j\u00e1t.<\/p>\n<p>A kardiovaszkul\u00e1ris betegs\u00e9gek kialakul\u00e1s\u00e1ban \u00e9s progresszi\u00f3j\u00e1ban k\u00f6zponti szerepet j\u00e1tszanak a gyullad\u00e1sos folyamatok. A megtartott ejekci\u00f3s frakci\u00f3val t\u00e1rsul\u00f3 sz\u00edvel\u00e9gtelens\u00e9get (HFpEF) jellemz\u0151en t\u00f6bb kardiometabolikus t\u00e1rsbetegs\u00e9g egy\u00fcttes fenn\u00e1ll\u00e1sa okozza, mint p\u00e9ld\u00e1ul a cukorbetegs\u00e9g, az elh\u00edz\u00e1s \u00e9s a magas v\u00e9rnyom\u00e1s. B\u00e1r a gyullad\u00e1s modul\u00e1l\u00e1sa onkol\u00f3giai ter\u00e1pi\u00e1kban sikeres, az immunellen\u0151rz\u0151pont-g\u00e1tl\u00f3 daganatellenes kezel\u00e9sek fokozott immunv\u00e1lasza felgyors\u00edthatja az atheroszkler\u00f3zist \u00e9s n\u00f6velheti a kardiovaszkul\u00e1ris kock\u00e1zatot. C\u00e9lunk ez\u00e9rt a gyullad\u00e1sos mechanizmusok \u00e1that\u00f3 vizsg\u00e1lata <em>in vitro<\/em> hiperkoleszterin\u00e9mi\u00e1s sejtkult\u00fara modelleken \u00e9s <em>in vivo<\/em> HFpEF \u00e1llatmodelleken, \u00e9s hum\u00e1n sz\u00edvsz\u00f6vetmint\u00e1kon.<\/p>\n<p>Kutat\u00e1sunk sor\u00e1n \u00faj kardioprotekt\u00edv molekul\u00e1kat is tesztel\u00fcnk, bele\u00e9rtve az ut\u00f3bbi \u00e9vekben jelent\u0151s fejl\u0151d\u00e9st el\u00e9r\u0151 RNS-ter\u00e1pi\u00e1t. Kor\u00e1bban azonos\u00edtottunk kardioprotekt\u00edv nem k\u00f3dol\u00f3 mikroRNS-eket azonos\u00edtottunk, mint gy\u00f3gyszermolekula jel\u00f6lteket. A mikroRNS-mRNS h\u00e1l\u00f3zatok anal\u00edzis\u00e9vel a sz\u00edvizom iszk\u00e9mia\/reperf\u00fazi\u00f3s k\u00e1rosod\u00e1st k\u00f6vet\u0151 sz\u00edvel\u00e9gtelens\u00e9g, remodelling \u00e9s transzkriptom v\u00e1ltoz\u00e1sok felt\u00e1rhat\u00f3k. Ez az elfogulatlan omikai megk\u00f6zel\u00edt\u00e9s kulcsfontoss\u00e1g\u00fa a kardioprotekci\u00f3 \u00faj szab\u00e1lyoz\u00f3inak azonos\u00edt\u00e1s\u00e1ban. A kutat\u00e1sunk c\u00e9lja a hiperkoleszterin\u00e9mia-induk\u00e1lt miRNS-\u00fatvonalv\u00e1ltoz\u00e1sok azonos\u00edt\u00e1sa elfogulatlan h\u00e1l\u00f3zatelemz\u00e9ssel.<\/p>\n<p><strong>R\u00e9sztvev\u0151 kiemelt kutat\u00f3k, kollabor\u00e1ci\u00f3s partnerek, egyetemek, c\u00e9gek <\/strong><\/p>\n<p>A projekt vezet\u0151je, Prof. Dr. Ferdinandy P\u00e9ter, a Semmelweis Egyetem Farmakol\u00f3giai \u00e9s Farmakoter\u00e1pi\u00e1s Int\u00e9zet\u00e9nek igazgat\u00f3ja, tudom\u00e1nyos \u00e9s innov\u00e1ci\u00f3s rektorhelyettes. A p\u00e1ly\u00e1zat keret\u00e9ben a Semmelweis Egyetem V\u00e1rosmajori Sz\u00edv- \u00e9s \u00c9rgy\u00f3gy\u00e1szati Klinik\u00e1j\u00e1nak (VSZ\u00c9K) Sz\u00edvtranszplant\u00e1ci\u00f3s Biobankj\u00e1ban gy\u0171jt\u00f6tt \u00e9s t\u00e1rolt mint\u00e1kat haszn\u00e1lunk fel. A VSZ\u00c9K munkat\u00e1rsai k\u00f6z\u00fcl kiemelten Prof. Merkely B\u00e9la, a Semmelweis Egyetem rektora \u00e9s Dr. Radovits Tam\u00e1s, habilit\u00e1lt egyetemi docens j\u00e1rulnak hozz\u00e1 a kutat\u00e1s megval\u00f3s\u00edt\u00e1s\u00e1hoz. A p\u00e1ly\u00e1zatban egy\u00fcttm\u0171k\u00f6d\u00fcnk tov\u00e1bb\u00e1 a Semmelweis Egyetem Genetikai, Sejt- \u00e9s Immunbiol\u00f3giai Int\u00e9zettel, \u00e9s a Biofizika Int\u00e9zettel is.<\/p>\n<p><strong>Alkalmazott m\u00f3dszerek, eszk\u00f6z\u00f6k <\/strong><\/p>\n<p><em>In vitro<\/em> hiperkoleszterin\u00e9mia modellt \u00e1ll\u00edtunk be sejtkult\u00far\u00e1ban. Hum\u00e1n monocita sejtvonalon (THP1-ASC-GFP) vizsg\u00e1ljuk gyullad\u00e1sos stimulusokra adott v\u00e1laszt hiperkoleszterin\u00e9mi\u00e1s adal\u00e9k jelenl\u00e9t\u00e9ben\/hi\u00e1ny\u00e1ban. Elemezz\u00fck az immunellen\u0151rz\u00e9si pontok expresszi\u00f3j\u00e1nak v\u00e1ltoz\u00e1s\u00e1t \u00e9s g\u00e1tl\u00f3szereik hat\u00e1s\u00e1t a sejtfenot\u00edpusra. A HFpEF eg\u00e9rmodellj\u00e9t magas zs\u00edrtartalm\u00fa \u00e9trenddel \u00e9s nitrog\u00e9n-monoxid szint\u00e1z g\u00e1tl\u00e1ssal id\u00e9zz\u00fck el\u0151 C57BL\/6J egerekben, ezut\u00e1n anti-PD1 vagy kontroll antitesttel kezelj\u00fck \u0151ket, echokardiogr\u00e1fi\u00e1val vizsg\u00e1lva a sz\u00edvm\u0171k\u00f6d\u00e9st, k\u00fcl\u00f6n\u00f6s tekintettel a hipertr\u00f3fi\u00e1ra \u00e9s a diasztol\u00e9s diszfunkci\u00f3ra.<\/p>\n<p>Az azonos\u00edtott mikroRNS-ek hat\u00e1s\u00e1t el\u0151sz\u00f6r <em>in vitro <\/em>sz\u00edvizomsejteken ellen\u0151rizz\u00fck, majd a potenci\u00e1lisan protekt\u00edv mikroRNS-ek (protectoMir-ek) sz\u00f6veti eloszl\u00e1s\u00e1t \u00e9s ki\u00fcr\u00fcl\u00e9s\u00e9t <em>in vivo<\/em> \u00e1llatmodellben vizsg\u00e1ljuk. A protekt\u00edv mikroRNS-ek c\u00e9l RNS-ekre gyakorolt komplex hat\u00e1sait qPCR, digit\u00e1lis droplet PCR \u00e9s RNS in situ hibridiz\u00e1ci\u00f3val vizsg\u00e1ljuk.<\/p>\n<p><strong>K\u00e9pek<\/strong><\/p>\n\r\n        [slb_exclude]\r\n        <div class=\"row galeria-wrapper mx-0 h-auto\">\r\n            <div class=\"col-9 pl-0 pr-2\">\r\n            <span class=\"gallery-item frame\">\r\n\t\t\t\t<div class=\"galeria-left-img\"><a href=\"https:\/\/semmelweis.hu\/pharmacology\/files\/2025\/10\/tkp2.png\"><img src=https:\/\/semmelweis.hu\/pharmacology\/files\/2025\/10\/tkp2.png  \r\n                            alt=\"Fluoreszcens felv\u00e9telek THP1-ASC-GFP sejtek koleszterinfelv\u00e9tel\u00e9r\u0151l k\u00fcl\u00f6nb\u00f6z\u0151 koncentr\u00e1ci\u00f3j\u00fa hiperkoleszterin\u00e9mi\u00e1s adal\u00e9kokkal t\u00f6rt\u00e9n\u0151 kezel\u00e9st k\u00f6vet\u0151en.\" \r\n                            class=\"attachment-sote-gallery-big size-sote-gallery-big\" \r\n                            srcset=\"https:\/\/semmelweis.hu\/pharmacology\/files\/2025\/10\/tkp2-400x97.png 400w, https:\/\/semmelweis.hu\/pharmacology\/files\/2025\/10\/tkp2-1024x249.png 1024w, https:\/\/semmelweis.hu\/pharmacology\/files\/2025\/10\/tkp2-768x187.png 768w, https:\/\/semmelweis.hu\/pharmacology\/files\/2025\/10\/tkp2-753x183.png 753w, https:\/\/semmelweis.hu\/pharmacology\/files\/2025\/10\/tkp2.png 1206w\" ><\/a><\/div>\r\n            <\/span>\r\n\r\n            <\/div>\r\n\r\n\t\t\t<div class=\"col-3 pl-0 pr-0\">\r\n\t\t\t\t<div class=\"galeria-right-img d-flex justify-content-between flex-column h-100 w-100 px-0 mx-0 \">\r\n                <div class=\"galeria-box\">\r\n\t\t\t\t\t<h3 class=\"galeria-title\">Gal\u00e9ria<\/h3>\r\n\t\t\t\t\t<div class=\"galeria-subtitle\">\r\n\r\n\t\t\t\t\t\t<div class=\"galeria-page-counter\"><span>2<\/span>k\u00e9p<\/div>\r\n                    <\/div> <\/div>\r\n                    <span class=\"gallery-item frame d-none d-md-flex\">\r\n\t\t\t\t\t<div class=\"galeria-small-img mt-0\"><a href=\"https:\/\/semmelweis.hu\/pharmacology\/files\/2025\/10\/tkp1-scaled.jpg\"><img src=https:\/\/semmelweis.hu\/pharmacology\/files\/2025\/10\/tkp1-scaled.jpg \r\n                                alt=\"Sz\u00edv ultrahangvizsg\u00e1lat \u00e9s sz\u00edvnyom\u00e1s-t\u00e9rfogat elemz\u00e9s a kis\u00e1llat m\u0171t\u00e9ti eszk\u00f6z\u00f6kkel.\"  \r\n                                class=\"attachment-sote-gallery-small size-sote-gallery-small\" \r\n                                srcset=\"https:\/\/semmelweis.hu\/pharmacology\/files\/2025\/10\/tkp1-400x267.jpg 400w, https:\/\/semmelweis.hu\/pharmacology\/files\/2025\/10\/tkp1-1024x683.jpg 1024w, https:\/\/semmelweis.hu\/pharmacology\/files\/2025\/10\/tkp1-768x512.jpg 768w, https:\/\/semmelweis.hu\/pharmacology\/files\/2025\/10\/tkp1-1536x1024.jpg 1536w, https:\/\/semmelweis.hu\/pharmacology\/files\/2025\/10\/tkp1-2048x1365.jpg 2048w, https:\/\/semmelweis.hu\/pharmacology\/files\/2025\/10\/tkp1-753x502.jpg 753w, https:\/\/semmelweis.hu\/pharmacology\/files\/2025\/10\/tkp1-203x135.jpg 203w\" ><\/a><\/div>\r\n                    <\/span>\r\n                    <span class=\"gallery-item frame d-none d-md-flex\">\r\n\t\t\t\t\t<div class=\"galeria-small-img mt-0\"><img src=https:\/\/semmelweis.hu\/pharmacology\/wp-content\/themes\/se18\/dist\/images\/100x100.svg \r\n                                alt=\"\" \r\n                                class=\"attachment-sote-gallery-small size-sote-gallery-small\" \r\n                                srcset=\"\" ><\/div>\r\n                    <\/span>\r\n\r\n                <\/div>\r\n\r\n            <\/div>\r\n\r\n            \r\n            <\/div>\r\n\r\n            [\/slb_exclude]\r\n\t\n<p><strong>K\u00fcldet\u00e9s \u00e9s hasznosul\u00e1s<\/strong><\/p>\n<p>C\u00e9lunk a kardiovaszkul\u00e1ris betegs\u00e9gek kialakul\u00e1s\u00e1ban \u00e9s progresszi\u00f3j\u00e1ban k\u00f6zponti szerepet j\u00e1tsz\u00f3 a gyullad\u00e1sos folyamatok vizsg\u00e1lata, illetve a hiperkoleszterin\u00e9mia-induk\u00e1lt miRNS-\u00fatvonalv\u00e1ltoz\u00e1sok azonos\u00edt\u00e1sa k\u00fcl\u00f6nb\u00f6z\u0151 <em>in vitro<\/em> \u00e9n <em>in vivo<\/em> modellekben. A p\u00e1ly\u00e1zatban a k\u00f6vetkez\u0151 f\u0151bb, \u00e1ltal\u00e1nos c\u00e9lokat t\u0171zt\u00fck ki:<\/p>\n<ol>\n<li>\u00daj ter\u00e1pi\u00e1s c\u00e9l\u00fa kutat\u00e1sfejleszt\u00e9si projektek klinikai transzl\u00e1ci\u00f3j\u00e1nak \u00e9s piacra vitel\u00e9nek el\u0151seg\u00edt\u00e9se<\/li>\n<li>Nemzetk\u00f6zi kiv\u00e1l\u00f3s\u00e1g t\u00e1mogat\u00e1sa: &#8211; hazai \u00e9s k\u00fclf\u00f6ldi PhD hallgat\u00f3k \u00e9s fiatal kutat\u00f3k maxim\u00e1lis bevon\u00e1sa \u00e9s finansz\u00edroz\u00e1sa a t\u00e1mogat\u00e1s seg\u00edts\u00e9g\u00e9vel, MD-PhD \u00e9s a Kooperat\u00edv PhD programban val\u00f3 r\u00e9szv\u00e9tel facilit\u00e1l\u00e1s\u00e1val.<\/li>\n<li>Core facilit\u00e1sok karbantart\u00e1sa \u00e9s \u00faj eszk\u00f6z\u00f6k beszerz\u00e9se, szinergi\u00e1ban az SE Science Park l\u00e9tes\u00edt\u00e9s\u00e9nek terveivel<\/li>\n<\/ol>\n","protected":false},"excerpt":{"rendered":"<p>Transzl\u00e1ci\u00f3s kutat\u00e1sok \u00e9s innov\u00e1ci\u00f3 az iszk\u00e9mi\u00e1s sz\u00edvbetegs\u00e9g \u00e9s t\u00e1rsbetegs\u00e9gei diagnosztik\u00e1j\u00e1ban \u00e9s ter\u00e1pi\u00e1j\u00e1ban \u00a0 P\u00e1ly\u00e1zat: TKP2021 &#8211; T\u00e9mater\u00fcleti Kiv\u00e1l\u00f3s\u00e1gi Program 2021 T\u00e1mogat\u00e1si \u00f6sszeg: 332.500.000 HUF Id\u0151tartam: 2021.08.01-2025.12.31 Vezet\u0151 kutat\u00f3: Prof. Dr. Ferdinandy P\u00e9ter &nbsp; Szakmai \u00f6sszefoglal\u00f3 Int\u00e9zet\u00fcnk \u00e9vtizedek \u00f3ta a nemzetk\u00f6zi \u00e9lvonalban kutatja az iszk\u00e9mia\/reperf\u00fazi\u00f3s sz\u00edvizomk\u00e1rosod\u00e1sokat komorbidit\u00e1sok jelenl\u00e9t\u00e9ben. Els\u0151k\u00e9nt mutattuk ki, hogy hiperlipid\u00e9mia rontja a sz\u00edvizom &hellip;<\/p>\n","protected":false},"author":102427,"featured_media":0,"parent":15122,"menu_order":4,"comment_status":"closed","ping_status":"closed","template":"","meta":{"_acf_changed":false,"footnotes":""},"categories":[],"tags":[],"class_list":["post-15170","page","type-page","status-publish","hentry"],"acf":[],"_links":{"self":[{"href":"https:\/\/semmelweis.hu\/pharmacology\/wp-json\/wp\/v2\/pages\/15170","targetHints":{"allow":["GET"]}}],"collection":[{"href":"https:\/\/semmelweis.hu\/pharmacology\/wp-json\/wp\/v2\/pages"}],"about":[{"href":"https:\/\/semmelweis.hu\/pharmacology\/wp-json\/wp\/v2\/types\/page"}],"author":[{"embeddable":true,"href":"https:\/\/semmelweis.hu\/pharmacology\/wp-json\/wp\/v2\/users\/102427"}],"replies":[{"embeddable":true,"href":"https:\/\/semmelweis.hu\/pharmacology\/wp-json\/wp\/v2\/comments?post=15170"}],"version-history":[{"count":4,"href":"https:\/\/semmelweis.hu\/pharmacology\/wp-json\/wp\/v2\/pages\/15170\/revisions"}],"predecessor-version":[{"id":15261,"href":"https:\/\/semmelweis.hu\/pharmacology\/wp-json\/wp\/v2\/pages\/15170\/revisions\/15261"}],"up":[{"embeddable":true,"href":"https:\/\/semmelweis.hu\/pharmacology\/wp-json\/wp\/v2\/pages\/15122"}],"wp:attachment":[{"href":"https:\/\/semmelweis.hu\/pharmacology\/wp-json\/wp\/v2\/media?parent=15170"}],"wp:term":[{"taxonomy":"category","embeddable":true,"href":"https:\/\/semmelweis.hu\/pharmacology\/wp-json\/wp\/v2\/categories?post=15170"},{"taxonomy":"post_tag","embeddable":true,"href":"https:\/\/semmelweis.hu\/pharmacology\/wp-json\/wp\/v2\/tags?post=15170"}],"curies":[{"name":"wp","href":"https:\/\/api.w.org\/{rel}","templated":true}]}}