{"id":15112,"date":"2025-10-09T14:51:08","date_gmt":"2025-10-09T12:51:08","guid":{"rendered":"https:\/\/semmelweis.hu\/pharmacology\/?page_id=15112"},"modified":"2026-02-09T12:49:36","modified_gmt":"2026-02-09T11:49:36","slug":"nemzeti-kardiovaszkularis-laboratorium","status":"publish","type":"page","link":"https:\/\/semmelweis.hu\/pharmacology\/kutatas\/palyazatok\/nemzeti-kardiovaszkularis-laboratorium\/","title":{"rendered":"Nemzeti Kardiovaszkul\u00e1ris Laborat\u00f3rium"},"content":{"rendered":"<div class=\"lead\" style=\"text-align: center\"><strong>Nemzeti Kardiovaszkul\u00e1ris Laborat\u00f3rium<\/strong><\/div>\n<div>\u00a0<\/div>\n<table style=\"border-collapse: collapse;width: 100%\">\n<tbody>\n<tr>\n<td style=\"width: 50%\">P\u00e1ly\u00e1zat:<\/td>\n<td style=\"width: 50%\">Nemzeti Kardiovaszkul\u00e1ris Laborat\u00f3rium, RRF-2.3.1-21-2022-00003<\/td>\n<\/tr>\n<tr>\n<td style=\"width: 50%\">T\u00e1mogat\u00e1si \u00f6sszeg:<\/td>\n<td style=\"width: 50%\">1.237.500.000 Ft<\/td>\n<\/tr>\n<tr>\n<td style=\"width: 50%\">Id\u0151tartam:<\/td>\n<td style=\"width: 50%\">2022.03.01-2026.02.28<\/td>\n<\/tr>\n<tr>\n<td style=\"width: 50%\">Vezet\u0151 kutat\u00f3:<\/td>\n<td style=\"width: 50%\">Prof. Dr. Ferdinandy P\u00e9ter\/Dr. Merkely B\u00e9la<\/td>\n<\/tr>\n<\/tbody>\n<\/table>\n<p>&nbsp;<\/p>\n<p><strong>Szakmai \u00f6sszefoglal\u00f3 <\/strong><\/p>\n<p>A projekt c\u00e9lja a sz\u00edv- \u00e9s \u00e9rrendszeri betegs\u00e9gek diagnosztik\u00e1j\u00e1nak \u00e9s kezel\u00e9s\u00e9nek fejleszt\u00e9se, valamint a kardiovaszkul\u00e1ris gy\u00f3gyszerek vizsg\u00e1lata. A konzorci\u00e1lis projekthez int\u00e9zet\u00fcnk sz\u00e1mos alfeladattal kapcsol\u00f3dik. Vizsg\u00e1latokat v\u00e9gz\u00fcnk a gy\u00f3gyszer c\u00e9lpont felfedez\u00e9s \u00e9s \u00fajra pozicion\u00e1l\u00e1s ter\u00fclet\u00e9n. K\u00fcl\u00f6n\u00f6sen fontos a mikroRNS alap\u00fa ter\u00e1pi\u00e1k fejleszt\u00e9se \u00e9s hat\u00e1suk pontos modellez\u00e9se mesters\u00e9ges intelligencia seg\u00edts\u00e9g\u00e9vel. A kutat\u00e1s kiemelten foglalkozik a gy\u00f3gyszerek rejtett sz\u00edvk\u00e1ros\u00edt\u00f3 hat\u00e1sainak felt\u00e1r\u00e1s\u00e1val, \u00faj tesztrendszerek kidolgoz\u00e1s\u00e1val, valamint a megl\u00e9v\u0151 gy\u00f3gyszerek kardiovaszkul\u00e1ris kock\u00e1zat\u00e1nak monitoroz\u00e1s\u00e1val. Emellett fejlesztik az extracellul\u00e1ris vezikul\u00e1k, p\u00e9ld\u00e1ul exosz\u00f3m\u00e1k izol\u00e1l\u00e1s\u00e1t \u00e9s diagnosztikai alkalmaz\u00e1s\u00e1t, melyek fontos biomarkerekk\u00e9nt szolg\u00e1lhatnak a sz\u00edvbetegs\u00e9gek korai felismer\u00e9s\u00e9ben \u00e9s kezel\u00e9s\u00e9ben. A program c\u00e9lja a klinikai alkalmazhat\u00f3s\u00e1g \u00e9s a piaci hasznos\u00edt\u00e1s el\u0151k\u00e9sz\u00edt\u00e9se is.<\/p>\n<p><strong>R\u00e9sztvev\u0151 kiemelt kutat\u00f3k, kollabor\u00e1ci\u00f3s partnerek, egyetemek, c\u00e9gek<\/strong><\/p>\n<p>Dr. Ferdinandy P\u00e9ter a Semmelweis Egyetem tudom\u00e1nyos \u00e9s innov\u00e1ci\u00f3s rektorhelyettese, a Farmakol\u00f3giai \u00e9s Farmakoter\u00e1pi\u00e1s Int\u00e9zet vezet\u0151 egyetemi tan\u00e1ra, valamint a Magyar Tudom\u00e1nyos Akad\u00e9mia doktora. A Magyar K\u00eds\u00e9rletes \u00e9s Klinikai Farmakol\u00f3giai T\u00e1rsas\u00e1g eln\u00f6ke \u00e9s a Pharmahungary c\u00e9gcsoport alap\u00edt\u00f3ja. T\u00f6bbsz\u00f6r szerepelt a vil\u00e1g legbefoly\u00e1sosabb tud\u00f3sainak list\u00e1j\u00e1n. Kutat\u00f3csoportja kiemelt ter\u00fcletei k\u00f6z\u00e9 tartozik az iszk\u00e9mi\u00e1s sz\u00edvbetegs\u00e9g kardioprotekt\u00edv gy\u00f3gyszerc\u00e9lpontjainak azonos\u00edt\u00e1sa, a miRNS-alap\u00fa ter\u00e1pi\u00e1k fejleszt\u00e9se, amelyet Dr. G\u00f6rbe Anik\u00f3 vezet, az extracellul\u00e1ris vezikul\u00e1k szerep\u00e9nek vizsg\u00e1lata kardiometabolikus betegs\u00e9gekben Dr. Giricz Zolt\u00e1n ir\u00e1ny\u00edt\u00e1s\u00e1val, a gyullad\u00e1sos faktorok vizsg\u00e1lata kardiovaszkul\u00e1ris \u00e9s metabolikus betegs\u00e9gekben Dr. Varga Zolt\u00e1n vezet\u00e9s\u00e9vel, valamint a bioinformatikai m\u00f3dszerek fejleszt\u00e9se a gy\u00f3gyszerc\u00e9lpontok \u00e9s farmakovigilancia ter\u00fclet\u00e9n Dr. \u00c1gg Bence szak\u00e9rtelm\u00e9vel.<\/p>\n<p><strong>Alkalmazott m\u00f3dszerek, eszk\u00f6z\u00f6k <\/strong><\/p>\n<p>A gy\u00f3gyszer targetek felt\u00e1r\u00e1s\u00e1hoz k\u00fcl\u00f6nb\u00f6z\u0151 biok\u00e9miai \u00e9s molekul\u00e1ris biol\u00f3giai in vitro m\u00f3dszert alkalmazunk. Primer izol\u00e1lt sejtkult\u00far\u00e1kat \u00e9s sejtvonalakat alkalmazunk in vitro teszt rendszereinkben. A mikroRNS kutat\u00e1shoz k\u00e9miai m\u00f3dos\u00edt\u00e1sokat alkalmazunk \u00e9s in vivo farmakinetikai \u00e9s proof of concept vizsg\u00e1latokat. mikroRNS ter\u00e1pi\u00e1k hat\u00e1s\u00e1t in silico h\u00e1l\u00f3zatdinamikai modellekkel \u00e9s mesters\u00e9ges intelligencia alap\u00fa omikai adatelemz\u00e9ssel vizsg\u00e1ljuk. Emellett fejlesztj\u00fck az extracellul\u00e1ris vezikul\u00e1k izol\u00e1l\u00e1s\u00e1t m\u00e9retkiz\u00e1r\u00e1sos \u00e9s immunaffinit\u00e1sos m\u00f3dszerekkel, diagnosztikai panelek valid\u00e1l\u00e1s\u00e1ra. Kardiotoxicit\u00e1s tesztel\u00e9s\u00e9re in vitro \u00e9s in vivo platformokat haszn\u00e1lunk.<\/p>\n<p><strong>K\u00e9pek <\/strong><\/p>\n\r\n        [slb_exclude]\r\n        <div class=\"row galeria-wrapper mx-0 h-auto\">\r\n            <div class=\"col-9 pl-0 pr-2\">\r\n            <span class=\"gallery-item frame\">\r\n\t\t\t\t<div class=\"galeria-left-img\"><a href=\"https:\/\/semmelweis.hu\/pharmacology\/files\/2025\/10\/nkl1-scaled.jpg\"><img src=https:\/\/semmelweis.hu\/pharmacology\/files\/2025\/10\/nkl1-scaled.jpg  \r\n                            alt=\"\" \r\n                            class=\"attachment-sote-gallery-big size-sote-gallery-big\" \r\n                            srcset=\"https:\/\/semmelweis.hu\/pharmacology\/files\/2025\/10\/nkl1-400x267.jpg 400w, https:\/\/semmelweis.hu\/pharmacology\/files\/2025\/10\/nkl1-1024x683.jpg 1024w, https:\/\/semmelweis.hu\/pharmacology\/files\/2025\/10\/nkl1-768x512.jpg 768w, https:\/\/semmelweis.hu\/pharmacology\/files\/2025\/10\/nkl1-1536x1024.jpg 1536w, https:\/\/semmelweis.hu\/pharmacology\/files\/2025\/10\/nkl1-2048x1365.jpg 2048w, https:\/\/semmelweis.hu\/pharmacology\/files\/2025\/10\/nkl1-753x502.jpg 753w, https:\/\/semmelweis.hu\/pharmacology\/files\/2025\/10\/nkl1-203x135.jpg 203w\" ><\/a><\/div>\r\n            <\/span>\r\n\r\n            <\/div>\r\n\r\n\t\t\t<div class=\"col-3 pl-0 pr-0\">\r\n\t\t\t\t<div class=\"galeria-right-img d-flex justify-content-between flex-column h-100 w-100 px-0 mx-0 \">\r\n                <div class=\"galeria-box\">\r\n\t\t\t\t\t<h3 class=\"galeria-title\">Gal\u00e9ria<\/h3>\r\n\t\t\t\t\t<div class=\"galeria-subtitle\">\r\n\r\n\t\t\t\t\t\t<div class=\"galeria-page-counter\"><span>3<\/span>k\u00e9p<\/div>\r\n                    <\/div> <\/div>\r\n                    <span class=\"gallery-item frame d-none d-md-flex\">\r\n\t\t\t\t\t<div class=\"galeria-small-img mt-0\"><a href=\"https:\/\/semmelweis.hu\/pharmacology\/files\/2025\/10\/nkl2-scaled.jpg\"><img src=https:\/\/semmelweis.hu\/pharmacology\/files\/2025\/10\/nkl2-scaled.jpg \r\n                                alt=\"\"  \r\n                                class=\"attachment-sote-gallery-small size-sote-gallery-small\" \r\n                                srcset=\"https:\/\/semmelweis.hu\/pharmacology\/files\/2025\/10\/nkl2-400x267.jpg 400w, https:\/\/semmelweis.hu\/pharmacology\/files\/2025\/10\/nkl2-1024x683.jpg 1024w, https:\/\/semmelweis.hu\/pharmacology\/files\/2025\/10\/nkl2-768x512.jpg 768w, https:\/\/semmelweis.hu\/pharmacology\/files\/2025\/10\/nkl2-1536x1024.jpg 1536w, https:\/\/semmelweis.hu\/pharmacology\/files\/2025\/10\/nkl2-2048x1365.jpg 2048w, https:\/\/semmelweis.hu\/pharmacology\/files\/2025\/10\/nkl2-753x502.jpg 753w, https:\/\/semmelweis.hu\/pharmacology\/files\/2025\/10\/nkl2-203x135.jpg 203w\" ><\/a><\/div>\r\n                    <\/span>\r\n                    <span class=\"gallery-item frame d-none d-md-flex\">\r\n\t\t\t\t\t<div class=\"galeria-small-img mt-0\"><a href=\"https:\/\/semmelweis.hu\/pharmacology\/files\/2025\/10\/nkl3-scaled.jpg\"><img src=https:\/\/semmelweis.hu\/pharmacology\/files\/2025\/10\/nkl3-scaled.jpg \r\n                                alt=\"\" \r\n                                class=\"attachment-sote-gallery-small size-sote-gallery-small\" \r\n                                srcset=\"https:\/\/semmelweis.hu\/pharmacology\/files\/2025\/10\/nkl3-400x267.jpg 400w, https:\/\/semmelweis.hu\/pharmacology\/files\/2025\/10\/nkl3-1024x683.jpg 1024w, https:\/\/semmelweis.hu\/pharmacology\/files\/2025\/10\/nkl3-768x512.jpg 768w, https:\/\/semmelweis.hu\/pharmacology\/files\/2025\/10\/nkl3-1536x1024.jpg 1536w, https:\/\/semmelweis.hu\/pharmacology\/files\/2025\/10\/nkl3-2048x1365.jpg 2048w, https:\/\/semmelweis.hu\/pharmacology\/files\/2025\/10\/nkl3-753x502.jpg 753w, https:\/\/semmelweis.hu\/pharmacology\/files\/2025\/10\/nkl3-203x135.jpg 203w\" ><\/a><\/div>\r\n                    <\/span>\r\n\r\n                <\/div>\r\n\r\n            <\/div>\r\n\r\n            \r\n            <\/div>\r\n\r\n            [\/slb_exclude]\r\n\t\n<p><strong>K\u00fcldet\u00e9s \u00e9s hasznosul\u00e1s<\/strong><\/p>\n<p>A kutat\u00e1s k\u00fcldet\u00e9se a sz\u00edv- \u00e9s \u00e9rrendszeri betegs\u00e9gek korai felismer\u00e9s\u00e9nek \u00e9s hat\u00e9kony kezel\u00e9s\u00e9nek el\u0151seg\u00edt\u00e9se innovat\u00edv in vitro modellek \u00e9s mikroRNS alap\u00fa ter\u00e1pi\u00e1k fejleszt\u00e9s\u00e9vel. Ez hozz\u00e1j\u00e1rul a kardiovaszkul\u00e1ris gy\u00f3gyszerek biztons\u00e1gosabb alkalmaz\u00e1s\u00e1hoz, a rejtett mell\u00e9khat\u00e1sok felt\u00e1r\u00e1s\u00e1hoz, valamint a szem\u00e9lyre szabott orvosl\u00e1s el\u0151mozd\u00edt\u00e1s\u00e1hoz. A program illeszkedik az egyetem strat\u00e9giai c\u00e9ljaihoz, amelyek k\u00f6z\u00f6tt szerepel az eg\u00e9szs\u00e9g\u00fcgyi innov\u00e1ci\u00f3 \u00e9s a transzl\u00e1ci\u00f3s kutat\u00e1s er\u0151s\u00edt\u00e9se, valamint a t\u00e1rsadalmi hasznoss\u00e1g n\u00f6vel\u00e9se a kardiovaszkul\u00e1ris betegs\u00e9gek megel\u0151z\u00e9s\u00e9ben \u00e9s kezel\u00e9s\u00e9ben. Ezzel a kutat\u00e1s t\u00e1mogatja a hazai \u00e9s nemzetk\u00f6zi eg\u00e9szs\u00e9g\u00fcgyi priorit\u00e1sokat, valamint hozz\u00e1j\u00e1rul a magyar eg\u00e9szs\u00e9g\u00fcgyi ell\u00e1t\u00f3rendszer fejleszt\u00e9s\u00e9hez.<\/p>\n","protected":false},"excerpt":{"rendered":"<p>Nemzeti Kardiovaszkul\u00e1ris Laborat\u00f3rium \u00a0 P\u00e1ly\u00e1zat: Nemzeti Kardiovaszkul\u00e1ris Laborat\u00f3rium, RRF-2.3.1-21-2022-00003 T\u00e1mogat\u00e1si \u00f6sszeg: 1.237.500.000 Ft Id\u0151tartam: 2022.03.01-2026.02.28 Vezet\u0151 kutat\u00f3: Prof. Dr. Ferdinandy P\u00e9ter\/Dr. Merkely B\u00e9la &nbsp; Szakmai \u00f6sszefoglal\u00f3 A projekt c\u00e9lja a sz\u00edv- \u00e9s \u00e9rrendszeri betegs\u00e9gek diagnosztik\u00e1j\u00e1nak \u00e9s kezel\u00e9s\u00e9nek fejleszt\u00e9se, valamint a kardiovaszkul\u00e1ris gy\u00f3gyszerek vizsg\u00e1lata. A konzorci\u00e1lis projekthez int\u00e9zet\u00fcnk sz\u00e1mos alfeladattal kapcsol\u00f3dik. Vizsg\u00e1latokat v\u00e9gz\u00fcnk a gy\u00f3gyszer c\u00e9lpont &hellip;<\/p>\n","protected":false},"author":102427,"featured_media":0,"parent":15122,"menu_order":0,"comment_status":"closed","ping_status":"closed","template":"","meta":{"_acf_changed":false,"footnotes":""},"categories":[],"tags":[],"class_list":["post-15112","page","type-page","status-publish","hentry"],"acf":[],"_links":{"self":[{"href":"https:\/\/semmelweis.hu\/pharmacology\/wp-json\/wp\/v2\/pages\/15112","targetHints":{"allow":["GET"]}}],"collection":[{"href":"https:\/\/semmelweis.hu\/pharmacology\/wp-json\/wp\/v2\/pages"}],"about":[{"href":"https:\/\/semmelweis.hu\/pharmacology\/wp-json\/wp\/v2\/types\/page"}],"author":[{"embeddable":true,"href":"https:\/\/semmelweis.hu\/pharmacology\/wp-json\/wp\/v2\/users\/102427"}],"replies":[{"embeddable":true,"href":"https:\/\/semmelweis.hu\/pharmacology\/wp-json\/wp\/v2\/comments?post=15112"}],"version-history":[{"count":8,"href":"https:\/\/semmelweis.hu\/pharmacology\/wp-json\/wp\/v2\/pages\/15112\/revisions"}],"predecessor-version":[{"id":15178,"href":"https:\/\/semmelweis.hu\/pharmacology\/wp-json\/wp\/v2\/pages\/15112\/revisions\/15178"}],"up":[{"embeddable":true,"href":"https:\/\/semmelweis.hu\/pharmacology\/wp-json\/wp\/v2\/pages\/15122"}],"wp:attachment":[{"href":"https:\/\/semmelweis.hu\/pharmacology\/wp-json\/wp\/v2\/media?parent=15112"}],"wp:term":[{"taxonomy":"category","embeddable":true,"href":"https:\/\/semmelweis.hu\/pharmacology\/wp-json\/wp\/v2\/categories?post=15112"},{"taxonomy":"post_tag","embeddable":true,"href":"https:\/\/semmelweis.hu\/pharmacology\/wp-json\/wp\/v2\/tags?post=15112"}],"curies":[{"name":"wp","href":"https:\/\/api.w.org\/{rel}","templated":true}]}}