{"id":14839,"date":"2025-05-22T16:15:05","date_gmt":"2025-05-22T14:15:05","guid":{"rendered":"https:\/\/semmelweis.hu\/pharmacology\/?page_id=14839"},"modified":"2026-01-30T14:30:44","modified_gmt":"2026-01-30T13:30:44","slug":"pharmacovigilance-in-practice-good-vigilance-practice-2025-september-2","status":"publish","type":"page","link":"https:\/\/semmelweis.hu\/pharmacology\/en\/education\/postgraduate-courses\/pharmacovigilance-in-practice-good-vigilance-practice-2025-september-2\/","title":{"rendered":"Pharmacovigilance in practice \u2013 Good Vigilance Practice \u2013 2025. september"},"content":{"rendered":"<p><strong>Semmelweis University \u2013 6<sup>th<\/sup> Pharmacovigilance in practice \u2013 Good Vigilance Practice course<\/strong><\/p>\n<p>Essential information:<\/p>\n<ul>\n<li><strong>Organizer: <\/strong>Semmelweis University, Department of Pharmacology and Pharmacotherapy<\/li>\n<li><strong>Audience: <\/strong>pharmacovigilance professionals (entry level for general training, mid-senior level for field specific information), healthcare professionals<\/li>\n<li><strong>Date:<\/strong> 18\u201319 September 2025<\/li>\n<li><strong>Language: <\/strong>English<\/li>\n<li><strong>Fee: <\/strong>95\u00a0000 HUF<\/li>\n<li><strong>Venue: <\/strong>Online course via Zoom<\/li>\n<li><strong>Outcome:<\/strong> GVP Training certificate after successful written exam<\/li>\n<\/ul>\n<p style=\"text-align: center\"><strong>For registration, please <\/strong><a href=\"https:\/\/forms.office.com\/e\/zk9hzwjZ5U?origin=lprLink\"><strong>click here<\/strong><\/a><strong><img decoding=\"async\" class=\"aligncenter\" src=\"https:\/\/semmelweis.hu\/pharmacology\/files\/2025\/06\/GVP_2025_QR.png\" alt=\"\" \/><\/strong><\/p>\n<p>&nbsp;<\/p>\n<p style=\"text-align: justify\"><strong>Training summary:<\/strong><\/p>\n<p style=\"text-align: justify\">The\u00a0<strong>6th Pharmacovigilance in Practice \u2013 Good Vigilance Practice (GVP)<\/strong>\u00a0course, organized by\u00a0<strong>Semmelweis University<\/strong>, offers a comprehensive overview of the European Union&#8217;s GVP requirements. It combines regulatory insights with practical, field-specific knowledge to support the day-to-day work of pharmacovigilance professionals.<\/p>\n<p style=\"text-align: justify\">The curriculum covers all GVP Modules, delivered by both regulatory authorities and industry experts. Additional topics include pharmacovigilance management, medical device vigilance, and the latest academic research developments in the field.<\/p>\n<p style=\"text-align: justify\">While the course is primarily designed for pharmacovigilance specialists, professionals from related fields, such as regulatory affairs, medical affairs, and quality assurance, as well as healthcare providers, will also benefit from the in-depth content.<\/p>\n<p style=\"text-align: justify\">Upon successful completion, participants will receive a certificate recognized by the pharmaceutical industry, validating their knowledge of GVP. This certificate is also accepted as external training for pharmacovigilance professionals.<\/p>\n<p style=\"text-align: justify\">This course is a valuable opportunity to gain a thorough understanding of all key areas of pharmacovigilance in a practical and engaging format.<\/p>\n<h6 style=\"text-align: justify\">In case of any questions please contact with <a href=\"mailto:pharma.education@semmelweis.hu\"><strong>pharma.education@semmelweis.hu<\/strong><\/a><\/h6>\n<p>&nbsp;<\/p>\n<h6><a href=\"https:\/\/semmelweis.hu\/pharmacology\/files\/2025\/09\/tanfolyam-adatlap-gvp-2025-szept-eng-20250915frissitett.pdf\" target=\"_blank\" rel=\"noopener\">Downloadable course data sheet<\/a><\/h6>\n<h6>\u00a0<\/h6>\n<h4><strong><span style=\"font-size: 18pt\">List of lectures<\/span><\/strong><\/h4>\n\n<table id=\"tablepress-35\" class=\"tablepress tablepress-id-35\">\n<thead>\n<tr class=\"row-1\">\n\t<th class=\"column-1\">Index<\/th><th class=\"column-2\">Day<\/th><th class=\"column-3\">Appoint.<\/th><th class=\"column-4\">Duration (min.)<\/th><th class=\"column-5\">Title of the presentation<\/th><th class=\"column-6\">Performer<\/th><th class=\"column-7\">Position\/academic degree<\/th>\n<\/tr>\n<\/thead>\n<tbody class=\"row-striping row-hover\">\n<tr class=\"row-2\">\n\t<td class=\"column-1\">0<\/td><td class=\"column-2\">18.09.2025<br \/>\nThursday<\/td><td class=\"column-3\">8:45<\/td><td class=\"column-4\">15<\/td><td class=\"column-5\">Welcoming and introduction<br \/>\nLearning outcome<\/td><td class=\"column-6\">Dr. M\u00e1ty\u00e1s P\u00e9terv\u00e1ri <\/td><td class=\"column-7\">Semmelweis University<\/td>\n<\/tr>\n<tr class=\"row-3\">\n\t<td class=\"column-1\">1<\/td><td class=\"column-2\">18.09.2025<br \/>\nThursday<\/td><td class=\"column-3\">9:00<\/td><td class=\"column-4\">60<\/td><td class=\"column-5\">GVP Modul I \u2013 II Pharmacovigilance systems, Pharmacovigilance System Master File<br \/>\nSpecialized topic: Management of PSMF, and PVAs<\/td><td class=\"column-6\">Dr. Barbara Reithauser-Ny\u00edri<\/td><td class=\"column-7\">Gedeon Richter Plc.<\/td>\n<\/tr>\n<tr class=\"row-4\">\n\t<td class=\"column-1\">2<\/td><td class=\"column-2\">18.09.2025<br \/>\nThursday<\/td><td class=\"column-3\">10:00<\/td><td class=\"column-4\">45<\/td><td class=\"column-5\">GVP Modul III Inspection <\/td><td class=\"column-6\">Dr. Adel Hatem<\/td><td class=\"column-7\">NNGYK\u00a0 (Hungarian NCA)<\/td>\n<\/tr>\n<tr class=\"row-5\">\n\t<td class=\"column-1\"><\/td><td class=\"column-2\">18.09.2025<br \/>\nThursday<\/td><td class=\"column-3\">10:45<\/td><td class=\"column-4\">15<\/td><td class=\"column-5\">BREAK<\/td><td class=\"column-6\"><\/td><td class=\"column-7\"><\/td>\n<\/tr>\n<tr class=\"row-6\">\n\t<td class=\"column-1\">3<\/td><td class=\"column-2\">18.09.2025<br \/>\nThursday<\/td><td class=\"column-3\">11:00<\/td><td class=\"column-4\">30<\/td><td class=\"column-5\">GVP Modul IV - audits<\/td><td class=\"column-6\">Dr. Barbara Reithauser-Ny\u00edri<\/td><td class=\"column-7\">Gedeon Richter Plc.<\/td>\n<\/tr>\n<tr class=\"row-7\">\n\t<td class=\"column-1\">4<\/td><td class=\"column-2\">18.09.2025<br \/>\nThursday<\/td><td class=\"column-3\">11:30<\/td><td class=\"column-4\">45<\/td><td class=\"column-5\">GVP Modul V - VII - Risk management systems; Periodic safety update report<\/td><td class=\"column-6\">B\u00edr\u00f3n\u00e9 Dr Zsuzsanna S\u00e1ndor (Modul V)<br \/>\nDr. Tamara T\u00e9gl\u00e1s (Modul VII)<\/td><td class=\"column-7\">NNGYK\u00a0 (Hungarian NCA)<\/td>\n<\/tr>\n<tr class=\"row-8\">\n\t<td class=\"column-1\"><\/td><td class=\"column-2\">18.09.2025<br \/>\nThursday<\/td><td class=\"column-3\">12:15<\/td><td class=\"column-4\">45<\/td><td class=\"column-5\">LUNCH BREAK<\/td><td class=\"column-6\"><\/td><td class=\"column-7\"><\/td>\n<\/tr>\n<tr class=\"row-9\">\n\t<td class=\"column-1\">5<\/td><td class=\"column-2\">18.09.2025<br \/>\nThursday<\/td><td class=\"column-3\">13:00<\/td><td class=\"column-4\">45<\/td><td class=\"column-5\">GVP Modul VI \u2013 Management of reports of suspected adverse reactions<\/td><td class=\"column-6\">Dr. Eszter M\u00e1tis, Nikolett L\u00e1szl\u00f3<br \/>\nRoche Hungary Ltd.<\/td><td class=\"column-7\"><\/td>\n<\/tr>\n<tr class=\"row-10\">\n\t<td class=\"column-1\">6<\/td><td class=\"column-2\">18.09.2025<br \/>\nThursday<\/td><td class=\"column-3\">13:45<\/td><td class=\"column-4\">60<\/td><td class=\"column-5\">GVP Modul IX \u2013 Signal management<\/td><td class=\"column-6\">Dr. M\u00e1ty\u00e1s P\u00e9terv\u00e1ri<\/td><td class=\"column-7\">Semmelweis University<\/td>\n<\/tr>\n<tr class=\"row-11\">\n\t<td class=\"column-1\"><\/td><td class=\"column-2\">18.09.2025<br \/>\nThursday<\/td><td class=\"column-3\">14:45<\/td><td class=\"column-4\">15<\/td><td class=\"column-5\">BREAK<\/td><td class=\"column-6\"><\/td><td class=\"column-7\"><\/td>\n<\/tr>\n<tr class=\"row-12\">\n\t<td class=\"column-1\">7<\/td><td class=\"column-2\">18.09.2025<br \/>\nThursday<\/td><td class=\"column-3\">15:00<\/td><td class=\"column-4\">30<\/td><td class=\"column-5\">GVP Modul VIII and X<\/td><td class=\"column-6\">Dr. J\u00falia Pall\u00f3s <\/td><td class=\"column-7\">PRAC member, NNGYK<\/td>\n<\/tr>\n<tr class=\"row-13\">\n\t<td class=\"column-1\">8<\/td><td class=\"column-2\">18.09.2025<br \/>\nThursday<\/td><td class=\"column-3\">15:30<\/td><td class=\"column-4\">30<\/td><td class=\"column-5\">GVP Modul XV and XVI<br \/>\nSafety communication and additional Risk Minimization Measures<\/td><td class=\"column-6\">Tam\u00e1s Bal\u00e1zsa<\/td><td class=\"column-7\">NNGYK\u00a0 (Hungarian NCA)<\/td>\n<\/tr>\n<tr class=\"row-14\">\n\t<td class=\"column-1\">9<\/td><td class=\"column-2\">19.09.2025<br \/>\nFriday<\/td><td class=\"column-3\">8:45<\/td><td class=\"column-4\">45<\/td><td class=\"column-5\">Challanges of drug safety considering innovative drug development.<\/td><td class=\"column-6\">Prof. Dr. P\u00e9ter Ferdinandy<\/td><td class=\"column-7\">MTA doctor, Semmelweis University (SU)<br \/>\nuniversity professor\/university associate professor<\/td>\n<\/tr>\n<tr class=\"row-15\">\n\t<td class=\"column-1\">10<\/td><td class=\"column-2\">19.09.2025<br \/>\nFriday<\/td><td class=\"column-3\">9:30<\/td><td class=\"column-4\">60<\/td><td class=\"column-5\">MDR \u2013 Medical device vigilance, introduction<\/td><td class=\"column-6\">Dr. \u00c1gnes Horv\u00e1th <\/td><td class=\"column-7\">CE Certiso Ltd.<\/td>\n<\/tr>\n<tr class=\"row-16\">\n\t<td class=\"column-1\"><\/td><td class=\"column-2\">19.09.2025<br \/>\nFriday<\/td><td class=\"column-3\">10:30<\/td><td class=\"column-4\">15<\/td><td class=\"column-5\">BREAK<\/td><td class=\"column-6\"><\/td><td class=\"column-7\"><\/td>\n<\/tr>\n<tr class=\"row-17\">\n\t<td class=\"column-1\">11<\/td><td class=\"column-2\">19.09.2025<br \/>\nFriday<\/td><td class=\"column-3\">10:45<\/td><td class=\"column-4\">45<\/td><td class=\"column-5\">Medical device risk management<\/td><td class=\"column-6\">Dr. M\u00e1ty\u00e1s P\u00e9terv\u00e1ri\u00a0 \u00a0Semmelweis University<\/td><td class=\"column-7\"><\/td>\n<\/tr>\n<tr class=\"row-18\">\n\t<td class=\"column-1\">12<\/td><td class=\"column-2\">19.09.2025<br \/>\nFriday<\/td><td class=\"column-3\">11:30<\/td><td class=\"column-4\">45<\/td><td class=\"column-5\">Safety referral procedures in the EU<\/td><td class=\"column-6\">Dr. Melinda P\u00e1lfi<\/td><td class=\"column-7\">NNGYK\u00a0 (Hungarian NCA)<\/td>\n<\/tr>\n<tr class=\"row-19\">\n\t<td class=\"column-1\"><\/td><td class=\"column-2\">19.09.2025<br \/>\nFriday<\/td><td class=\"column-3\">12:15<\/td><td class=\"column-4\">45<\/td><td class=\"column-5\">LUNCH BREAK<\/td><td class=\"column-6\"><\/td><td class=\"column-7\"><\/td>\n<\/tr>\n<tr class=\"row-20\">\n\t<td class=\"column-1\">13<\/td><td class=\"column-2\">19.09.2025<br \/>\nFriday<\/td><td class=\"column-3\">13:00<\/td><td class=\"column-4\">45<\/td><td class=\"column-5\">Recent EU pharmacovigilance regulation (EU 2025\/1466) and its practical implications)<\/td><td class=\"column-6\">Dr. M\u00e1ty\u00e1s P\u00e9terv\u00e1ri<\/td><td class=\"column-7\">Semmelweis University<\/td>\n<\/tr>\n<tr class=\"row-21\">\n\t<td class=\"column-1\">14<\/td><td class=\"column-2\">19.09.2025<br \/>\nFriday<\/td><td class=\"column-3\">13:45<\/td><td class=\"column-4\">45<\/td><td class=\"column-5\">Engagement of HCP for pharmacovigilance<\/td><td class=\"column-6\">Dr. Bal\u00e1zs M\u00e1t\u00e9 \u00c1d\u00e1m<\/td><td class=\"column-7\">Semmelweis University<\/td>\n<\/tr>\n<tr class=\"row-22\">\n\t<td class=\"column-1\"><\/td><td class=\"column-2\">19.09.2025<br \/>\nFriday<\/td><td class=\"column-3\">14:30<\/td><td class=\"column-4\">15<\/td><td class=\"column-5\">BREAK<\/td><td class=\"column-6\"><\/td><td class=\"column-7\"><\/td>\n<\/tr>\n<tr class=\"row-23\">\n\t<td class=\"column-1\">15<\/td><td class=\"column-2\">19.09.2025<br \/>\nFriday<\/td><td class=\"column-3\">14:45<\/td><td class=\"column-4\">45<\/td><td class=\"column-5\">Benefit-risk assessment of medicines<\/td><td class=\"column-6\">Dr. Bal\u00e1zs Tak\u00e1tsy<\/td><td class=\"column-7\">Gedeon Richter Plc.<\/td>\n<\/tr>\n<tr class=\"row-24\">\n\t<td class=\"column-1\">16<\/td><td class=\"column-2\">19.09.2025<br \/>\nFriday<\/td><td class=\"column-3\">15:30<\/td><td class=\"column-4\">45<\/td><td class=\"column-5\">Latest scientific pharmacovigilance advancements<\/td><td class=\"column-6\">Dr. Bal\u00e1zs M\u00e1t\u00e9 \u00c1d\u00e1m<\/td><td class=\"column-7\">Semmelweis University<\/td>\n<\/tr>\n<\/tbody>\n<\/table>\n<!-- #tablepress-35 from cache -->\n<p style=\"text-align: center\"><strong>For registration, please <\/strong><a href=\"https:\/\/forms.office.com\/e\/zk9hzwjZ5U?origin=lprLink\"><strong>click here<\/strong><\/a><strong><img decoding=\"async\" class=\"aligncenter\" src=\"https:\/\/semmelweis.hu\/pharmacology\/files\/2025\/06\/GVP_2025_QR.png\" alt=\"\" \/><\/strong><\/p>\n<h4 style=\"text-align: left\"><strong><span style=\"font-size: 18pt\">Basic data<\/span><\/strong><\/h4>\n\n<table id=\"tablepress-31\" class=\"tablepress tablepress-id-31\">\n<tbody class=\"row-striping row-hover\">\n<tr class=\"row-1\">\n\t<td class=\"column-1\">Main title<\/td><td class=\"column-2\">Pharmacovigilance in practice \u2013 Good Vigilance Practice<\/td>\n<\/tr>\n<tr class=\"row-2\">\n\t<td class=\"column-1\">Code number<\/td><td class=\"column-2\"><\/td>\n<\/tr>\n<tr class=\"row-3\">\n\t<td class=\"column-1\">Semester<\/td><td class=\"column-2\">II. semester 2025<\/td>\n<\/tr>\n<tr class=\"row-4\">\n\t<td class=\"column-1\">Nature<\/td><td class=\"column-2\">Optional<\/td>\n<\/tr>\n<tr class=\"row-5\">\n\t<td class=\"column-1\">Condition<\/td><td class=\"column-2\">Qualified program<\/td>\n<\/tr>\n<tr class=\"row-6\">\n\t<td class=\"column-1\">Organizer<\/td><td class=\"column-2\">Semmelweis University, Department of Pharmacology and Pharmacotherapy<\/td>\n<\/tr>\n<tr class=\"row-7\">\n\t<td class=\"column-1\">Contact person<\/td><td class=\"column-2\">Dr. Anik\u00f3 G\u00f6rbe, 2104416<\/td>\n<\/tr>\n<tr class=\"row-8\">\n\t<td class=\"column-1\">Partner<\/td><td class=\"column-2\">Sanovigado Ltd.<\/td>\n<\/tr>\n<tr class=\"row-9\">\n\t<td class=\"column-1\">Target group<\/td><td class=\"column-2\">1. internal medicine | 2. internal medicine angiology | 3. vascular surgery<br \/>\n4. pharmacology | 5. gastroenterology | 6. family medicine<br \/>\n7. neurosurgery | 8. cardiology | 9. hand surgery<br \/>\n10. clinic.lab.exam. (hygiene.) | 11. clinical biochemist | 12. clinical pharmacology<br \/>\n13. clinical oncology | 14. thoracic surgery | 15. molecular biological diagnostician<br \/>\n16. molecular genetic diagnostics | 17. nephrology | 18. neurology<br \/>\n19. neuroradiology | 20. orthopedics | 21. orthopedics and traumatology<br \/>\n22. medical laboratory diagnostics | 23. radiology | 24. rehabilitation medicine<br \/>\n25. rheumatology | 26. surgery | 27. sports medicine<br \/>\n28. heart surgery | 29. traumatology<\/td>\n<\/tr>\n<tr class=\"row-10\">\n\t<td class=\"column-1\">University<\/td><td class=\"column-2\">Vocational and Continuing Education Center of Semmelweis University<\/td>\n<\/tr>\n<tr class=\"row-11\">\n\t<td class=\"column-1\">Accr.point<\/td><td class=\"column-2\">20<\/td>\n<\/tr>\n<tr class=\"row-12\">\n\t<td class=\"column-1\">Start<\/td><td class=\"column-2\">18.09.2025<\/td>\n<\/tr>\n<tr class=\"row-13\">\n\t<td class=\"column-1\">End<\/td><td class=\"column-2\">19.09.2025<\/td>\n<\/tr>\n<tr class=\"row-14\">\n\t<td class=\"column-1\">Location<\/td><td class=\"column-2\">Zoom platform<\/td>\n<\/tr>\n<tr class=\"row-15\">\n\t<td class=\"column-1\">Days<\/td><td class=\"column-2\">2<\/td>\n<\/tr>\n<tr class=\"row-16\">\n\t<td class=\"column-1\">Course hours<\/td><td class=\"column-2\">16<\/td>\n<\/tr>\n<tr class=\"row-17\">\n\t<td class=\"column-1\">Exam<\/td><td class=\"column-2\">yes<\/td>\n<\/tr>\n<tr class=\"row-18\">\n\t<td class=\"column-1\">Price<\/td><td class=\"column-2\">95000 HUF<\/td>\n<\/tr>\n<tr class=\"row-19\">\n\t<td class=\"column-1\">Application deadline<\/td><td class=\"column-2\">12.09.2025<\/td>\n<\/tr>\n<tr class=\"row-20\">\n\t<td class=\"column-1\">Comment<\/td><td class=\"column-2\">https:\/\/semmelweis.hu\/pharmacology\/oktatas\/posztgradualis-tanfolyamok\/pharmacovigilance-in-practice-good-vigilance-practice-2025-september\/<\/td>\n<\/tr>\n<tr class=\"row-21\">\n\t<td class=\"column-1\">Can participants register on the portal?<\/td><td class=\"column-2\">yes<\/td>\n<\/tr>\n<\/tbody>\n<\/table>\n<!-- #tablepress-31 from cache -->\n<h4><strong><span style=\"font-size: 18pt\">Vocational college(s)<\/span><\/strong><\/h4>\n\n<table id=\"tablepress-34\" class=\"tablepress tablepress-id-34\">\n<thead>\n<tr class=\"row-1\">\n\t<th class=\"column-1\">Numb.<\/th><th class=\"column-2\">Vocational college(s)<\/th><th class=\"column-3\">Point<\/th><th class=\"column-4\">Comment<\/th>\n<\/tr>\n<\/thead>\n<tbody class=\"row-striping row-hover\">\n<tr class=\"row-2\">\n\t<td class=\"column-1\">1<\/td><td class=\"column-2\">Internal medicine, endocrinology, diabetes and metabolic diseases<\/td><td class=\"column-3\"><\/td><td class=\"column-4\"><\/td>\n<\/tr>\n<tr class=\"row-3\">\n\t<td class=\"column-1\">2<\/td><td class=\"column-2\">Angiology and vascular surgery<\/td><td class=\"column-3\"><\/td><td class=\"column-4\"><\/td>\n<\/tr>\n<tr class=\"row-4\">\n\t<td class=\"column-1\">3<\/td><td class=\"column-2\">Clinical Pharmacology<\/td><td class=\"column-3\"><\/td><td class=\"column-4\"><\/td>\n<\/tr>\n<tr class=\"row-5\">\n\t<td class=\"column-1\">4<\/td><td class=\"column-2\">Gastroenterological and hepatological<\/td><td class=\"column-3\"><\/td><td class=\"column-4\"><\/td>\n<\/tr>\n<tr class=\"row-6\">\n\t<td class=\"column-1\">5<\/td><td class=\"column-2\">Home medicine<\/td><td class=\"column-3\"><\/td><td class=\"column-4\"><\/td>\n<\/tr>\n<tr class=\"row-7\">\n\t<td class=\"column-1\">6<\/td><td class=\"column-2\">Neurosurgery<\/td><td class=\"column-3\"><\/td><td class=\"column-4\"><\/td>\n<\/tr>\n<tr class=\"row-8\">\n\t<td class=\"column-1\">7<\/td><td class=\"column-2\">Cardiology<\/td><td class=\"column-3\"><\/td><td class=\"column-4\"><\/td>\n<\/tr>\n<tr class=\"row-9\">\n\t<td class=\"column-1\">8<\/td><td class=\"column-2\">Traumatology and hand surgery<\/td><td class=\"column-3\"><\/td><td class=\"column-4\"><\/td>\n<\/tr>\n<tr class=\"row-10\">\n\t<td class=\"column-1\">9<\/td><td class=\"column-2\">Medical laboratory<\/td><td class=\"column-3\"><\/td><td class=\"column-4\"><\/td>\n<\/tr>\n<tr class=\"row-11\">\n\t<td class=\"column-1\">10<\/td><td class=\"column-2\">Oncology and radiation therapy<\/td><td class=\"column-3\"><\/td><td class=\"column-4\"><\/td>\n<\/tr>\n<tr class=\"row-12\">\n\t<td class=\"column-1\">11<\/td><td class=\"column-2\">Surgery<\/td><td class=\"column-3\"><\/td><td class=\"column-4\"><\/td>\n<\/tr>\n<tr class=\"row-13\">\n\t<td class=\"column-1\">12<\/td><td class=\"column-2\">Nephrology and dialysis<\/td><td class=\"column-3\"><\/td><td class=\"column-4\"><\/td>\n<\/tr>\n<tr class=\"row-14\">\n\t<td class=\"column-1\">13<\/td><td class=\"column-2\">Neurological<\/td><td class=\"column-3\"><\/td><td class=\"column-4\"><\/td>\n<\/tr>\n<tr class=\"row-15\">\n\t<td class=\"column-1\">14<\/td><td class=\"column-2\">Radiological<\/td><td class=\"column-3\"><\/td><td class=\"column-4\"><\/td>\n<\/tr>\n<tr class=\"row-16\">\n\t<td class=\"column-1\">15<\/td><td class=\"column-2\">Orthopedic<\/td><td class=\"column-3\"><\/td><td class=\"column-4\"><\/td>\n<\/tr>\n<tr class=\"row-17\">\n\t<td class=\"column-1\">16<\/td><td class=\"column-2\">Rehabilitation, physical medicine and medical aids<\/td><td class=\"column-3\"><\/td><td class=\"column-4\"><\/td>\n<\/tr>\n<tr class=\"row-18\">\n\t<td class=\"column-1\">17<\/td><td class=\"column-2\">Rheumatology<\/td><td class=\"column-3\"><\/td><td class=\"column-4\"><\/td>\n<\/tr>\n<tr class=\"row-19\">\n\t<td class=\"column-1\">18<\/td><td class=\"column-2\">Sports health<\/td><td class=\"column-3\"><\/td><td class=\"column-4\"><\/td>\n<\/tr>\n<tr class=\"row-20\">\n\t<td class=\"column-1\">19<\/td><td class=\"column-2\">Heart surgery<\/td><td class=\"column-3\"><\/td><td class=\"column-4\"><\/td>\n<\/tr>\n<\/tbody>\n<\/table>\n<!-- #tablepress-34 from cache -->\n","protected":false},"excerpt":{"rendered":"<p>Semmelweis University \u2013 6th Pharmacovigilance in practice \u2013 Good Vigilance Practice course Essential information: Organizer: Semmelweis University, Department of Pharmacology and Pharmacotherapy Audience: pharmacovigilance professionals (entry level for general training, mid-senior level for field specific information), healthcare professionals Date: 18\u201319 September 2025 Language: English Fee: 95\u00a0000 HUF Venue: Online course via Zoom Outcome: GVP Training &hellip;<\/p>\n","protected":false},"author":102427,"featured_media":0,"parent":974,"menu_order":1,"comment_status":"closed","ping_status":"closed","template":"template-fullwidth.php","meta":{"_acf_changed":false,"footnotes":""},"categories":[750],"tags":[],"class_list":["post-14839","page","type-page","status-publish","hentry","category-past-course"],"acf":[],"_links":{"self":[{"href":"https:\/\/semmelweis.hu\/pharmacology\/wp-json\/wp\/v2\/pages\/14839","targetHints":{"allow":["GET"]}}],"collection":[{"href":"https:\/\/semmelweis.hu\/pharmacology\/wp-json\/wp\/v2\/pages"}],"about":[{"href":"https:\/\/semmelweis.hu\/pharmacology\/wp-json\/wp\/v2\/types\/page"}],"author":[{"embeddable":true,"href":"https:\/\/semmelweis.hu\/pharmacology\/wp-json\/wp\/v2\/users\/102427"}],"replies":[{"embeddable":true,"href":"https:\/\/semmelweis.hu\/pharmacology\/wp-json\/wp\/v2\/comments?post=14839"}],"version-history":[{"count":7,"href":"https:\/\/semmelweis.hu\/pharmacology\/wp-json\/wp\/v2\/pages\/14839\/revisions"}],"predecessor-version":[{"id":15085,"href":"https:\/\/semmelweis.hu\/pharmacology\/wp-json\/wp\/v2\/pages\/14839\/revisions\/15085"}],"up":[{"embeddable":true,"href":"https:\/\/semmelweis.hu\/pharmacology\/wp-json\/wp\/v2\/pages\/974"}],"wp:attachment":[{"href":"https:\/\/semmelweis.hu\/pharmacology\/wp-json\/wp\/v2\/media?parent=14839"}],"wp:term":[{"taxonomy":"category","embeddable":true,"href":"https:\/\/semmelweis.hu\/pharmacology\/wp-json\/wp\/v2\/categories?post=14839"},{"taxonomy":"post_tag","embeddable":true,"href":"https:\/\/semmelweis.hu\/pharmacology\/wp-json\/wp\/v2\/tags?post=14839"}],"curies":[{"name":"wp","href":"https:\/\/api.w.org\/{rel}","templated":true}]}}