{"id":14110,"date":"2024-09-20T16:22:24","date_gmt":"2024-09-20T14:22:24","guid":{"rendered":"https:\/\/semmelweis.hu\/pharmacology\/?page_id=14110"},"modified":"2025-11-13T10:36:39","modified_gmt":"2025-11-13T09:36:39","slug":"gradualis-oktatas","status":"publish","type":"page","link":"https:\/\/semmelweis.hu\/pharmacology\/oktatas\/gradualis-oktatas\/","title":{"rendered":"Gradu\u00e1lis oktat\u00e1s"},"content":{"rendered":"<div class=\"keretes w-100\">\n<p>Tanulm\u00e1nyi felel\u0151s: Dr. Riba P\u00e1l (3. emelet, 314. szoba)<br \/>\nemail: <a href=\"mailto:riba.pal@semmelweis.hu\">riba.pal@semmelweis.hu<\/a><\/p>\n<\/div>\n<p><em><strong>Az el\u0151ad\u00e1sokon \u00e9s gyakorlatokon video- \u00e9s hangfelv\u00e9tel k\u00e9sz\u00edt\u00e9se tilos!<\/strong><\/em><\/p>\n<p>A szigorlaton b\u00e1rmilyen, k\u00edv\u00fclr\u0151l sz\u00e1rmaz\u00f3 inform\u00e1ci\u00f3 megszerz\u00e9s\u00e9re ir\u00e1nyul\u00f3 meg nem engedett eszk\u00f6z haszn\u00e1lata (pl. inform\u00e1ci\u00f3technol\u00f3giai eszk\u00f6z\u00f6k, elektronikus vagy nyomtatott anyag) a vizsga azonnali, el\u00e9gtelen \u00e9rdemjeggyel t\u00f6rt\u00e9n\u0151 befejez\u00e9s\u00e9t vonja maga ut\u00e1n. Ezen t\u00falmen\u0151en tov\u00e1bbi, a Semmelweis Egyetem Tanulm\u00e1nyi \u00e9s Vizsgaszab\u00e1lyzat\u00e1ban meghat\u00e1rozott l\u00e9p\u00e9sekre is sor ker\u00fcl.<\/p>\n<style>\n           #page-grid .card-body > .line-clamp-box.excerpt{\n        width: inherit;\n        max-width: inherit;\n        display:flex;\n        min-height: 2.4em;\n        flex-direction: column;\n        justify-content: space-around;\n        background-color: #D6E4EA;\n        min-height: 3.4rem;\n        font-family: \"Montserrat\", sans-serif;\n    }\n\n    #page-grid a:hover .card-body > .line-clamp-box.excerpt {\n        background-color: #fff;\n        color: #313B40;\n    }\n\n    #page-grid .card-body .line-clamp-box.excerpt section{\n        max-width: inherit;\n        display: -webkit-box;\n        -webkit-line-clamp: 2;\n        -webkit-box-orient: vertical;\n        overflow: hidden;\n        text-overflow: ellipsis;\n        hyphens: auto;\n        margin: auto;\n        \n    }\n    .line-clamp-box.excerpt section, .line-clamp-box.excerpt section p{\n        font-size:0.8em;\n    }\n    \n<\/style>\n    <section id=\"page-grid\">\n        \n        <div class=\"row row-cols-1 row-cols-md-2 row-cols-lg-2 no-gutters mx-0 \">    <div class =\"col  mb-2 card-wrapper\">\n        <a class=\"d-flex flex-fill card-link-warapper m-md-1\" href=\"https:\/\/semmelweis.hu\/pharmacology\/oktatas\/gradualis-oktatas\/aok\/\">\n            <div class=\"card border border-secondary se-border flex-fill\">\n                <div class=\"row no-gutters mx-0 d-flex flex-nowrap flex-md-wrap align-items-center\">\n                    <div class =\"  col-5 col-md-12  d-none  d-md-none d-md-none  bg-image  card-image justify-content-center\">\n                        <img class='wp-post-image img-fluid landscape' src='https:\/\/semmelweis.hu\/pharmacology\/wp-content\/themes\/se18\/dist\/images\/svg\/bg-image.svg' \/>\n                    <\/div>\n                    <div class=\"card-body  col flex-column  col-md-12 p-0\">\n                        <div class=\"line-clamp-box p-3\">\n                            <h5 class=\"ml-0 ml-sm-1 mt-2 align-items-center\"  >\u00c1ltal\u00e1nos Orvostudom\u00e1nyi Kar<\/h5>\n                        <\/div>\n                        \n                    <\/div>\n                <\/div>\n\n            <\/div>\n        <\/a>\n    <\/div>    <div class =\"col  mb-2 card-wrapper\">\n        <a class=\"d-flex flex-fill card-link-warapper m-md-1\" href=\"https:\/\/semmelweis.hu\/pharmacology\/oktatas\/gradualis-oktatas\/fok\/\">\n            <div class=\"card border border-secondary se-border flex-fill\">\n                <div class=\"row no-gutters mx-0 d-flex flex-nowrap flex-md-wrap align-items-center\">\n                    <div class =\"  col-5 col-md-12  d-none  d-md-none d-md-none  bg-image  card-image justify-content-center\">\n                        <img class='wp-post-image img-fluid landscape' src='https:\/\/semmelweis.hu\/pharmacology\/wp-content\/themes\/se18\/dist\/images\/svg\/bg-image.svg' \/>\n                    <\/div>\n                    <div class=\"card-body  col flex-column  col-md-12 p-0\">\n                        <div class=\"line-clamp-box p-3\">\n                            <h5 class=\"ml-0 ml-sm-1 mt-2 align-items-center\"  >Fogorvostudom\u00e1nyi Kar<\/h5>\n                        <\/div>\n                        \n                    <\/div>\n                <\/div>\n\n            <\/div>\n        <\/a>\n    <\/div>        <\/div>\n    <\/section>\n","protected":false},"excerpt":{"rendered":"<p>Tanulm\u00e1nyi felel\u0151s: Dr. Riba P\u00e1l (3. emelet, 314. szoba) email: <a href=\"mailto:riba.pal@semmelweis.hu\">riba.pal@semmelweis.hu<\/a> Az el\u0151ad\u00e1sokon \u00e9s gyakorlatokon video- \u00e9s hangfelv\u00e9tel k\u00e9sz\u00edt\u00e9se tilos! A szigorlaton b\u00e1rmilyen, k\u00edv\u00fclr\u0151l sz\u00e1rmaz\u00f3 inform\u00e1ci\u00f3 megszerz\u00e9s\u00e9re ir\u00e1nyul\u00f3 meg nem engedett eszk\u00f6z haszn\u00e1lata (pl. inform\u00e1ci\u00f3technol\u00f3giai eszk\u00f6z\u00f6k, elektronikus vagy nyomtatott anyag) a vizsga azonnali, el\u00e9gtelen \u00e9rdemjeggyel t\u00f6rt\u00e9n\u0151 befejez\u00e9s\u00e9t vonja maga ut\u00e1n. Ezen t\u00falmen\u0151en tov\u00e1bbi, a Semmelweis Egyetem &hellip;<\/p>\n","protected":false},"author":102322,"featured_media":0,"parent":12,"menu_order":0,"comment_status":"closed","ping_status":"open","template":"","meta":{"_acf_changed":false,"footnotes":""},"categories":[],"tags":[],"class_list":["post-14110","page","type-page","status-publish","hentry"],"acf":[],"_links":{"self":[{"href":"https:\/\/semmelweis.hu\/pharmacology\/wp-json\/wp\/v2\/pages\/14110","targetHints":{"allow":["GET"]}}],"collection":[{"href":"https:\/\/semmelweis.hu\/pharmacology\/wp-json\/wp\/v2\/pages"}],"about":[{"href":"https:\/\/semmelweis.hu\/pharmacology\/wp-json\/wp\/v2\/types\/page"}],"author":[{"embeddable":true,"href":"https:\/\/semmelweis.hu\/pharmacology\/wp-json\/wp\/v2\/users\/102322"}],"replies":[{"embeddable":true,"href":"https:\/\/semmelweis.hu\/pharmacology\/wp-json\/wp\/v2\/comments?post=14110"}],"version-history":[{"count":4,"href":"https:\/\/semmelweis.hu\/pharmacology\/wp-json\/wp\/v2\/pages\/14110\/revisions"}],"predecessor-version":[{"id":15397,"href":"https:\/\/semmelweis.hu\/pharmacology\/wp-json\/wp\/v2\/pages\/14110\/revisions\/15397"}],"up":[{"embeddable":true,"href":"https:\/\/semmelweis.hu\/pharmacology\/wp-json\/wp\/v2\/pages\/12"}],"wp:attachment":[{"href":"https:\/\/semmelweis.hu\/pharmacology\/wp-json\/wp\/v2\/media?parent=14110"}],"wp:term":[{"taxonomy":"category","embeddable":true,"href":"https:\/\/semmelweis.hu\/pharmacology\/wp-json\/wp\/v2\/categories?post=14110"},{"taxonomy":"post_tag","embeddable":true,"href":"https:\/\/semmelweis.hu\/pharmacology\/wp-json\/wp\/v2\/tags?post=14110"}],"curies":[{"name":"wp","href":"https:\/\/api.w.org\/{rel}","templated":true}]}}