{"id":7,"date":"2021-01-19T13:16:41","date_gmt":"2021-01-19T12:16:41","guid":{"rendered":"https:\/\/semmelweis.hu\/petokonyvtar\/?page_id=7"},"modified":"2025-11-26T21:41:31","modified_gmt":"2025-11-26T20:41:31","slug":"elerhetosegek","status":"publish","type":"page","link":"https:\/\/semmelweis.hu\/petokonyvtar\/elerhetosegek\/","title":{"rendered":"El\u00e9rhet\u0151s\u00e9gek"},"content":{"rendered":"<p><span style=\"font-size: 18pt\"><strong>Semmelweis Egyetem \u2013 Pet\u0151 Andr\u00e1s Kar<br \/>\nH\u00e1ri M\u00e1ria Kari K\u00f6nyvt\u00e1r \u00e9s Forr\u00e1sk\u00f6zpont<\/strong><\/span><\/p>\n<div class=\"keretes w-100\">\n<p><strong>C\u00edm:<\/strong> 1125 Budapest, K\u00fatv\u00f6lgyi \u00fat 8. &#8222;A&#8221; \u00e9p\u00fclet 1. emelet<br \/>\n<strong>Telefon:<\/strong> +36 (1) 224-1562<br \/>\n<strong>E-mail:<\/strong> <a href=\"mailto:konyvtar.pak@semmelweis.hu\" target=\"_blank\" rel=\"noopener\">konyvtar.pak@semmelweis.hu<strong>\u00a0<\/strong><\/a><\/p>\n<p><strong>Munkat\u00e1rsak el\u00e9rhet\u0151s\u00e9gei:<\/strong><\/p>\n<p><strong>Szab\u00f3 Julianna, k\u00f6nyvt\u00e1rvezet\u0151<br \/>\n<\/strong><a href=\"mailto:szabo.julianna@semmelweis.hu\" target=\"_blank\" rel=\"noopener\">szabo.julianna@semmelweis.hu<\/a><\/p>\n<p><strong>Szotyori Nagy Anita, k\u00f6nyvt\u00e1ros<br \/>\n<\/strong><a href=\"mailto:szotyori-nagy.anita@semmelweis.hu\" target=\"_blank\" rel=\"noopener\">szotyori-nagy.anita@semmelweis.hu<\/a><strong><br \/>\n<\/strong><\/p>\n<\/div>\n<p><strong>Nyitva tart\u00e1s:<\/strong><\/p>\n<p>H\u00e9tf\u0151:\u00a0 \u00a0 \u00a0 \u00a0 9.00\u201318.00<br \/>\nKedd:\u00a0 \u00a0 \u00a0 \u00a0 \u00a09.00\u201316.00<br \/>\nSzerda:\u00a0 \u00a0 \u00a0 9.00\u201318.00<br \/>\nCs\u00fct\u00f6rt\u00f6k:9.00\u201316.00<br \/>\nP\u00e9ntek:\u00a0 \u00a0 \u00a09.00\u201314.00<\/p>\n<p><strong>Iskolai sz\u00fcnetben \u00e9s vizsgaid\u0151szakban:<br \/>\n<\/strong><\/p>\n<p>H\u00e9tf\u0151t\u0151l cs\u00fct\u00f6rt\u00f6kig: 9.00\u201316.00 \u00f3ra<br \/>\nP\u00e9nteken: 9.00\u201314.00 \u00f3ra<\/p>\n\n<!-- iframe plugin v.4.9 wordpress.org\/plugins\/iframe\/ -->\n<iframe src=\"https:\/\/www.google.com\/maps\/embed?pb=!1m18!1m12!1m3!1d2694.8568438565717!2d19.000213175112222!3d47.512179094494726!2m3!1f0!2f0!3f0!3m2!1i1024!2i768!4f13.1!3m3!1m2!1s0x4741debf4a2a776d%3A0xbf12cd23f72763f!2zQnVkYXBlc3QsIEvDunR2w7ZsZ3lpIMO6dCA4LCAxMTI1!5e0!3m2!1shu!2shu!4v1700143449733!5m2!1shu!2shu\" width=\"600\" height=\"450\" style=\"border:0;\" allowfullscreen loading=\"lazy\" referrerpolicy=\"no-referrer-when-downgrade\" scrolling=\"yes\" class=\"iframe-class\" frameborder=\"0\"><\/iframe>\n\n<p>&nbsp;<\/p>\n","protected":false},"excerpt":{"rendered":"<p>Semmelweis Egyetem \u2013 Pet\u0151 Andr\u00e1s Kar H\u00e1ri M\u00e1ria Kari K\u00f6nyvt\u00e1r \u00e9s Forr\u00e1sk\u00f6zpont C\u00edm: 1125 Budapest, K\u00fatv\u00f6lgyi \u00fat 8. &#8222;A&#8221; \u00e9p\u00fclet 1. emelet Telefon: +36 (1) 224-1562 E-mail: <a href=\"mailto:konyvtar.pak@semmelweis.hu\" target=\"_blank\" rel=\"noopener\">konyvtar.pak@semmelweis.hu\u00a0<\/a> Munkat\u00e1rsak el\u00e9rhet\u0151s\u00e9gei: Szab\u00f3 Julianna, k\u00f6nyvt\u00e1rvezet\u0151 <a href=\"mailto:szabo.julianna@semmelweis.hu\" target=\"_blank\" rel=\"noopener\">szabo.julianna@semmelweis.hu<\/a> Szotyori Nagy Anita, k\u00f6nyvt\u00e1ros <a href=\"mailto:szotyori-nagy.anita@semmelweis.hu\" target=\"_blank\" rel=\"noopener\">szotyori-nagy.anita@semmelweis.hu<\/a> Nyitva tart\u00e1s: H\u00e9tf\u0151:\u00a0 \u00a0 \u00a0 \u00a0 9.00\u201318.00 Kedd:\u00a0 \u00a0 \u00a0 \u00a0 \u00a09.00\u201316.00 Szerda:\u00a0 \u00a0 \u00a0 9.00\u201318.00 Cs\u00fct\u00f6rt\u00f6k:9.00\u201316.00 P\u00e9ntek:\u00a0 \u00a0 &hellip;<\/p>\n","protected":false},"author":12,"featured_media":0,"parent":0,"menu_order":6,"comment_status":"closed","ping_status":"closed","template":"","meta":{"_acf_changed":false,"footnotes":""},"categories":[],"tags":[],"class_list":["post-7","page","type-page","status-publish","hentry"],"acf":[],"_links":{"self":[{"href":"https:\/\/semmelweis.hu\/petokonyvtar\/wp-json\/wp\/v2\/pages\/7","targetHints":{"allow":["GET"]}}],"collection":[{"href":"https:\/\/semmelweis.hu\/petokonyvtar\/wp-json\/wp\/v2\/pages"}],"about":[{"href":"https:\/\/semmelweis.hu\/petokonyvtar\/wp-json\/wp\/v2\/types\/page"}],"author":[{"embeddable":true,"href":"https:\/\/semmelweis.hu\/petokonyvtar\/wp-json\/wp\/v2\/users\/12"}],"replies":[{"embeddable":true,"href":"https:\/\/semmelweis.hu\/petokonyvtar\/wp-json\/wp\/v2\/comments?post=7"}],"version-history":[{"count":11,"href":"https:\/\/semmelweis.hu\/petokonyvtar\/wp-json\/wp\/v2\/pages\/7\/revisions"}],"predecessor-version":[{"id":1781,"href":"https:\/\/semmelweis.hu\/petokonyvtar\/wp-json\/wp\/v2\/pages\/7\/revisions\/1781"}],"wp:attachment":[{"href":"https:\/\/semmelweis.hu\/petokonyvtar\/wp-json\/wp\/v2\/media?parent=7"}],"wp:term":[{"taxonomy":"category","embeddable":true,"href":"https:\/\/semmelweis.hu\/petokonyvtar\/wp-json\/wp\/v2\/categories?post=7"},{"taxonomy":"post_tag","embeddable":true,"href":"https:\/\/semmelweis.hu\/petokonyvtar\/wp-json\/wp\/v2\/tags?post=7"}],"curies":[{"name":"wp","href":"https:\/\/api.w.org\/{rel}","templated":true}]}}