{"id":46,"date":"2021-05-07T13:45:11","date_gmt":"2021-05-07T11:45:11","guid":{"rendered":"https:\/\/semmelweis.hu\/petokonyvtar\/?page_id=46"},"modified":"2024-12-06T11:16:18","modified_gmt":"2024-12-06T10:16:18","slug":"megvasarolhato-kiadvanyaink","status":"publish","type":"page","link":"https:\/\/semmelweis.hu\/petokonyvtar\/szolgaltatasok\/megvasarolhato-kiadvanyaink\/","title":{"rendered":"Megv\u00e1s\u00e1rolhat\u00f3 kiadv\u00e1nyaink"},"content":{"rendered":"<p><strong>\u00c1ltal\u00e1nos szempontsor (kedvezm\u00e9nyes \u00e1r *)<\/strong><\/p>\n<ul>\n<li>600 Ft\u00a0\u00a0<\/li>\n<\/ul>\n<p><strong>\u00c1ltal\u00e1nos szempontsor<\/strong><\/p>\n<ul>\n<li>1 200 Ft\u00a0\u00a0<\/li>\n<\/ul>\n<p><strong>Bevezet\u0151 a kondukt\u00edv mozg\u00e1spedag\u00f3gi\u00e1ba<\/strong><\/p>\n<ul>\n<li>1 200 Ft\u00a0<\/li>\n<\/ul>\n<p><strong>Conductive Education Occasional Papers\u00a0\u00a0 No. 1<\/strong><\/p>\n<ul>\n<li>1 800 Ft\u00a0\u00a0<\/li>\n<\/ul>\n<p><strong>Conductive Education Occasional Papers\u00a0\u00a0 No. 2<\/strong><\/p>\n<ul>\n<li>1 800 Ft\u00a0 \u00a0<\/li>\n<\/ul>\n<p><strong>Conductive Education Occasional Papers\u00a0\u00a0 No. 4-5<\/strong><\/p>\n<ul>\n<li>2 500 Ft\u00a0\u00a0<\/li>\n<\/ul>\n<p><strong>Conductive Education Occasional Papers\u00a0\u00a0 No. 6<\/strong><\/p>\n<ul>\n<li>1 800 Ft\u00a0\u00a0<\/li>\n<\/ul>\n<p><strong>Conductive Education Occasional Papers\u00a0\u00a0 No. 7<\/strong><\/p>\n<ul>\n<li>1 800 Ft\u00a0\u00a0<\/li>\n<\/ul>\n<p><strong>Conductive Education Occasional Papers\u00a0\u00a0 No. 8<\/strong><\/p>\n<ul>\n<li>1 800 Ft\u00a0\u00a0<\/li>\n<\/ul>\n<p><strong>Conductive Education Occasional Papers\u00a0\u00a0 No. 9<\/strong><\/p>\n<ul>\n<li>1 800 Ft\u00a0\u00a0<\/li>\n<\/ul>\n<p><strong>Conductive Education Occasional Papers\u00a0\u00a0 No. 10<\/strong><\/p>\n<ul>\n<li>1 800 Ft\u00a0\u00a0<\/li>\n<\/ul>\n<p><strong>Conductive Education Occasional Papers\u00a0\u00a0 No. 11<\/strong><\/p>\n<ul>\n<li>1 800 Ft\u00a0\u00a0<\/li>\n<\/ul>\n<p><strong>Conductive Education Occasional Papers\u00a0\u00a0 No. 12<\/strong><\/p>\n<ul>\n<li>1 800 Ft\u00a0\u00a0<\/li>\n<\/ul>\n<p><strong>Conductive Education Occasional Papers , Supplement 1 (German)<\/strong><\/p>\n<ul>\n<li>2 700 Ft\u00a0\u00a0<\/li>\n<\/ul>\n<p><strong>Conductive Education Occasional Papers , Supplement 2 (English)<\/strong><\/p>\n<ul>\n<li>2 700 Ft\u00a0\u00a0<\/li>\n<\/ul>\n<p><strong>Conductive Education Occasional Papers , Supplement 3<\/strong><\/p>\n<ul>\n<li>2 700 Ft\u00a0\u00a0<\/li>\n<\/ul>\n<p><strong>Conductive Education Occasional Papers , Supplement 4 (English)<\/strong><\/p>\n<ul>\n<li>3 000 Ft\u00a0\u00a0<\/li>\n<\/ul>\n<p><strong>Conductive Education Occasional Papers , Supplement 5 (Hungarian)<\/strong><\/p>\n<ul>\n<li>3 000 Ft\u00a0\u00a0<\/li>\n<\/ul>\n<p><strong>Conductive Education Occasional Papers , Supplement 6<\/strong><\/p>\n<ul>\n<li>3 000 Ft\u00a0\u00a0<\/li>\n<\/ul>\n<p><strong>Conductive Education Occasional Papers , Supplement 9<\/strong><\/p>\n<ul>\n<li>1 500 Ft\u00a0\u00a0<\/li>\n<\/ul>\n<p><strong>Deutsch \u2013 Ungarisches W\u00f6rterbuch (kedvezm\u00e9nyes \u00e1r *)<\/strong><\/p>\n<ul>\n<li>600 Ft\u00a0\u00a0<\/li>\n<\/ul>\n<p><strong>Deutsch \u2013 Ungarisches W\u00f6rterbuch<\/strong><\/p>\n<ul>\n<li>2 000 Ft\u00a0\u00a0<\/li>\n<\/ul>\n<p><strong>Els\u0151 Kondukt\u00edv Pedag\u00f3giai Vil\u00e1gkonferencia\u00a0 1990<\/strong><\/p>\n<ul>\n<li>100 Ft\u00a0<\/li>\n<\/ul>\n<p><strong>Eml\u00e9kk\u00f6nyv Dr H\u00e1ri M\u00e1ria 1923-2001 (kedvezm\u00e9nyes \u00e1r *)<\/strong><\/p>\n<ul>\n<li>2 000 Ft\u00a0<\/li>\n<\/ul>\n<p><strong>Eml\u00e9kk\u00f6nyv Dr H\u00e1ri M\u00e1ria 1923-2001<\/strong><\/p>\n<ul>\n<li>4 000 Ft\u00a0<\/li>\n<\/ul>\n<p><strong>\u00c9nek-zene I.\u00a0\u00a0 (Ittz\u00e9s Mih\u00e1ly)<\/strong><\/p>\n<ul>\n<li>300 Ft\u00a0\u00a0<\/li>\n<\/ul>\n<p><strong>\u00c9rt\u00e9kteremt\u0151 tudom\u00e1ny<\/strong><\/p>\n<ul>\n<li>1 800 Ft\u00a0\u00a0<\/li>\n<\/ul>\n<p><strong>Az \u00e9rz\u00e9kel\u00e9st\u0151l a csoportmunk\u00e1ig : Komplex pedag\u00f3gia-pszichol\u00f3gia szigorlati seg\u00e9danyag<\/strong><\/p>\n<ul>\n<li>3 000 Ft<\/li>\n<\/ul>\n<p><strong>H\u00e1ri M\u00e1ria\u00a0 1923-2001<\/strong><\/p>\n<ul>\n<li>2 200 Ft\u00a0<\/li>\n<\/ul>\n<p><strong>H\u00e1ri M\u00e1ria and her conductive education<\/strong><\/p>\n<ul>\n<li>2 500 Ft\u00a0\u00a0<\/li>\n<\/ul>\n<p><strong>H\u00e1ri M\u00e1ria : A hum\u00e1n alapelv a kondukt\u00edv nevel\u00e9sben<\/strong><\/p>\n<ul>\n<li>300 Ft\u00a0\u00a0<\/li>\n<\/ul>\n<p><strong>H\u00e1ri M\u00e1ria : Human Principium<\/strong><\/p>\n<ul>\n<li>3 000 Ft\u00a0\u00a0<\/li>\n<\/ul>\n<p><strong>H\u00e1ri M\u00e1ria : Human Principium (kedvezm\u00e9nyes \u00e1r*)<\/strong><\/p>\n<ul>\n<li>2 000 Ft\u00a0\u00a0<\/li>\n<\/ul>\n<p><strong>J\u00e1r\u00e1sfejleszt\u0151 eszk\u00f6zt\u00e1r<\/strong><\/p>\n<ul>\n<li>1 900 Ft\u00a0\u00a0<\/li>\n<\/ul>\n<p><strong>Jazykovoe posobie po kond. ped. (kedvezm\u00e9nyes \u00e1r *)<\/strong><\/p>\n<ul>\n<li>2 000 Ft\u00a0\u00a0<\/li>\n<\/ul>\n<p><strong>Jazykovoe posobie po kond. ped.<\/strong><\/p>\n<ul>\n<li>3 000 Ft\u00a0\u00a0<\/li>\n<\/ul>\n<p><strong>Kieg\u00e9sz\u00edt\u0151 als\u00f3 tagozatos zenei p\u00e9ldat\u00e1r tan\u00edt\u00f3k\u00e9pz\u0151s hallgat\u00f3k sz\u00e1m\u00e1ra<\/strong><\/p>\n<ul>\n<li>250 Ft\u00a0 \u00a0<\/li>\n<\/ul>\n<p><strong>A 9. Kondukt\u00edv Pedag\u00f3giai Vil\u00e1gkongresszus<\/strong><\/p>\n<ul>\n<li>4 000 Ft\u00a0\u00a0<\/li>\n<\/ul>\n<p><strong>A kondukt\u00edv pedag\u00f3gia alapelvei \u00e9s m\u00f3dszertana : Szigorlati seg\u00e9danyag<\/strong><\/p>\n<ul>\n<li>3 000 Ft<\/li>\n<\/ul>\n<p><strong>A kondukt\u00edv pedag\u00f3gia k\u00e9zik\u00f6nyve<\/strong><\/p>\n<ul>\n<li>4 900 Ft\u00a0\u00a0<\/li>\n<\/ul>\n<p><strong>A kondukt\u00edv pedag\u00f3gia k\u00e9zik\u00f6nyve (kedvezm\u00e9nyes \u00e1r *)<\/strong><\/p>\n<ul>\n<li>4 000 Ft\u00a0\u00a0<\/li>\n<\/ul>\n<p><strong>A kondukt\u00edv pedag\u00f3gia t\u00f6rt\u00e9nete<\/strong><\/p>\n<ul>\n<li>2 000 Ft\u00a0\u00a0<\/li>\n<\/ul>\n<p><strong>A kondukt\u00edv pedag\u00f3giai rendszer hat\u00e9kony m\u0171k\u00f6d\u00e9s\u00e9nek alapelvei \u00e9s gyakorlata<\/strong><\/p>\n<ul>\n<li>1 600 Ft\u00a0\u00a0<\/li>\n<\/ul>\n<p><strong>Konduktive F\u00f6rderung und Rehabilitation\u00a0\u00a0 2<\/strong><\/p>\n<ul>\n<li>3 300 Ft\u00a0\u00a0<\/li>\n<\/ul>\n<p><strong>Konduktive F\u00f6rderung und Rehabilitation\u00a0\u00a0 4<\/strong><\/p>\n<ul>\n<li>3 300 Ft\u00a0\u00a0<\/li>\n<\/ul>\n<p><strong>Konduktive F\u00f6rderung\u00a0 (Friderike Bock)<\/strong><\/p>\n<ul>\n<li>8 400 Ft\u00a0\u00a0<\/li>\n<\/ul>\n<p><strong>The manual of conductive pedagogy : More than practice<\/strong><\/p>\n<ul>\n<li>9 400 Ft\u00a0\u00a0<\/li>\n<\/ul>\n<p><strong>Nevel\u00e9stan\u00a0 (B\u00e1bosik-Mezei)<\/strong><\/p>\n<ul>\n<li>1 200 Ft\u00a0\u00a0<\/li>\n<\/ul>\n<p><strong>Observation in Conductive Education<\/strong><\/p>\n<ul>\n<li>1 500 Ft\u00a0\u00a0<\/li>\n<\/ul>\n<p><strong>Az oktat\u00e1s folyamata \u00e9s m\u00f3dszerei<\/strong><\/p>\n<ul>\n<li>500 Ft<\/li>\n<\/ul>\n<p><strong>\u00d6sszehasonl\u00edt\u00f3 kondukt\u00edv pedag\u00f3gia\u00a0 (H\u00e1ri M\u00e1ria)<\/strong><\/p>\n<ul>\n<li>3 500 Ft\u00a0\u00a0<\/li>\n<\/ul>\n<p><strong>Pet\u0151 Andr\u00e1s eml\u00e9kk\u00f6nyv\u00a0 (1994)<\/strong><\/p>\n<ul>\n<li>300 Ft\u00a0\u00a0<\/li>\n<\/ul>\n<p><strong>Pet\u0151 Andr\u00e1s : Filoz\u00f3fia<\/strong><\/p>\n<ul>\n<li>2 000 Ft\u00a0\u00a0<\/li>\n<\/ul>\n<p><strong>Das Pet\u0151 System<\/strong><\/p>\n<ul>\n<li>2 500 Ft\u00a0\u00a0<\/li>\n<\/ul>\n<p><strong>Presentations of the XI-XII World Congresses on Conductive Education<\/strong><\/p>\n<ul>\n<li>3 000 Ft<\/li>\n<\/ul>\n<p><strong>Tanulm\u00e1nyok a kondukt\u00edv pedag\u00f3gia k\u00f6r\u00e9b\u0151l<\/strong><\/p>\n<ul>\n<li>4 000 Ft\u00a0\u00a0<\/li>\n<\/ul>\n<p><strong>Tanulm\u00e1nyok a kondukt\u00edv pedag\u00f3gia k\u00f6r\u00e9b\u0151l 2<\/strong><\/p>\n<ul>\n<li>4 000 Ft\u00a0\u00a0<\/li>\n<\/ul>\n<p><strong>Task Series in Conductive Education\u00a0 (\u00c9va Beck)<\/strong><\/p>\n<ul>\n<li><del>9 500 Ft<\/del>\u00a0 \u00a0 \u00a03500 Ft<\/li>\n<\/ul>\n<p><strong>Tudom\u00e1ny \u00e9s Hivat\u00e1s \u00c9vk\u00f6nyv 2021<\/strong><\/p>\n<ul>\n<li>2 000 Ft<\/li>\n<\/ul>\n<p><strong>Tudom\u00e1ny \u00e9s Hivat\u00e1s \u00c9vk\u00f6nyv 2022<\/strong><\/p>\n<ul style=\"list-style-type: disc\">\n<li>2 000 Ft<\/li>\n<\/ul>\n<p><strong>Tudom\u00e1ny \u00e9s Hivat\u00e1s \u00c9vk\u00f6nyv<\/strong> <strong>2023 (angol nyelv\u0171)<\/strong><\/p>\n<ul style=\"list-style-type: disc\">\n<li>2 000 Ft<\/li>\n<\/ul>\n<p><strong>Tudom\u00e1nyos k\u00f6zlem\u00e9nyek\u00a0 1971\u00a0 (s\u00e1rga)<\/strong><\/p>\n<ul>\n<li>100 Ft\u00a0\u00a0<\/li>\n<\/ul>\n<p><strong>Tudom\u00e1nyos k\u00f6zlem\u00e9nyek\u00a0 1973\u00a0 (k\u00e9k)<\/strong><\/p>\n<ul>\n<li>100 Ft\u00a0\u00a0<\/li>\n<\/ul>\n<p><strong>T\u00fcnettan (Balogh E.)<\/strong><\/p>\n<ul>\n<li>2 990 Ft\u00a0\u00a0<\/li>\n<\/ul>\n<p><strong>T\u00fcnettan (Balogh E.) kedvezm\u00e9nyes \u00e1r*<\/strong><\/p>\n<ul>\n<li>2 000 Ft\u00a0\u00a0<\/li>\n<\/ul>\n<p><strong>A zenei nevel\u00e9s m\u00f3dszertana \u00e9s tant\u00e1rgypedag\u00f3gi\u00e1ja<\/strong><\/p>\n<ul>\n<li>2 000 Ft\u00a0\u00a0<\/li>\n<\/ul>\n<p>&nbsp;<\/p>\n<div class=\"keretes w-100\">\n<p>* kedvezm\u00e9nyes \u00e1ron v\u00e1s\u00e1rolhatnak a PAK hallgat\u00f3i \u00e9s dolgoz\u00f3i<\/p>\n<\/div>\n<p>&nbsp;<\/p>\n","protected":false},"excerpt":{"rendered":"<p>\u00c1ltal\u00e1nos szempontsor (kedvezm\u00e9nyes \u00e1r *) 600 Ft\u00a0\u00a0 \u00c1ltal\u00e1nos szempontsor 1 200 Ft\u00a0\u00a0 Bevezet\u0151 a kondukt\u00edv mozg\u00e1spedag\u00f3gi\u00e1ba 1 200 Ft\u00a0 Conductive Education Occasional Papers\u00a0\u00a0 No. 1 1 800 Ft\u00a0\u00a0 Conductive Education Occasional Papers\u00a0\u00a0 No. 2 1 800 Ft\u00a0 \u00a0 Conductive Education Occasional Papers\u00a0\u00a0 No. 4-5 2 500 Ft\u00a0\u00a0 Conductive Education Occasional Papers\u00a0\u00a0 No. 6 1 800 &hellip;<\/p>\n","protected":false},"author":101866,"featured_media":0,"parent":508,"menu_order":3,"comment_status":"closed","ping_status":"closed","template":"","meta":{"_acf_changed":false,"footnotes":""},"categories":[],"tags":[],"class_list":["post-46","page","type-page","status-publish","hentry"],"acf":[],"_links":{"self":[{"href":"https:\/\/semmelweis.hu\/petokonyvtar\/wp-json\/wp\/v2\/pages\/46","targetHints":{"allow":["GET"]}}],"collection":[{"href":"https:\/\/semmelweis.hu\/petokonyvtar\/wp-json\/wp\/v2\/pages"}],"about":[{"href":"https:\/\/semmelweis.hu\/petokonyvtar\/wp-json\/wp\/v2\/types\/page"}],"author":[{"embeddable":true,"href":"https:\/\/semmelweis.hu\/petokonyvtar\/wp-json\/wp\/v2\/users\/101866"}],"replies":[{"embeddable":true,"href":"https:\/\/semmelweis.hu\/petokonyvtar\/wp-json\/wp\/v2\/comments?post=46"}],"version-history":[{"count":10,"href":"https:\/\/semmelweis.hu\/petokonyvtar\/wp-json\/wp\/v2\/pages\/46\/revisions"}],"predecessor-version":[{"id":1585,"href":"https:\/\/semmelweis.hu\/petokonyvtar\/wp-json\/wp\/v2\/pages\/46\/revisions\/1585"}],"up":[{"embeddable":true,"href":"https:\/\/semmelweis.hu\/petokonyvtar\/wp-json\/wp\/v2\/pages\/508"}],"wp:attachment":[{"href":"https:\/\/semmelweis.hu\/petokonyvtar\/wp-json\/wp\/v2\/media?parent=46"}],"wp:term":[{"taxonomy":"category","embeddable":true,"href":"https:\/\/semmelweis.hu\/petokonyvtar\/wp-json\/wp\/v2\/categories?post=46"},{"taxonomy":"post_tag","embeddable":true,"href":"https:\/\/semmelweis.hu\/petokonyvtar\/wp-json\/wp\/v2\/tags?post=46"}],"curies":[{"name":"wp","href":"https:\/\/api.w.org\/{rel}","templated":true}]}}