{"id":1672,"date":"2025-05-12T13:46:04","date_gmt":"2025-05-12T11:46:04","guid":{"rendered":"https:\/\/semmelweis.hu\/petokonyvtar\/?page_id=1672"},"modified":"2025-05-14T12:34:46","modified_gmt":"2025-05-14T10:34:46","slug":"ami-a-konpeditabol-kimaradt","status":"publish","type":"page","link":"https:\/\/semmelweis.hu\/petokonyvtar\/ami-a-konpeditabol-kimaradt\/","title":{"rendered":"Ami a Konpedit\u00e1b\u00f3l kimaradt &#8230;"},"content":{"rendered":"<table style=\"width: 100%\">\n<tbody>\n<tr>\n<td style=\"width: 99.927%\" colspan=\"2\">\n<h2><span style=\"font-size: 18pt\">A konduktork\u00e9pz\u00e9shez kapcsol\u00f3d\u00f3 szakirodalom<\/span><\/h2>\n<\/td>\n<\/tr>\n<tr>\n<td style=\"width: 16.6545%\">\n<h5 style=\"text-align: center\">K\u00f6nyvbor\u00edt\u00f3<\/h5>\n<\/td>\n<td style=\"width: 83.2725%\">\n<h5>Le\u00edr\u00e1s \u00e9s rakt\u00e1ri jelzet<\/h5>\n<\/td>\n<\/tr>\n<tr>\n<td style=\"width: 16.6545%\"><a href=\"https:\/\/semmelweis.hu\/petokonyvtar\/files\/2024\/11\/PePszi-scaled.jpg\"><img loading=\"lazy\" decoding=\"async\" class=\"wp-image-1572 aligncenter\" src=\"https:\/\/semmelweis.hu\/petokonyvtar\/files\/2024\/11\/PePszi-281x400.jpg\" alt=\"\" width=\"224\" height=\"319\" srcset=\"https:\/\/semmelweis.hu\/petokonyvtar\/files\/2024\/11\/PePszi-281x400.jpg 281w, https:\/\/semmelweis.hu\/petokonyvtar\/files\/2024\/11\/PePszi-719x1024.jpg 719w, https:\/\/semmelweis.hu\/petokonyvtar\/files\/2024\/11\/PePszi-768x1094.jpg 768w, https:\/\/semmelweis.hu\/petokonyvtar\/files\/2024\/11\/PePszi-1078x1536.jpg 1078w, https:\/\/semmelweis.hu\/petokonyvtar\/files\/2024\/11\/PePszi-1437x2048.jpg 1437w, https:\/\/semmelweis.hu\/petokonyvtar\/files\/2024\/11\/PePszi-753x1073.jpg 753w, https:\/\/semmelweis.hu\/petokonyvtar\/files\/2024\/11\/PePszi-scaled.jpg 1797w\" sizes=\"auto, (max-width: 224px) 100vw, 224px\" \/><\/a><\/td>\n<td style=\"width: 83.2725%\">\n<p>Az \u00e9rz\u00e9kel\u00e9st\u0151l a csoportmunk\u00e1ig : Komplex pedag\u00f3gia\u2013pszichol\u00f3gia szigorlati seg\u00e9danyag \/ [Szerk. Balogh Brigitta, Csik\u00f3s G\u00e1bor, Kollega Tarsoly Istv\u00e1n, Zsebe Andrea]. &#8211; Budapest : Semmelweis Egyetem Pet\u0151 Andr\u00e1s Kar , 2024. &#8211; 224 p. ; 24 cm. &#8211; (A konduktork\u00e9pz\u00e9s jegyzetei )<\/p>\n<p>KOPE 527<\/p>\n<p>(Megv\u00e1s\u00e1rolhat\u00f3 a K\u00f6nyvt\u00e1rban, \u00e1ra 3000,- Ft)<\/p>\n<\/td>\n<\/tr>\n<tr>\n<td style=\"width: 16.6545%\"><a href=\"https:\/\/semmelweis.hu\/petokonyvtar\/files\/2023\/11\/KonPedAlap-scaled.jpg\"><img loading=\"lazy\" decoding=\"async\" class=\"alignleft size-medium wp-image-1332\" src=\"https:\/\/semmelweis.hu\/petokonyvtar\/files\/2023\/11\/KonPedAlap-282x400.jpg\" alt=\"\" width=\"282\" height=\"400\" srcset=\"https:\/\/semmelweis.hu\/petokonyvtar\/files\/2023\/11\/KonPedAlap-282x400.jpg 282w, https:\/\/semmelweis.hu\/petokonyvtar\/files\/2023\/11\/KonPedAlap-722x1024.jpg 722w, https:\/\/semmelweis.hu\/petokonyvtar\/files\/2023\/11\/KonPedAlap-768x1089.jpg 768w, https:\/\/semmelweis.hu\/petokonyvtar\/files\/2023\/11\/KonPedAlap-1084x1536.jpg 1084w, https:\/\/semmelweis.hu\/petokonyvtar\/files\/2023\/11\/KonPedAlap-1445x2048.jpg 1445w, https:\/\/semmelweis.hu\/petokonyvtar\/files\/2023\/11\/KonPedAlap-753x1067.jpg 753w, https:\/\/semmelweis.hu\/petokonyvtar\/files\/2023\/11\/KonPedAlap-scaled.jpg 1806w\" sizes=\"auto, (max-width: 282px) 100vw, 282px\" \/><\/a><\/td>\n<td style=\"width: 83.2725%\">\n<p>A kondukt\u00edv pedag\u00f3gia alapelvei \u00e9s m\u00f3dszertana : Szigorlati seg\u00e9danyag \/ [Szerk. F\u00f6ldesi Ren\u00e1ta, Kollega Tarsoly Istv\u00e1n, T\u00fari Ibolya]. &#8211; Budapest : Semmelweis Egyetem Pet\u0151 Andr\u00e1s Kar , 2023. &#8211; 212 p. ; 24 cm. &#8211; (A konduktork\u00e9pz\u00e9s jegyzetei )<\/p>\n<p>KOPE 523<\/p>\n<p>(Megv\u00e1s\u00e1rolhat\u00f3 a K\u00f6nyvt\u00e1rban, \u00e1ra 3000,- Ft)<\/p>\n<\/td>\n<\/tr>\n<tr>\n<td style=\"width: 16.6545%\">\n<table style=\"width: 98.3453%\">\n<tbody>\n<tr>\n<td><a href=\"https:\/\/semmelweis.hu\/petokonyvtar\/files\/2025\/05\/Tunettan.png\"><img loading=\"lazy\" decoding=\"async\" class=\"alignleft size-medium wp-image-1690\" src=\"https:\/\/semmelweis.hu\/petokonyvtar\/files\/2025\/05\/Tunettan-277x400.png\" alt=\"\" width=\"277\" height=\"400\" srcset=\"https:\/\/semmelweis.hu\/petokonyvtar\/files\/2025\/05\/Tunettan-277x400.png 277w, https:\/\/semmelweis.hu\/petokonyvtar\/files\/2025\/05\/Tunettan-710x1024.png 710w, https:\/\/semmelweis.hu\/petokonyvtar\/files\/2025\/05\/Tunettan-768x1108.png 768w, https:\/\/semmelweis.hu\/petokonyvtar\/files\/2025\/05\/Tunettan-1065x1536.png 1065w, https:\/\/semmelweis.hu\/petokonyvtar\/files\/2025\/05\/Tunettan-753x1086.png 753w, https:\/\/semmelweis.hu\/petokonyvtar\/files\/2025\/05\/Tunettan.png 1384w\" sizes=\"auto, (max-width: 277px) 100vw, 277px\" \/><\/a><\/td>\n<\/tr>\n<\/tbody>\n<\/table>\n<\/td>\n<td style=\"width: 83.2725%\">\n<p>T\u00fcnettan \/ Balogh Erzs\u00e9bet, Benyovszky Andrea, Feket\u00e9n\u00e9 Szab\u00f3 \u00c9va. &#8211; Budapest : Semmelweis Egyetem Pet\u0151 Andr\u00e1s Kar , 2022. &#8211; 140 p. : ill., sz\u00ednes ; 24 cm. &#8211; (A konduktork\u00e9pz\u00e9s jegyzetei )<\/p>\n<p>Bels\u0151 jegyzet<\/p>\n<p>(Megv\u00e1s\u00e1rolhat\u00f3 a K\u00f6nyvt\u00e1rban, \u00e1ra 2900,- Ft)<\/p>\n<\/td>\n<\/tr>\n<tr>\n<td style=\"width: 16.6545%\">\n<table style=\"width: 98.3936%\">\n<tbody>\n<tr>\n<td><a href=\"https:\/\/semmelweis.hu\/petokonyvtar\/files\/2025\/05\/Filozofia-scaled.jpg\"><img loading=\"lazy\" decoding=\"async\" class=\"alignleft size-medium wp-image-1682\" src=\"https:\/\/semmelweis.hu\/petokonyvtar\/files\/2025\/05\/Filozofia-280x400.jpg\" alt=\"\" width=\"280\" height=\"400\" srcset=\"https:\/\/semmelweis.hu\/petokonyvtar\/files\/2025\/05\/Filozofia-280x400.jpg 280w, https:\/\/semmelweis.hu\/petokonyvtar\/files\/2025\/05\/Filozofia-718x1024.jpg 718w, https:\/\/semmelweis.hu\/petokonyvtar\/files\/2025\/05\/Filozofia-768x1095.jpg 768w, https:\/\/semmelweis.hu\/petokonyvtar\/files\/2025\/05\/Filozofia-1077x1536.jpg 1077w, https:\/\/semmelweis.hu\/petokonyvtar\/files\/2025\/05\/Filozofia-1436x2048.jpg 1436w, https:\/\/semmelweis.hu\/petokonyvtar\/files\/2025\/05\/Filozofia-753x1074.jpg 753w, https:\/\/semmelweis.hu\/petokonyvtar\/files\/2025\/05\/Filozofia-scaled.jpg 1795w\" sizes=\"auto, (max-width: 280px) 100vw, 280px\" \/><\/a><\/td>\n<\/tr>\n<\/tbody>\n<\/table>\n<\/td>\n<td style=\"width: 83.2725%\">\n<p>Pet\u0151 Andr\u00e1s<\/p>\n<p>Filoz\u00f3fia \/ Pet\u0151 Andr\u00e1s ; [szerk. F\u00f6ldesi Ren\u00e1ta] ; [ford. Balogh Brigitta]. &#8211; [Budapest] : Semmelweis Kiad\u00f3 , 2021. &#8211; 140 p. : 24 cm. &#8211; (A konduktork\u00e9pz\u00e9s jegyzetei )<\/p>\n<p>KOPE 516<\/p>\n<p>(Megv\u00e1s\u00e1rolhat\u00f3 a K\u00f6nyvt\u00e1rban, \u00e1ra 2000,- Ft)<\/p>\n<\/td>\n<\/tr>\n<tr>\n<td style=\"width: 16.6545%\"><a href=\"https:\/\/semmelweis.hu\/petokonyvtar\/files\/2025\/05\/Presentations-scaled.jpg\"><img loading=\"lazy\" decoding=\"async\" class=\"alignleft size-medium wp-image-1680\" src=\"https:\/\/semmelweis.hu\/petokonyvtar\/files\/2025\/05\/Presentations-284x400.jpg\" alt=\"\" width=\"284\" height=\"400\" srcset=\"https:\/\/semmelweis.hu\/petokonyvtar\/files\/2025\/05\/Presentations-284x400.jpg 284w, https:\/\/semmelweis.hu\/petokonyvtar\/files\/2025\/05\/Presentations-727x1024.jpg 727w, https:\/\/semmelweis.hu\/petokonyvtar\/files\/2025\/05\/Presentations-768x1081.jpg 768w, https:\/\/semmelweis.hu\/petokonyvtar\/files\/2025\/05\/Presentations-1091x1536.jpg 1091w, https:\/\/semmelweis.hu\/petokonyvtar\/files\/2025\/05\/Presentations-1455x2048.jpg 1455w, https:\/\/semmelweis.hu\/petokonyvtar\/files\/2025\/05\/Presentations-753x1060.jpg 753w, https:\/\/semmelweis.hu\/petokonyvtar\/files\/2025\/05\/Presentations-scaled.jpg 1818w\" sizes=\"auto, (max-width: 284px) 100vw, 284px\" \/><\/a><\/td>\n<td style=\"width: 83.2725%\">\n<p>Presentations of the XI-XII World Congresses on Conductive Education \/ [ed. by Ren\u00e1ta F\u00f6ldesi, Istv\u00e1n Kollega Tarsoly, Ibolya T\u00fari] ; [Issued by the Andr\u00e1s Pet\u0151 Faculty of Semmelweis University]. &#8211; Budapest : Semmelweis University, Andr\u00e1s Pet\u0151 Faculty , 2024. &#8211; 160 p. : ill. ; 23 cm<\/p>\n<p>KOPE 525<\/p>\n<p>(Megv\u00e1s\u00e1rolhat\u00f3 a K\u00f6nyvt\u00e1rban, \u00e1ra 3000,- Ft)<\/p>\n<\/td>\n<\/tr>\n<tr>\n<td style=\"width: 16.6545%\"><a href=\"https:\/\/mersz.hu\/kiadvany\/1037\/info\/\"><img loading=\"lazy\" decoding=\"async\" class=\"alignleft  wp-image-1691\" src=\"https:\/\/semmelweis.hu\/petokonyvtar\/files\/2025\/05\/Didaktika_borito.jpg\" alt=\"\" width=\"231\" height=\"327\" \/><\/a><\/td>\n<td style=\"width: 83.2725%\">\n<p>A didaktika k\u00e9zik\u00f6nyve : elm\u00e9leti alapok a tan\u00edt\u00e1s tanul\u00e1s\u00e1hoz \/ f\u0151szerk. Falus Iv\u00e1n, szerk. Sz\u0171cs Ida. &#8211; Budapest : Akad\u00e9miai Kiad\u00f3 , 2022. &#8211; 841 p. : ill. ; 24 cm<\/p>\n<p>371 D 65<\/p>\n<p>(ONLINE v\u00e1ltozat is el\u00e9rhet\u0151 a bor\u00edt\u00f3k\u00e9pre kattintva)<\/p>\n<\/td>\n<\/tr>\n<tr>\n<td style=\"width: 99.927%\" colspan=\"2\">\n<h2><span style=\"font-size: 18pt\">Kutat\u00e1sm\u00f3dszertani szakk\u00f6nyvek<\/span><\/h2>\n<\/td>\n<\/tr>\n<tr>\n<td style=\"width: 16.6545%\">\n<table style=\"width: 97.9239%\">\n<tbody>\n<tr>\n<td><a href=\"https:\/\/semmelweis.hu\/petokonyvtar\/files\/2024\/03\/Empirikus_kutatasok-scaled.jpg\"><img loading=\"lazy\" decoding=\"async\" class=\"alignleft size-medium wp-image-1412\" src=\"https:\/\/semmelweis.hu\/petokonyvtar\/files\/2024\/03\/Empirikus_kutatasok-279x400.jpg\" alt=\"\" width=\"279\" height=\"400\" srcset=\"https:\/\/semmelweis.hu\/petokonyvtar\/files\/2024\/03\/Empirikus_kutatasok-279x400.jpg 279w, https:\/\/semmelweis.hu\/petokonyvtar\/files\/2024\/03\/Empirikus_kutatasok-716x1024.jpg 716w, https:\/\/semmelweis.hu\/petokonyvtar\/files\/2024\/03\/Empirikus_kutatasok-768x1099.jpg 768w, https:\/\/semmelweis.hu\/petokonyvtar\/files\/2024\/03\/Empirikus_kutatasok-1073x1536.jpg 1073w, https:\/\/semmelweis.hu\/petokonyvtar\/files\/2024\/03\/Empirikus_kutatasok-1431x2048.jpg 1431w, https:\/\/semmelweis.hu\/petokonyvtar\/files\/2024\/03\/Empirikus_kutatasok-753x1078.jpg 753w, https:\/\/semmelweis.hu\/petokonyvtar\/files\/2024\/03\/Empirikus_kutatasok-scaled.jpg 1789w\" sizes=\"auto, (max-width: 279px) 100vw, 279px\" \/><\/a><\/td>\n<\/tr>\n<\/tbody>\n<\/table>\n<\/td>\n<td style=\"width: 83.2725%\">\n<p>Falus Iv\u00e1n<\/p>\n<p>Az empirikus kutat\u00e1sok gyakorlata : adatfeldolgoz\u00e1s \u00e9s statisztikai elemz\u00e9s \/ Falus Iv\u00e1n, Oll\u00e9 J\u00e1nos. &#8211; Budapest : Oktat\u00e1skutat\u00f3 \u00e9s Fejleszt\u0151 Int\u00e9zet , 2008. &#8211; 339 p. : ill. ; 24 cm<\/p>\n<p>681 F 15<\/p>\n<\/td>\n<\/tr>\n<tr>\n<td style=\"width: 16.6545%\"><a href=\"https:\/\/semmelweis.hu\/petokonyvtar\/files\/2025\/05\/Mintavetel.jpg\"><img loading=\"lazy\" decoding=\"async\" class=\"alignleft size-medium wp-image-1687\" src=\"https:\/\/semmelweis.hu\/petokonyvtar\/files\/2025\/05\/Mintavetel-291x400.jpg\" alt=\"\" width=\"291\" height=\"400\" srcset=\"https:\/\/semmelweis.hu\/petokonyvtar\/files\/2025\/05\/Mintavetel-291x400.jpg 291w, https:\/\/semmelweis.hu\/petokonyvtar\/files\/2025\/05\/Mintavetel-744x1024.jpg 744w, https:\/\/semmelweis.hu\/petokonyvtar\/files\/2025\/05\/Mintavetel-768x1057.jpg 768w, https:\/\/semmelweis.hu\/petokonyvtar\/files\/2025\/05\/Mintavetel-1117x1536.jpg 1117w, https:\/\/semmelweis.hu\/petokonyvtar\/files\/2025\/05\/Mintavetel-753x1036.jpg 753w, https:\/\/semmelweis.hu\/petokonyvtar\/files\/2025\/05\/Mintavetel.jpg 1384w\" sizes=\"auto, (max-width: 291px) 100vw, 291px\" \/><\/a><\/td>\n<td style=\"width: 83.2725%\">\n<p>S\u00e1ntha K\u00e1lm\u00e1n<\/p>\n<p>Mintav\u00e9tel a kvalitat\u00edv pedag\u00f3giai kutat\u00e1sban \/ S\u00e1ntha K\u00e1lm\u00e1n. &#8211; [Budapest] : Gondolat Kiad\u00f3 , 2006. &#8211; 124 p. : ill. ; 20 cm. &#8211; (Kutat\u00e1s-m\u00f3dszertani Kisk\u00f6nyvt\u00e1r, ISSN 1587-4494 )<\/p>\n<p>37.012 S 17<\/p>\n<\/td>\n<\/tr>\n<tr>\n<td style=\"width: 16.6545%\">\n<table style=\"width: 98.7976%\">\n<tbody>\n<tr>\n<td><a href=\"https:\/\/semmelweis.hu\/petokonyvtar\/files\/2025\/05\/Kvalitativ_tartalomelemzes.png\"><img loading=\"lazy\" decoding=\"async\" class=\"alignleft  wp-image-1686\" src=\"https:\/\/semmelweis.hu\/petokonyvtar\/files\/2025\/05\/Kvalitativ_tartalomelemzes-287x400.png\" alt=\"\" width=\"228\" height=\"318\" srcset=\"https:\/\/semmelweis.hu\/petokonyvtar\/files\/2025\/05\/Kvalitativ_tartalomelemzes-287x400.png 287w, https:\/\/semmelweis.hu\/petokonyvtar\/files\/2025\/05\/Kvalitativ_tartalomelemzes-734x1024.png 734w, https:\/\/semmelweis.hu\/petokonyvtar\/files\/2025\/05\/Kvalitativ_tartalomelemzes-768x1071.png 768w, https:\/\/semmelweis.hu\/petokonyvtar\/files\/2025\/05\/Kvalitativ_tartalomelemzes-1101x1536.png 1101w, https:\/\/semmelweis.hu\/petokonyvtar\/files\/2025\/05\/Kvalitativ_tartalomelemzes-753x1050.png 753w, https:\/\/semmelweis.hu\/petokonyvtar\/files\/2025\/05\/Kvalitativ_tartalomelemzes.png 1386w\" sizes=\"auto, (max-width: 228px) 100vw, 228px\" \/><\/a><\/td>\n<\/tr>\n<\/tbody>\n<\/table>\n<\/td>\n<td style=\"width: 83.2725%\">\n<p>S\u00e1ntha K\u00e1lm\u00e1n<\/p>\n<p>Kvalitat\u00edv tartalomelemz\u00e9s \/ S\u00e1ntha K\u00e1lm\u00e1n. &#8211; Budapest : E\u00f6tv\u00f6s J\u00f3zsef Kiad\u00f3 , 2022. &#8211; 131 p. : ill. ; 24 cm<\/p>\n<p>37.012 S 17<\/p>\n<\/td>\n<\/tr>\n<tr>\n<td style=\"width: 16.6545%\"><a href=\"https:\/\/semmelweis.hu\/petokonyvtar\/files\/2025\/05\/Bevezetes_a_kvalitativ.jpg\"><img loading=\"lazy\" decoding=\"async\" class=\"alignleft  wp-image-1685\" src=\"https:\/\/semmelweis.hu\/petokonyvtar\/files\/2025\/05\/Bevezetes_a_kvalitativ-281x400.jpg\" alt=\"\" width=\"229\" height=\"326\" srcset=\"https:\/\/semmelweis.hu\/petokonyvtar\/files\/2025\/05\/Bevezetes_a_kvalitativ-281x400.jpg 281w, https:\/\/semmelweis.hu\/petokonyvtar\/files\/2025\/05\/Bevezetes_a_kvalitativ-718x1024.jpg 718w, https:\/\/semmelweis.hu\/petokonyvtar\/files\/2025\/05\/Bevezetes_a_kvalitativ-768x1095.jpg 768w, https:\/\/semmelweis.hu\/petokonyvtar\/files\/2025\/05\/Bevezetes_a_kvalitativ-1077x1536.jpg 1077w, https:\/\/semmelweis.hu\/petokonyvtar\/files\/2025\/05\/Bevezetes_a_kvalitativ-753x1073.jpg 753w, https:\/\/semmelweis.hu\/petokonyvtar\/files\/2025\/05\/Bevezetes_a_kvalitativ.jpg 1384w\" sizes=\"auto, (max-width: 229px) 100vw, 229px\" \/><\/a><\/td>\n<td style=\"width: 83.2725%\">\n<p>S\u00e1ntha K\u00e1lm\u00e1n<\/p>\n<p>Bevezet\u00e9s a kvalitat\u00edv pedag\u00f3giai kutat\u00e1s m\u00f3dszertan\u00e1ba \/ S\u00e1ntha K\u00e1lm\u00e1n. &#8211; Budapest : E\u00f6tv\u00f6s J\u00f3zsef Kiad\u00f3 , 2009. &#8211; 162 p. : ill. ; 24 cm<\/p>\n<p>37.012 S 17<\/p>\n<\/td>\n<\/tr>\n<tr>\n<td style=\"width: 16.6545%\">\n<table style=\"width: 98.3723%\">\n<tbody>\n<tr>\n<td><a href=\"https:\/\/semmelweis.hu\/petokonyvtar\/files\/2025\/05\/Triangulacio.png\"><img loading=\"lazy\" decoding=\"async\" class=\"alignleft size-medium wp-image-1684\" src=\"https:\/\/semmelweis.hu\/petokonyvtar\/files\/2025\/05\/Triangulacio-278x400.png\" alt=\"\" width=\"278\" height=\"400\" srcset=\"https:\/\/semmelweis.hu\/petokonyvtar\/files\/2025\/05\/Triangulacio-278x400.png 278w, https:\/\/semmelweis.hu\/petokonyvtar\/files\/2025\/05\/Triangulacio-712x1024.png 712w, https:\/\/semmelweis.hu\/petokonyvtar\/files\/2025\/05\/Triangulacio-768x1104.png 768w, https:\/\/semmelweis.hu\/petokonyvtar\/files\/2025\/05\/Triangulacio-1068x1536.png 1068w, https:\/\/semmelweis.hu\/petokonyvtar\/files\/2025\/05\/Triangulacio-753x1083.png 753w, https:\/\/semmelweis.hu\/petokonyvtar\/files\/2025\/05\/Triangulacio.png 1386w\" sizes=\"auto, (max-width: 278px) 100vw, 278px\" \/><\/a><\/td>\n<\/tr>\n<\/tbody>\n<\/table>\n<\/td>\n<td style=\"width: 83.2725%\">\n<p>S\u00e1ntha K\u00e1lm\u00e1n<\/p>\n<p>Triangul\u00e1ci\u00f3 a pedag\u00f3giai kutat\u00e1sban \/ S\u00e1ntha K\u00e1lm\u00e1n. &#8211; Budapest : E\u00f6tv\u00f6s J\u00f3zsef Kiad\u00f3 , 2015. &#8211; 132 p. : ill. ; 24 cm<\/p>\n<p>37.012 S 17<\/p>\n<\/td>\n<\/tr>\n<tr>\n<td style=\"width: 16.6545%\"><a href=\"https:\/\/semmelweis.hu\/petokonyvtar\/files\/2025\/05\/Kvalitativ_kutatas.jpg\"><img loading=\"lazy\" decoding=\"async\" class=\"alignleft size-medium wp-image-1688\" src=\"https:\/\/semmelweis.hu\/petokonyvtar\/files\/2025\/05\/Kvalitativ_kutatas-275x400.jpg\" alt=\"\" width=\"275\" height=\"400\" srcset=\"https:\/\/semmelweis.hu\/petokonyvtar\/files\/2025\/05\/Kvalitativ_kutatas-275x400.jpg 275w, https:\/\/semmelweis.hu\/petokonyvtar\/files\/2025\/05\/Kvalitativ_kutatas-704x1024.jpg 704w, https:\/\/semmelweis.hu\/petokonyvtar\/files\/2025\/05\/Kvalitativ_kutatas-768x1118.jpg 768w, https:\/\/semmelweis.hu\/petokonyvtar\/files\/2025\/05\/Kvalitativ_kutatas-1056x1536.jpg 1056w, https:\/\/semmelweis.hu\/petokonyvtar\/files\/2025\/05\/Kvalitativ_kutatas-753x1096.jpg 753w, https:\/\/semmelweis.hu\/petokonyvtar\/files\/2025\/05\/Kvalitativ_kutatas.jpg 1384w\" sizes=\"auto, (max-width: 275px) 100vw, 275px\" \/><\/a><\/td>\n<td style=\"width: 83.2725%\">\n<p>Corbin Juliet<\/p>\n<p>The basics of qualitative research (magyar)<\/p>\n<p>A kvalitat\u00edv kutat\u00e1s alapjai : A Grounded Theory elemz\u00e9si m\u00f3dszer technik\u00e1ja \u00e9s elj\u00e1r\u00e1sai. &#8211; 3. kiad.. &#8211; Budapest : L&#8217;Harmattan , 2015. &#8211; 430 p. : ill. ; 23 cm. &#8211; (Pszichol\u00f3gia \u00e9s T\u00e1rsadalom, ISSN 1788-3598 )<\/p>\n<p>37.12 C 28<\/p>\n<\/td>\n<\/tr>\n<tr>\n<td style=\"width: 99.927%\" colspan=\"2\">\n<h2><span style=\"font-size: 18pt\">Neurorehabilit\u00e1ci\u00f3 t\u00e9mak\u00f6rben aj\u00e1nlott k\u00f6nyveink<\/span><\/h2>\n<\/td>\n<\/tr>\n<tr>\n<td style=\"width: 16.6545%\">\n<table style=\"width: 100.506%\">\n<tbody>\n<tr>\n<td><a href=\"https:\/\/semmelweis.hu\/petokonyvtar\/files\/2025\/05\/Neurorehab_alapjai.jpg\"><img loading=\"lazy\" decoding=\"async\" class=\"alignleft  wp-image-1692\" src=\"https:\/\/semmelweis.hu\/petokonyvtar\/files\/2025\/05\/Neurorehab_alapjai-273x400.jpg\" alt=\"\" width=\"241\" height=\"353\" srcset=\"https:\/\/semmelweis.hu\/petokonyvtar\/files\/2025\/05\/Neurorehab_alapjai-273x400.jpg 273w, https:\/\/semmelweis.hu\/petokonyvtar\/files\/2025\/05\/Neurorehab_alapjai-698x1024.jpg 698w, https:\/\/semmelweis.hu\/petokonyvtar\/files\/2025\/05\/Neurorehab_alapjai-768x1126.jpg 768w, https:\/\/semmelweis.hu\/petokonyvtar\/files\/2025\/05\/Neurorehab_alapjai-1047x1536.jpg 1047w, https:\/\/semmelweis.hu\/petokonyvtar\/files\/2025\/05\/Neurorehab_alapjai-753x1104.jpg 753w, https:\/\/semmelweis.hu\/petokonyvtar\/files\/2025\/05\/Neurorehab_alapjai.jpg 1384w\" sizes=\"auto, (max-width: 241px) 100vw, 241px\" \/><\/a><\/td>\n<\/tr>\n<\/tbody>\n<\/table>\n<\/td>\n<td style=\"width: 83.2725%\">\n<p>Fazekas G\u00e1bor<\/p>\n<p>A neurorehabilit\u00e1ci\u00f3 alapjai \/ Fazekas G\u00e1bor, Klauber Andr\u00e1s, Komoly S\u00e1muel. &#8211; Budapest : Medicina K\u00f6nyvkiad\u00f3 , 2021. &#8211; 184 p. : ill., sz\u00ednes ; 24 cm. &#8211; (Mindennapi rehabilit\u00e1ci\u00f3 )<\/p>\n<p>616.89 F 30<\/p>\n<\/td>\n<\/tr>\n<tr>\n<td style=\"width: 16.6545%\"><a href=\"https:\/\/semmelweis.hu\/petokonyvtar\/files\/2025\/05\/Neuro-muszkuloszkeletaris.jpg\"><img loading=\"lazy\" decoding=\"async\" class=\"alignleft size-medium wp-image-1679\" src=\"https:\/\/semmelweis.hu\/petokonyvtar\/files\/2025\/05\/Neuro-muszkuloszkeletaris-280x400.jpg\" alt=\"\" width=\"280\" height=\"400\" srcset=\"https:\/\/semmelweis.hu\/petokonyvtar\/files\/2025\/05\/Neuro-muszkuloszkeletaris-280x400.jpg 280w, https:\/\/semmelweis.hu\/petokonyvtar\/files\/2025\/05\/Neuro-muszkuloszkeletaris-716x1024.jpg 716w, https:\/\/semmelweis.hu\/petokonyvtar\/files\/2025\/05\/Neuro-muszkuloszkeletaris-768x1098.jpg 768w, https:\/\/semmelweis.hu\/petokonyvtar\/files\/2025\/05\/Neuro-muszkuloszkeletaris-1075x1536.jpg 1075w, https:\/\/semmelweis.hu\/petokonyvtar\/files\/2025\/05\/Neuro-muszkuloszkeletaris-1433x2048.jpg 1433w, https:\/\/semmelweis.hu\/petokonyvtar\/files\/2025\/05\/Neuro-muszkuloszkeletaris-753x1076.jpg 753w, https:\/\/semmelweis.hu\/petokonyvtar\/files\/2025\/05\/Neuro-muszkuloszkeletaris.jpg 1735w\" sizes=\"auto, (max-width: 280px) 100vw, 280px\" \/><\/a><\/td>\n<td style=\"width: 83.2725%\">\n<p>A neuro-muszkul\u00f3szkelet\u00e1lis rehabilit\u00e1ci\u00f3 alapjai : Egyetemi tank\u00f6nyv \/ Szerkesztette Fazekas G\u00e1bor, Cserh\u00e1ti P\u00e9ter, D\u00e9nes Zolt\u00e1n. &#8211; Budapest : Medicina K\u00f6nyvkiad\u00f3 Zrt. , 2024. &#8211; 168 p. : ill. ; 24 cm<\/p>\n<p>615.8 N 72<\/p>\n<\/td>\n<\/tr>\n<tr>\n<td style=\"width: 16.6545%\"><a href=\"https:\/\/semmelweis.hu\/petokonyvtar\/files\/2025\/05\/Legzesrehab.jpg\"><img loading=\"lazy\" decoding=\"async\" class=\"alignleft size-medium wp-image-1693\" src=\"https:\/\/semmelweis.hu\/petokonyvtar\/files\/2025\/05\/Legzesrehab-281x400.jpg\" alt=\"\" width=\"281\" height=\"400\" srcset=\"https:\/\/semmelweis.hu\/petokonyvtar\/files\/2025\/05\/Legzesrehab-281x400.jpg 281w, https:\/\/semmelweis.hu\/petokonyvtar\/files\/2025\/05\/Legzesrehab-719x1024.jpg 719w, https:\/\/semmelweis.hu\/petokonyvtar\/files\/2025\/05\/Legzesrehab-768x1094.jpg 768w, https:\/\/semmelweis.hu\/petokonyvtar\/files\/2025\/05\/Legzesrehab-1078x1536.jpg 1078w, https:\/\/semmelweis.hu\/petokonyvtar\/files\/2025\/05\/Legzesrehab-753x1073.jpg 753w, https:\/\/semmelweis.hu\/petokonyvtar\/files\/2025\/05\/Legzesrehab.jpg 1401w\" sizes=\"auto, (max-width: 281px) 100vw, 281px\" \/><\/a><\/td>\n<td style=\"width: 83.2725%\">\n<p>A l\u00e9gz\u00e9srehabilit\u00e1ci\u00f3 elm\u00e9lete \u00e9s gyakorlata \/ szerk. Lengyel L\u00e1szl\u00f3. &#8211; Budapest : Medicina K\u00f6nyvkiad\u00f3 , 2014. &#8211; 403 p : ill. ; 24 cm<\/p>\n<p>615.8 L 43<\/p>\n<\/td>\n<\/tr>\n<tr>\n<td style=\"width: 16.6545%\"><a href=\"https:\/\/semmelweis.hu\/petokonyvtar\/files\/2025\/05\/Mozgasszervi_betegek-scaled.jpg\"><img loading=\"lazy\" decoding=\"async\" class=\"alignleft size-medium wp-image-1676\" src=\"https:\/\/semmelweis.hu\/petokonyvtar\/files\/2025\/05\/Mozgasszervi_betegek-281x400.jpg\" alt=\"\" width=\"281\" height=\"400\" srcset=\"https:\/\/semmelweis.hu\/petokonyvtar\/files\/2025\/05\/Mozgasszervi_betegek-281x400.jpg 281w, https:\/\/semmelweis.hu\/petokonyvtar\/files\/2025\/05\/Mozgasszervi_betegek-720x1024.jpg 720w, https:\/\/semmelweis.hu\/petokonyvtar\/files\/2025\/05\/Mozgasszervi_betegek-768x1092.jpg 768w, https:\/\/semmelweis.hu\/petokonyvtar\/files\/2025\/05\/Mozgasszervi_betegek-1080x1536.jpg 1080w, https:\/\/semmelweis.hu\/petokonyvtar\/files\/2025\/05\/Mozgasszervi_betegek-1440x2048.jpg 1440w, https:\/\/semmelweis.hu\/petokonyvtar\/files\/2025\/05\/Mozgasszervi_betegek-753x1071.jpg 753w, https:\/\/semmelweis.hu\/petokonyvtar\/files\/2025\/05\/Mozgasszervi_betegek-scaled.jpg 1801w\" sizes=\"auto, (max-width: 281px) 100vw, 281px\" \/><\/a><\/td>\n<td style=\"width: 83.2725%\">\n<p>B\u00e1lint G\u00e9za<\/p>\n<p>Mozg\u00e1sszervi betegek \u00e9s s\u00e9r\u00fcltek rehabilit\u00e1ci\u00f3ja \/ B\u00e1lint G\u00e9za [et al.]. &#8211; Budapest : Medicina K\u00f6nyvkiad\u00f3\u00a0 , 2023. &#8211; 472 p. : ill. ; 24 cm. &#8211; (Mindennapi rehabilit\u00e1ci\u00f3 )<\/p>\n<p>615.8 B 20<\/p>\n<\/td>\n<\/tr>\n<tr>\n<td style=\"width: 16.6545%\"><a href=\"https:\/\/semmelweis.hu\/petokonyvtar\/files\/2025\/05\/Rehabili_es_fizikalis.jpg\"><img loading=\"lazy\" decoding=\"async\" class=\"alignleft size-medium wp-image-1683\" src=\"https:\/\/semmelweis.hu\/petokonyvtar\/files\/2025\/05\/Rehabili_es_fizikalis-287x400.jpg\" alt=\"\" width=\"287\" height=\"400\" srcset=\"https:\/\/semmelweis.hu\/petokonyvtar\/files\/2025\/05\/Rehabili_es_fizikalis-287x400.jpg 287w, https:\/\/semmelweis.hu\/petokonyvtar\/files\/2025\/05\/Rehabili_es_fizikalis-736x1024.jpg 736w, https:\/\/semmelweis.hu\/petokonyvtar\/files\/2025\/05\/Rehabili_es_fizikalis-768x1069.jpg 768w, https:\/\/semmelweis.hu\/petokonyvtar\/files\/2025\/05\/Rehabili_es_fizikalis-1104x1536.jpg 1104w, https:\/\/semmelweis.hu\/petokonyvtar\/files\/2025\/05\/Rehabili_es_fizikalis-753x1048.jpg 753w, https:\/\/semmelweis.hu\/petokonyvtar\/files\/2025\/05\/Rehabili_es_fizikalis.jpg 1386w\" sizes=\"auto, (max-width: 287px) 100vw, 287px\" \/><\/a><\/td>\n<td style=\"width: 83.2725%\">\n<p>A rehabilit\u00e1ci\u00f3s \u00e9s fizik\u00e1lis medicina m\u00f3dszertana \/ szerk. Vekerdy-Nagy Zsuzsanna [et al.]. &#8211; Budapest : Medicina K\u00f6nyvkiad\u00f3, 2023. &#8211; XII, 692 p. : ill., sz\u00ednes ; 29 cm<\/p>\n<p>615.8 R 50<\/p>\n<\/td>\n<\/tr>\n<tr>\n<td style=\"width: 16.6545%\">\n<table style=\"width: 98.3883%\">\n<tbody>\n<tr>\n<td><a href=\"https:\/\/semmelweis.hu\/petokonyvtar\/files\/2023\/02\/rehab.png\"><img loading=\"lazy\" decoding=\"async\" class=\"alignleft size-medium wp-image-921\" src=\"https:\/\/semmelweis.hu\/petokonyvtar\/files\/2023\/02\/rehab-317x400.png\" alt=\"\" width=\"317\" height=\"400\" srcset=\"https:\/\/semmelweis.hu\/petokonyvtar\/files\/2023\/02\/rehab-317x400.png 317w, https:\/\/semmelweis.hu\/petokonyvtar\/files\/2023\/02\/rehab.png 578w\" sizes=\"auto, (max-width: 317px) 100vw, 317px\" \/><\/a><\/td>\n<\/tr>\n<\/tbody>\n<\/table>\n<\/td>\n<td style=\"width: 83.2725%\">\n<p>A rehabilit\u00e1ci\u00f3s pszichol\u00f3gia szakter\u00fcletei \/ [szerk. M\u00e9sz\u00e1ros Gabriella, Kov\u00e1cs P\u00e9ter]. &#8211; Budapest : Aura Kiad\u00f3 , 2022. &#8211; 207 p. : ill., sz\u00ednes ; 20 cm. &#8211; (Rehabilit\u00e1ci\u00f3s f\u00fczetek ; 4. )<\/p>\n<p>615.8 R 50<\/p>\n<\/td>\n<\/tr>\n<\/tbody>\n<\/table>\n","protected":false},"excerpt":{"rendered":"<p>A konduktork\u00e9pz\u00e9shez kapcsol\u00f3d\u00f3 szakirodalom K\u00f6nyvbor\u00edt\u00f3 Le\u00edr\u00e1s \u00e9s rakt\u00e1ri jelzet <a href=\"https:\/\/semmelweis.hu\/petokonyvtar\/files\/2024\/11\/PePszi-scaled.jpg\"><\/a> Az \u00e9rz\u00e9kel\u00e9st\u0151l a csoportmunk\u00e1ig : Komplex pedag\u00f3gia\u2013pszichol\u00f3gia szigorlati seg\u00e9danyag \/ [Szerk. Balogh Brigitta, Csik\u00f3s G\u00e1bor, Kollega Tarsoly Istv\u00e1n, Zsebe Andrea]. &#8211; Budapest : Semmelweis Egyetem Pet\u0151 Andr\u00e1s Kar , 2024. &#8211; 224 p. ; 24 cm. &#8211; (A konduktork\u00e9pz\u00e9s jegyzetei ) KOPE 527 (Megv\u00e1s\u00e1rolhat\u00f3 a K\u00f6nyvt\u00e1rban, &hellip;<\/p>\n","protected":false},"author":101866,"featured_media":0,"parent":0,"menu_order":2,"comment_status":"closed","ping_status":"closed","template":"","meta":{"_acf_changed":false,"footnotes":""},"categories":[7],"tags":[],"class_list":["post-1672","page","type-page","status-publish","hentry","category-informacioforrasok"],"acf":[],"_links":{"self":[{"href":"https:\/\/semmelweis.hu\/petokonyvtar\/wp-json\/wp\/v2\/pages\/1672","targetHints":{"allow":["GET"]}}],"collection":[{"href":"https:\/\/semmelweis.hu\/petokonyvtar\/wp-json\/wp\/v2\/pages"}],"about":[{"href":"https:\/\/semmelweis.hu\/petokonyvtar\/wp-json\/wp\/v2\/types\/page"}],"author":[{"embeddable":true,"href":"https:\/\/semmelweis.hu\/petokonyvtar\/wp-json\/wp\/v2\/users\/101866"}],"replies":[{"embeddable":true,"href":"https:\/\/semmelweis.hu\/petokonyvtar\/wp-json\/wp\/v2\/comments?post=1672"}],"version-history":[{"count":10,"href":"https:\/\/semmelweis.hu\/petokonyvtar\/wp-json\/wp\/v2\/pages\/1672\/revisions"}],"predecessor-version":[{"id":1712,"href":"https:\/\/semmelweis.hu\/petokonyvtar\/wp-json\/wp\/v2\/pages\/1672\/revisions\/1712"}],"wp:attachment":[{"href":"https:\/\/semmelweis.hu\/petokonyvtar\/wp-json\/wp\/v2\/media?parent=1672"}],"wp:term":[{"taxonomy":"category","embeddable":true,"href":"https:\/\/semmelweis.hu\/petokonyvtar\/wp-json\/wp\/v2\/categories?post=1672"},{"taxonomy":"post_tag","embeddable":true,"href":"https:\/\/semmelweis.hu\/petokonyvtar\/wp-json\/wp\/v2\/tags?post=1672"}],"curies":[{"name":"wp","href":"https:\/\/api.w.org\/{rel}","templated":true}]}}