{"id":522,"date":"2020-04-27T14:39:30","date_gmt":"2020-04-27T12:39:30","guid":{"rendered":"http:\/\/semmelweis.hu\/peto-pedint\/?page_id=522"},"modified":"2025-09-24T13:02:53","modified_gmt":"2025-09-24T11:02:53","slug":"egyuttmukodes-munkacsoportokkal","status":"publish","type":"page","link":"https:\/\/semmelweis.hu\/peto-pedint\/szolgaltatasaink\/egyuttmukodes-munkacsoportokkal\/","title":{"rendered":"Munkak\u00f6z\u00f6ss\u00e9g\u00fcnk"},"content":{"rendered":"<p style=\"text-align: center\"><strong>Utaz\u00f3 Konduktorok Orsz\u00e1gos Munkak\u00f6z\u00f6ss\u00e9ge<\/strong><\/p>\n<p><img loading=\"lazy\" decoding=\"async\" class=\"wp-image-2179 size-large aligncenter\" src=\"https:\/\/semmelweis.hu\/peto-pedint\/files\/2022\/02\/utazokonduktor-1024x381.jpg\" alt=\"\" width=\"753\" height=\"280\" srcset=\"https:\/\/semmelweis.hu\/peto-pedint\/files\/2022\/02\/utazokonduktor-1024x381.jpg 1024w, https:\/\/semmelweis.hu\/peto-pedint\/files\/2022\/02\/utazokonduktor-400x149.jpg 400w, https:\/\/semmelweis.hu\/peto-pedint\/files\/2022\/02\/utazokonduktor-768x285.jpg 768w, https:\/\/semmelweis.hu\/peto-pedint\/files\/2022\/02\/utazokonduktor-1536x571.jpg 1536w, https:\/\/semmelweis.hu\/peto-pedint\/files\/2022\/02\/utazokonduktor-753x280.jpg 753w, https:\/\/semmelweis.hu\/peto-pedint\/files\/2022\/02\/utazokonduktor.jpg 2048w\" sizes=\"auto, (max-width: 753px) 100vw, 753px\" \/><\/p>\n<p style=\"text-align: justify\">A kondukt\u00edv nevel\u00e9s rendszer\u00e9ben n\u00e9h\u00e1ny \u00e9ve \u00faj elemk\u00e9nt jelent meg az utaz\u00f3tan\u00e1ri, utaz\u00f3 konduktori ell\u00e1t\u00e1s, melynek keret\u00e9ben <strong>t\u00f6bbs\u00e9gi \u00f3vod\u00e1kban, iskol\u00e1kban a saj\u00e1tos nevel\u00e9si ig\u00e9ny\u0171 gyermekek helyben kapj\u00e1k meg a sz\u00e1mukra sz\u00fcks\u00e9ges szakembert\u0151l a fejleszt\u00e9st. <\/strong>Az SE Pet\u0151 Andr\u00e1s Kar \u00e9s jogel\u0151djeiben 2004-ben indult el az utaz\u00f3 konduktori ell\u00e1t\u00e1s, mely m\u00e1ra \u00f6n\u00e1ll\u00f3 szervezeti egys\u00e9g keret\u00e9ben m\u0171k\u00f6dik az SE Pet\u0151 Andr\u00e1s <a href=\"https:\/\/semmelweis.hu\/peto-ekpmi\/utazokonduktori-intezmenyegyseg\/\" target=\"_blank\" rel=\"noopener noreferrer\">EKPMI-ben<\/a>.<\/p>\n<p style=\"text-align: justify\">Jelenleg Magyarorsz\u00e1gon az Egys\u00e9ges Gy\u00f3gypedag\u00f3giai K\u00f6zpontokban dolgoz\u00f3 konduktorok egyik feladata az utaz\u00f3 konduktori ell\u00e1t\u00e1s. Az utaz\u00f3 konduktorok t\u00f6bbs\u00e9ge egyed\u00fcli konduktork\u00e9nt l\u00e1tja el ezeket a feladatokat heterog\u00e9n teamben. <strong>A munkak\u00f6z\u00f6ss\u00e9g olyan platform, melyben az \u0151ket \u00e9rint\u0151 napi k\u00e9rd\u00e9sek ker\u00fclnek megvitat\u00e1sra.<\/strong><br \/>\nA munkak\u00f6z\u00f6ss\u00e9g hivatalosan 2016. okt\u00f3ber 20.-\u00e1n alakult meg \u00e9s m\u00e1ra m\u00e1r egy hagyom\u00e1nyokkal rendelkez\u0151 szakmai k\u00f6z\u00f6ss\u00e9gg\u00e9 n\u0151tte ki mag\u00e1t.<\/p>\n<div class=\"keretes w-100\">\n<h4><strong>Utaz\u00f3 Konduktorok Orsz\u00e1gos Munkak\u00f6z\u00f6ss\u00e9ge vezet\u00e9se, m\u0171k\u00f6dtet\u00e9se<\/strong><\/h4>\n<p><strong>A szolg\u00e1ltat\u00e1s c\u00e9lcsoportja: <\/strong>Utaz\u00f3 konduktorok, \u00e9s a vel\u00fck teamben dolgoz\u00f3 szakemberek<\/p>\n<p><strong>A szolg\u00e1ltat\u00e1s szervez\u0151i: <\/strong>Csizy Csilla, Muzslai-B\u00edzik Hanna, Kazatsay Bernadett, Perge Krisztina<\/p>\n<p><strong>A szakmai szolg\u00e1ltat\u00e1s fajt\u00e1ja: <\/strong><a href=\"https:\/\/semmelweis.hu\/peto-pedint\/szolgaltatasaink\/\" target=\"_blank\" rel=\"noopener noreferrer\">Pedag\u00f3gusok k\u00e9pz\u00e9s\u00e9nek, tov\u00e1bbk\u00e9pz\u00e9s\u00e9nek \u00e9s \u00f6nk\u00e9pz\u00e9s\u00e9nek seg\u00edt\u00e9se, szervez\u00e9se \u2192<\/a><\/p>\n<\/div>\n<h4><strong>LEZAJLOTT RENDEZV\u00c9NYEINK:<\/strong><\/h4>\n<ul>\n<li>2025.03.20.- <a href=\"https:\/\/semmelweis.hu\/peto-pedint\/2025\/02\/18\/utazo-konduktorok-ix-szakmai-talalkozoja\/\" target=\"_blank\" rel=\"noopener\">Utaz\u00f3 Konduktorok IX. Szakmai Tal\u00e1lkoz\u00f3ja \u2192<\/a>\u00a0Besz\u00e9dfogyat\u00e9kos gyermekek utaz\u00f3 gy\u00f3gypedag\u00f3gusi, utaz\u00f3 konduktori ell\u00e1t\u00e1sa<br \/>\n<a href=\"https:\/\/semmelweis.hu\/peto-pedint\/2025\/03\/25\/utazo-konduktori-talalkozo-beszamoloja\/\" target=\"_blank\" rel=\"noopener\">A tal\u00e1lkoz\u00f3r\u00f3l k\u00e9sz\u00fclt besz\u00e1mol\u00f3\u2192<\/a><\/li>\n<li>2024.04.25.-\u00a0<a href=\"https:\/\/semmelweis.hu\/peto-pedint\/2024\/04\/05\/utazo-konduktorok-viii-szakmai-talalkozoja\/\" target=\"_blank\" rel=\"noopener\">Utaz\u00f3 Konduktorok VIII. Szakmai Tal\u00e1lkoz\u00f3ja\u2192<\/a> K\u00fcl\u00f6nleges k\u00f3rk\u00e9pek ell\u00e1t\u00e1sa IV. \u2013\u00a0Ritka betegs\u00e9gek, szindr\u00f3m\u00e1k kondukt\u00edv fejleszt\u00e9se<br \/>\n<a href=\"https:\/\/semmelweis.hu\/peto-pedint\/2024\/04\/29\/utazo-konduktori-konferencia-beszamoloja\/\" target=\"_blank\" rel=\"noopener\">A tal\u00e1lkoz\u00f3r\u00f3l k\u00e9sz\u00fclt besz\u00e1mol\u00f3\u2192<\/a><\/li>\n<li>2023.11.16.- <a href=\"https:\/\/semmelweis.hu\/peto-pedint\/2023\/10\/04\/utazo-konduktorok-vii-szakmai-talalkozoja\/\" target=\"_blank\" rel=\"noopener\">Utaz\u00f3 konduktorok VII. szakmai tal\u00e1lkoz\u00f3ja\u2192\u00a0<\/a>K\u00fcl\u00f6nleges k\u00f3rk\u00e9pek ell\u00e1t\u00e1sa III.\u00a0 \u2013 Pervaz\u00edv fejl\u0151d\u00e9si zavarral \u00e9l\u0151k kondukt\u00edv fejleszt\u00e9se<\/li>\n<li style=\"text-align: justify\">2019.11.14.- K\u00f3rk\u00e9p kaleidoszk\u00f3p, k\u00fcl\u00f6nleges k\u00f3rk\u00e9pek ell\u00e1t\u00e1sa II. F83 Kevert specifikus fejl\u0151d\u00e9si zavarok <a href=\"https:\/\/semmelweis.hu\/peto-pedint\/files\/2020\/09\/2019.11.14.-UK-munkacsop-6.pdf\" target=\"_blank\" rel=\"noopener noreferrer\">megh\u00edv\u00f3 (pdf)<\/a><\/li>\n<li style=\"text-align: justify\">2019.04.10.- K\u00f3rk\u00e9p kaleidoszk\u00f3p, k\u00fcl\u00f6nleges k\u00f3rk\u00e9pek ell\u00e1t\u00e1sa I. A Myopathi\u00e1k <a href=\"https:\/\/semmelweis.hu\/peto-pedint\/files\/2020\/09\/2019.04.10.-UK-munkacsop-5.pdf\" target=\"_blank\" rel=\"noopener noreferrer\">megh\u00edv\u00f3 (pdf)<\/a><\/li>\n<li style=\"text-align: justify\">2018.03.22.- Az utaz\u00f3 tan\u00e1ri \u2013 utaz\u00f3 konduktori ell\u00e1t\u00e1s \u00e1gazati helyzete haz\u00e1nkban <a href=\"https:\/\/semmelweis.hu\/peto-pedint\/files\/2020\/09\/2018.03.22.-UK-munkacsop-4.pdf\" target=\"_blank\" rel=\"noopener noreferrer\">megh\u00edv\u00f3 (pdf)<\/a><\/li>\n<li style=\"text-align: justify\">2017.04.12.- Az utaz\u00f3 konduktori ell\u00e1t\u00e1s t\u00f6rv\u00e9nyi vonatkoz\u00e1sai \u00e9s dokument\u00e1ci\u00f3ja <a href=\"https:\/\/semmelweis.hu\/peto-pedint\/files\/2020\/09\/2017.04.12.-UK-munkacsop-2.pdf\" target=\"_blank\" rel=\"noopener noreferrer\">megh\u00edv\u00f3 (pdf)<\/a><\/li>\n<li style=\"text-align: justify\">2016.10.20.- Az Orsz\u00e1gos Utaz\u00f3 Konduktori Munkak\u00f6z\u00f6ss\u00e9g megalak\u00edt\u00e1sa <a href=\"https:\/\/semmelweis.hu\/peto-pedint\/files\/2020\/09\/2016.10.20.-UK-munkacsop-1.pdf\" target=\"_blank\" rel=\"noopener noreferrer\">megh\u00edv\u00f3 (pdf)<\/a><\/li>\n<\/ul>\n","protected":false},"excerpt":{"rendered":"<p>Utaz\u00f3 Konduktorok Orsz\u00e1gos Munkak\u00f6z\u00f6ss\u00e9ge A kondukt\u00edv nevel\u00e9s rendszer\u00e9ben n\u00e9h\u00e1ny \u00e9ve \u00faj elemk\u00e9nt jelent meg az utaz\u00f3tan\u00e1ri, utaz\u00f3 konduktori ell\u00e1t\u00e1s, melynek keret\u00e9ben t\u00f6bbs\u00e9gi \u00f3vod\u00e1kban, iskol\u00e1kban a saj\u00e1tos nevel\u00e9si ig\u00e9ny\u0171 gyermekek helyben kapj\u00e1k meg a sz\u00e1mukra sz\u00fcks\u00e9ges szakembert\u0151l a fejleszt\u00e9st. Az SE Pet\u0151 Andr\u00e1s Kar \u00e9s jogel\u0151djeiben 2004-ben indult el az utaz\u00f3 konduktori ell\u00e1t\u00e1s, mely m\u00e1ra \u00f6n\u00e1ll\u00f3 &hellip;<\/p>\n","protected":false},"author":101716,"featured_media":0,"parent":226,"menu_order":7,"comment_status":"closed","ping_status":"closed","template":"","meta":{"_acf_changed":false,"footnotes":""},"categories":[],"tags":[],"class_list":["post-522","page","type-page","status-publish","hentry"],"acf":[],"_links":{"self":[{"href":"https:\/\/semmelweis.hu\/peto-pedint\/wp-json\/wp\/v2\/pages\/522","targetHints":{"allow":["GET"]}}],"collection":[{"href":"https:\/\/semmelweis.hu\/peto-pedint\/wp-json\/wp\/v2\/pages"}],"about":[{"href":"https:\/\/semmelweis.hu\/peto-pedint\/wp-json\/wp\/v2\/types\/page"}],"author":[{"embeddable":true,"href":"https:\/\/semmelweis.hu\/peto-pedint\/wp-json\/wp\/v2\/users\/101716"}],"replies":[{"embeddable":true,"href":"https:\/\/semmelweis.hu\/peto-pedint\/wp-json\/wp\/v2\/comments?post=522"}],"version-history":[{"count":11,"href":"https:\/\/semmelweis.hu\/peto-pedint\/wp-json\/wp\/v2\/pages\/522\/revisions"}],"predecessor-version":[{"id":4634,"href":"https:\/\/semmelweis.hu\/peto-pedint\/wp-json\/wp\/v2\/pages\/522\/revisions\/4634"}],"up":[{"embeddable":true,"href":"https:\/\/semmelweis.hu\/peto-pedint\/wp-json\/wp\/v2\/pages\/226"}],"wp:attachment":[{"href":"https:\/\/semmelweis.hu\/peto-pedint\/wp-json\/wp\/v2\/media?parent=522"}],"wp:term":[{"taxonomy":"category","embeddable":true,"href":"https:\/\/semmelweis.hu\/peto-pedint\/wp-json\/wp\/v2\/categories?post=522"},{"taxonomy":"post_tag","embeddable":true,"href":"https:\/\/semmelweis.hu\/peto-pedint\/wp-json\/wp\/v2\/tags?post=522"}],"curies":[{"name":"wp","href":"https:\/\/api.w.org\/{rel}","templated":true}]}}