{"id":5,"date":"2020-03-18T15:45:55","date_gmt":"2020-03-18T14:45:55","guid":{"rendered":"http:\/\/semmelweis.hu\/peto-pedint\/?page_id=5"},"modified":"2026-02-17T11:43:33","modified_gmt":"2026-02-17T10:43:33","slug":"a-pedagogiai-intezetrol","status":"publish","type":"page","link":"https:\/\/semmelweis.hu\/peto-pedint\/a-pedagogiai-intezetrol\/","title":{"rendered":"Az SE Pet\u0151 Andr\u00e1s Pedag\u00f3giai Int\u00e9zet\u00e9r\u0151l"},"content":{"rendered":"<div class=\"keretes w-100\">\n<p style=\"text-align: justify\"><strong>Int\u00e9zet\u00fcnk m\u0171k\u00f6d\u00e9s\u00e9nek alapjait 1986-ban fektett\u00e9k le, amikor a Mozg\u00e1ss\u00e9r\u00fcltek Pet\u0151 Andr\u00e1s Nevel\u0151k\u00e9pz\u0151 \u00e9s Nevel\u0151int\u00e9zet\u00e9ben megalakult a h\u00e1l\u00f3zatszervez\u00e9si oszt\u00e1ly. Ennek a szervezeti egys\u00e9gnek a keret\u00e9ben k\u00e9t f\u0151\u00e1ll\u00e1s\u00fa munkat\u00e1rs, egy adminisztr\u00e1tor \u00e9s 13 szaktan\u00e1csad\u00f3 kezdte meg a Pet\u0151n k\u00edv\u00fcli, magyarorsz\u00e1gi kondukt\u00edv pedag\u00f3giai h\u00e1l\u00f3zat kialak\u00edt\u00e1s\u00e1t \u0150rfalvy Alad\u00e1rn\u00e9 vezet\u00e9s\u00e9vel. 1991-ben megalakult a Szakmai Szolg\u00e1ltat\u00f3 K\u00f6zpont, melynek els\u0151dleges feladata volt, hogy szolg\u00e1ltat\u00e1sainak meg\u00faj\u00edt\u00e1s\u00e1val seg\u00edtse a kialakult rendszert.<\/strong><\/p>\n<p style=\"text-align: justify\"><strong>A Semmelweis Egyetem Pet\u0151 Andr\u00e1s Pedag\u00f3giai Int\u00e9zete 2014. szeptember 1-\u00e9n alakult meg. Az int\u00e9zet kiemelt c\u00e9lja a kondukt\u00edv nevel\u00e9sben dolgoz\u00f3 szakemberek \u00e9s a kondukt\u00edv nevel\u00e9sben r\u00e9sztvev\u0151 gyerekek \u00e9s csal\u00e1djaik t\u00e1mogat\u00e1sa, t\u00e1gabb \u00e9rtelemben az egy\u00fcttnevel\u00e9s \u00e9s t\u00e1rsadalmi egy\u00fctt\u00e9l\u00e9s el\u0151mozd\u00edt\u00e1sa. T\u00f6rv\u00e9nyi alapfeladatait \u00e9s a fenntart\u00f3 \u00e1ltal kijel\u00f6lt egy\u00e9b feladatokat is ennek a kiemelt c\u00e9lnak a szeml\u00e9letm\u00f3dj\u00e1ban l\u00e1tja el.<\/strong><\/p>\n<p style=\"text-align: justify\"><strong>Az int\u00e9zet a konduktorok, a CP-vel \u00e9l\u0151 gyermekek \u00e9s csal\u00e1djaik, valamint a CP-vel \u00e9l\u0151 gyermekekkel dolgoz\u00f3 pedag\u00f3gusok, egy\u00e9b szakemberek sz\u00e1m\u00e1ra biztos\u00edt pedag\u00f3giai szakmai szolg\u00e1ltat\u00e1st. A fenntart\u00f3 feladatainak megfelel\u0151en felk\u00e9r\u00e9sre r\u00e9szt vesz a fels\u0151oktat\u00e1si k\u00e9pz\u00e9sben gyakorlatok szervez\u00e9s\u00e9vel, elm\u00e9leti \u00e9s t\u00e1j\u00e9koztat\u00f3 el\u0151ad\u00e1sok megtart\u00e1s\u00e1val.<\/strong><\/p>\n<\/div>\n<p>&nbsp;<\/p>\n<h6><strong>Azonos\u00edt\u00f3 adatok<\/strong><\/h6>\n<p style=\"text-align: justify\"><strong>N\u00e9v:<\/strong> Semmelweis Egyetem Pet\u0151 Andr\u00e1s Pedag\u00f3giai Int\u00e9zete<br \/>\n<strong>R\u00f6vid\u00edtett n\u00e9v:<\/strong> SE PAPI<br \/>\n<strong>Sz\u00e9khely:<\/strong> 1125 Budapest, K\u00fatv\u00f6lgyi \u00fat 8.<br \/>\n<strong>Az int\u00e9zm\u00e9ny t\u00edpusa:<\/strong> k\u00f6znevel\u00e9s, pedag\u00f3giai szakmai szolg\u00e1ltat\u00f3 int\u00e9zm\u00e9ny<br \/>\n<strong>M\u0171k\u00f6d\u00e9si hat\u00f3k\u00f6r:<\/strong> orsz\u00e1gos<br \/>\n<strong>Alap\u00edt\u00f3:<\/strong> Emberi Er\u0151forr\u00e1sok Miniszt\u00e9riuma, 1054 Budapest, Akad\u00e9mia utca 3.<br \/>\n<strong>Az Alap\u00edt\u00f3 Okirat kelte:<\/strong> 2014. augusztus 29. (Hat\u00e1lyos 2014. szeptember 1 \u2013t\u0151l.)<br \/>\n<strong>Fenntart\u00f3:<\/strong> Semmelweis Egyetem, 1085 Budapest \u00dcll\u0151i \u00fat 26.<br \/>\n<strong>A fenntart\u00f3 t\u00edpusa:<\/strong> vagyonkezel\u0151 fenntart\u00e1s\u00e1ban m\u0171k\u00f6d\u0151 fels\u0151oktat\u00e1si int\u00e9zm\u00e9ny<br \/>\n<strong>K\u00f6znevel\u00e9si alapfeladat:<\/strong> pedag\u00f3giai-szakmai szolg\u00e1ltat\u00e1s<br \/>\n<strong>Nyilv\u00e1ntart\u00e1si sz\u00e1m:<\/strong> A48<br \/>\n<strong>OM azonos\u00edt\u00f3 sz\u00e1m:<\/strong> 203002<\/p>\n<hr \/>\n<h6 style=\"text-align: justify\"><a href=\"https:\/\/semmelweis.hu\/peto-pedint\/szolgaltatasaink\/\" target=\"_blank\" rel=\"noopener\"><strong>A pedag\u00f3giai-szakmai szolg\u00e1ltat\u00e1sok rendszere \u2192<\/strong><\/a><\/h6>\n<ul style=\"list-style-type: disc\">\n<li>pedag\u00f3giai \u00e9rt\u00e9kel\u00e9s,<\/li>\n<li>szaktan\u00e1csad\u00e1s, tant\u00e1rgygondoz\u00e1s,<\/li>\n<li>pedag\u00f3giai t\u00e1j\u00e9koztat\u00e1s,<\/li>\n<li>tan\u00fcgy-igazgat\u00e1si szolg\u00e1ltat\u00e1s,<\/li>\n<li>pedag\u00f3gusok k\u00e9pz\u00e9s\u00e9nek, tov\u00e1bbk\u00e9pz\u00e9s\u00e9nek \u00e9s \u00f6nk\u00e9pz\u00e9s\u00e9nek seg\u00edt\u00e9se, szervez\u00e9se,<\/li>\n<li>tanul\u00f3t\u00e1j\u00e9koztat\u00f3, -tan\u00e1csad\u00f3 szolg\u00e1lat,<\/li>\n<li>tanulm\u00e1nyi, sport- \u00e9s tehets\u00e9ggondoz\u00f3 versenyek szervez\u00e9se, \u00f6sszehangol\u00e1sa,<\/li>\n<li>lemorzsol\u00f3d\u00e1ssal vesz\u00e9lyeztetett tanul\u00f3k t\u00e1mogat\u00e1s\u00e1hoz kapcsol\u00f3d\u00f3 korai jelz\u0151- \u00e9s pedag\u00f3giai t\u00e1mogat\u00f3 rendszer m\u0171k\u00f6dtet\u00e9se.<\/li>\n<\/ul>\n<hr \/>\n<h6><strong>A m\u0171k\u00f6d\u00e9st meghat\u00e1roz\u00f3 t\u00f6rv\u00e9nyek, rendeletek \u00e9s jogszab\u00e1lyok<\/strong><\/h6>\n<ul>\n<li style=\"text-align: justify\">2011. \u00e9vi CXC. t\u00f6rv\u00e9ny a nemzeti k\u00f6znevel\u00e9sr\u0151l \u00e9s m\u00f3dos\u00edt\u00e1sai<\/li>\n<li style=\"text-align: justify\">229\/2012. (VIII. 28.) Korm. rendelet a nemzeti k\u00f6znevel\u00e9sr\u0151l sz\u00f3l\u00f3 t\u00f6rv\u00e9ny v\u00e9grehajt\u00e1s\u00e1r\u00f3l<\/li>\n<li>48\/2012. (XII. 12.) EMMI rendelete a pedag\u00f3giai-szakmai szolg\u00e1ltat\u00e1sokr\u00f3l, a pedag\u00f3giai-szakmai szolg\u00e1ltat\u00e1sokat ell\u00e1t\u00f3 int\u00e9zm\u00e9nyekr\u0151l \u00e9s a pedag\u00f3giai-szakmai szolg\u00e1ltat\u00e1sokban val\u00f3 k\u00f6zrem\u0171k\u00f6d\u00e9s felt\u00e9teleir\u0151l<\/li>\n<li>2023. \u00e9vi LII. t\u00f6rv\u00e9ny a pedag\u00f3gusok \u00faj \u00e9letp\u00e1ly\u00e1j\u00e1r\u00f3l<\/li>\n<li>401\/2023. (VIII. 30.) Korm. rendelet a pedag\u00f3gusok \u00faj \u00e9letp\u00e1ly\u00e1j\u00e1r\u00f3l sz\u00f3l\u00f3 2023. \u00e9vi LII. t\u00f6rv\u00e9ny v\u00e9grehajt\u00e1s\u00e1r\u00f3l<\/li>\n<li>419\/2024. (XII. 23.) Korm. rendelet a pedag\u00f3gus-tov\u00e1bbk\u00e9pz\u00e9s rendszer\u00e9r\u0151l<\/li>\n<li>20\/2012. (VIII. 31.) EMMI rendelet a nevel\u00e9si-oktat\u00e1si int\u00e9zm\u00e9nyek m\u0171k\u00f6d\u00e9s\u00e9r\u0151l \u00e9s a k\u00f6znevel\u00e9si int\u00e9zm\u00e9nyek n\u00e9vhaszn\u00e1lat\u00e1r\u00f3l<\/li>\n<li>2011. \u00e9vi CXII. t\u00f6rv\u00e9ny az inform\u00e1ci\u00f3s \u00f6nrendelkez\u00e9si jogr\u00f3l \u00e9s az inform\u00e1ci\u00f3szabads\u00e1gr\u00f3l.<\/li>\n<\/ul>\n","protected":false},"excerpt":{"rendered":"<p>A Semmelweis Egyetem Pet\u0151 Andr\u00e1s Pedag\u00f3giai Int\u00e9zete kiemelt c\u00e9lja a kondukt\u00edv nevel\u00e9sben dolgoz\u00f3 szakemberek \u00e9s a kondukt\u00edv nevel\u00e9sben r\u00e9sztvev\u0151 gyerekek \u00e9s csal\u00e1djaik t\u00e1mogat\u00e1sa, t\u00e1gabb \u00e9rtelemben az egy\u00fcttnevel\u00e9s \u00e9s t\u00e1rsadalmi egy\u00fctt\u00e9l\u00e9s el\u0151mozd\u00edt\u00e1sa. Az int\u00e9zet a konduktorok, a CP-vel \u00e9l\u0151 gyermekek \u00e9s csal\u00e1djaik, valamint a CP-vel \u00e9l\u0151 gyermekekkel dolgoz\u00f3 pedag\u00f3gusok, egy\u00e9b szakemberek sz\u00e1m\u00e1ra biztos\u00edt pedag\u00f3giai szakmai szolg\u00e1ltat\u00e1st a k\u00f6znevel\u00e9sben, az eg\u00e9szs\u00e9g\u00fcgyben, a szoci\u00e1lis, \u00e9s civil szf\u00e9r\u00e1ban.<\/p>\n","protected":false},"author":101716,"featured_media":0,"parent":0,"menu_order":1,"comment_status":"closed","ping_status":"closed","template":"","meta":{"_acf_changed":false,"footnotes":""},"categories":[],"tags":[],"class_list":["post-5","page","type-page","status-publish","hentry"],"acf":[],"_links":{"self":[{"href":"https:\/\/semmelweis.hu\/peto-pedint\/wp-json\/wp\/v2\/pages\/5","targetHints":{"allow":["GET"]}}],"collection":[{"href":"https:\/\/semmelweis.hu\/peto-pedint\/wp-json\/wp\/v2\/pages"}],"about":[{"href":"https:\/\/semmelweis.hu\/peto-pedint\/wp-json\/wp\/v2\/types\/page"}],"author":[{"embeddable":true,"href":"https:\/\/semmelweis.hu\/peto-pedint\/wp-json\/wp\/v2\/users\/101716"}],"replies":[{"embeddable":true,"href":"https:\/\/semmelweis.hu\/peto-pedint\/wp-json\/wp\/v2\/comments?post=5"}],"version-history":[{"count":11,"href":"https:\/\/semmelweis.hu\/peto-pedint\/wp-json\/wp\/v2\/pages\/5\/revisions"}],"predecessor-version":[{"id":4673,"href":"https:\/\/semmelweis.hu\/peto-pedint\/wp-json\/wp\/v2\/pages\/5\/revisions\/4673"}],"wp:attachment":[{"href":"https:\/\/semmelweis.hu\/peto-pedint\/wp-json\/wp\/v2\/media?parent=5"}],"wp:term":[{"taxonomy":"category","embeddable":true,"href":"https:\/\/semmelweis.hu\/peto-pedint\/wp-json\/wp\/v2\/categories?post=5"},{"taxonomy":"post_tag","embeddable":true,"href":"https:\/\/semmelweis.hu\/peto-pedint\/wp-json\/wp\/v2\/tags?post=5"}],"curies":[{"name":"wp","href":"https:\/\/api.w.org\/{rel}","templated":true}]}}