{"id":4791,"date":"2026-05-06T11:54:02","date_gmt":"2026-05-06T09:54:02","guid":{"rendered":"https:\/\/semmelweis.hu\/peto-pedint\/?page_id=4791"},"modified":"2026-05-06T11:54:47","modified_gmt":"2026-05-06T09:54:47","slug":"meresek-a-konduktiv-nevelesben-workshop-beszamolo","status":"publish","type":"page","link":"https:\/\/semmelweis.hu\/peto-pedint\/meresek-a-konduktiv-nevelesben-workshop-beszamolo\/","title":{"rendered":"M\u00e9r\u00e9sek a kondukt\u00edv nevel\u00e9sben workshop &#8211; besz\u00e1mol\u00f3"},"content":{"rendered":"<p style=\"text-align: justify\"><img loading=\"lazy\" decoding=\"async\" class=\"size-medium wp-image-4793 alignright\" src=\"https:\/\/semmelweis.hu\/peto-pedint\/files\/2026\/05\/e68be2d8-0716-49bf-be32-df0d5f01de9f-1-400x322.jpg\" alt=\"\" width=\"400\" height=\"322\" srcset=\"https:\/\/semmelweis.hu\/peto-pedint\/files\/2026\/05\/e68be2d8-0716-49bf-be32-df0d5f01de9f-1-400x322.jpg 400w, https:\/\/semmelweis.hu\/peto-pedint\/files\/2026\/05\/e68be2d8-0716-49bf-be32-df0d5f01de9f-1-1024x823.jpg 1024w, https:\/\/semmelweis.hu\/peto-pedint\/files\/2026\/05\/e68be2d8-0716-49bf-be32-df0d5f01de9f-1-768x618.jpg 768w, https:\/\/semmelweis.hu\/peto-pedint\/files\/2026\/05\/e68be2d8-0716-49bf-be32-df0d5f01de9f-1-753x605.jpg 753w, https:\/\/semmelweis.hu\/peto-pedint\/files\/2026\/05\/e68be2d8-0716-49bf-be32-df0d5f01de9f-1.jpg 1536w\" sizes=\"auto, (max-width: 400px) 100vw, 400px\" \/>Int\u00e9zm\u00e9ny\u00fcnk <strong>a konduktorok tov\u00e1bbk\u00e9pz\u00e9si ig\u00e9nyfelm\u00e9r\u00e9sre t\u00e1maszkodva<\/strong> id\u00e9n tavasszal elind\u00edtotta a <strong>m\u00e9r\u00e9sek a kondukt\u00edv nevel\u00e9sben workshop<\/strong> sorozat\u00e1t. <br \/>\nM\u00e1rcius 2-\u00e1n \u00e9s \u00e1prilis 28-\u00e1n \u00f6sszesen 65 koll\u00e9g\u00e1nk r\u00e9szv\u00e9tel\u00e9vel ker\u00fclt megrendez\u00e9sre a 6-6 \u00f3r\u00e1s program, mindk\u00e9t alkalommal azonos tartalommal. <br \/>\nA r\u00e9sztvev\u0151k el\u0151sz\u00f6r el\u0151ad\u00e1st hallgattak meg a m\u00e9r\u00e9sek szerep\u00e9r\u0151l, haszn\u00e1lhat\u00f3s\u00e1g\u00e1r\u00f3l, illetve az adatgy\u0171jt\u00e9s etikai vonatkoz\u00e1sair\u00f3l. Ut\u00e1na megismerkedtek 3 besorol\u00f3sk\u00e1l\u00e1val, melyek a nagymozg\u00e1s -, a manipul\u00e1ci\u00f3s -, illetve a kommunik\u00e1ci\u00f3s funkci\u00f3k oszt\u00e1lyoz\u00e1s\u00e1t teszik lehet\u0151v\u00e9. Ezut\u00e1n csoportos munk\u00e1ban \u00e1tn\u00e9zt\u00e9k-elemezt\u00e9k a Gross Motor <img loading=\"lazy\" decoding=\"async\" class=\"size-medium wp-image-4795 alignleft\" src=\"https:\/\/semmelweis.hu\/peto-pedint\/files\/2026\/05\/b1bcb80e-d681-47a9-b5d5-5ba1f7c04037-1-315x400.jpg\" alt=\"\" width=\"315\" height=\"400\" srcset=\"https:\/\/semmelweis.hu\/peto-pedint\/files\/2026\/05\/b1bcb80e-d681-47a9-b5d5-5ba1f7c04037-1-315x400.jpg 315w, https:\/\/semmelweis.hu\/peto-pedint\/files\/2026\/05\/b1bcb80e-d681-47a9-b5d5-5ba1f7c04037-1-807x1024.jpg 807w, https:\/\/semmelweis.hu\/peto-pedint\/files\/2026\/05\/b1bcb80e-d681-47a9-b5d5-5ba1f7c04037-1-768x975.jpg 768w, https:\/\/semmelweis.hu\/peto-pedint\/files\/2026\/05\/b1bcb80e-d681-47a9-b5d5-5ba1f7c04037-1-1210x1536.jpg 1210w, https:\/\/semmelweis.hu\/peto-pedint\/files\/2026\/05\/b1bcb80e-d681-47a9-b5d5-5ba1f7c04037-1-753x956.jpg 753w, https:\/\/semmelweis.hu\/peto-pedint\/files\/2026\/05\/b1bcb80e-d681-47a9-b5d5-5ba1f7c04037-1-rotated.jpg 1426w\" sizes=\"auto, (max-width: 315px) 100vw, 315px\" \/>Function Measure (GMFM) m\u00e9r\u0151eszk\u00f6z feladatait, melyeket a gyakorlatban is kipr\u00f3b\u00e1lhattak. <br \/>\nA programot egy GMFM feladatokat bemutat\u00f3 film z\u00e1rta, ahol a feladatok -pontoz\u00e1s\u00e1ban-\u00e9rt\u00e9kel\u00e9s\u00e9ben szerezhettek egy kis gyakorlatot koll\u00e9g\u00e1ink.<\/p>\n<p style=\"text-align: justify\"><strong>A programot a k\u00f6vetkez\u0151 tan\u00e9vben folytatni szeretn\u00e9nk.<\/strong> Az id\u00e9n meghirdetett nagymotoros mozg\u00e1sok m\u00e9r\u00e9se t\u00e9ma mellett tervezz\u00fck az \u00e9letmin\u0151s\u00e9gm\u00e9r\u00e9ssel kapcsolatos ismeretek megoszt\u00e1s\u00e1t is a jelentkez\u0151 konduktorokkal. <br \/>\n<strong>A workshopok ingyenesen ker\u00fclnek megrendez\u00e9sre, a r\u00e9szv\u00e9tel regisztr\u00e1ci\u00f3hoz k\u00f6t\u00f6tt.<\/strong> A k\u00f6vetkez\u0151 alkalmak d\u00e1tuma hamarosan felker\u00fcl honlapunkra, illetve a h\u00edrlevel\u00fcnkben k\u00fcld\u00fcnk r\u00f3la t\u00e1j\u00e9koztat\u00e1st. Amennyiben \u00e9rdekl\u0151dik programjaink ir\u00e1nt, k\u00e9rj\u00fck iratkozzon fel h\u00edrlevel\u00fcnkre!<\/p>\n","protected":false},"excerpt":{"rendered":"<p>Int\u00e9zm\u00e9ny\u00fcnk a konduktorok tov\u00e1bbk\u00e9pz\u00e9si ig\u00e9nyfelm\u00e9r\u00e9sre t\u00e1maszkodva id\u00e9n tavasszal elind\u00edtotta a m\u00e9r\u00e9sek a kondukt\u00edv nevel\u00e9sben workshop sorozat\u00e1t. M\u00e1rcius 2-\u00e1n \u00e9s \u00e1prilis 28-\u00e1n \u00f6sszesen 65 koll\u00e9g\u00e1nk r\u00e9szv\u00e9tel\u00e9vel ker\u00fclt megrendez\u00e9sre a 6-6 \u00f3r\u00e1s program, mindk\u00e9t alkalommal azonos tartalommal. A r\u00e9sztvev\u0151k el\u0151sz\u00f6r el\u0151ad\u00e1st hallgattak meg a m\u00e9r\u00e9sek szerep\u00e9r\u0151l, haszn\u00e1lhat\u00f3s\u00e1g\u00e1r\u00f3l, illetve az adatgy\u0171jt\u00e9s etikai vonatkoz\u00e1sair\u00f3l. Ut\u00e1na megismerkedtek 3 besorol\u00f3sk\u00e1l\u00e1val, melyek &hellip;<\/p>\n","protected":false},"author":101716,"featured_media":4797,"parent":0,"menu_order":0,"comment_status":"closed","ping_status":"closed","template":"","meta":{"_acf_changed":false,"footnotes":""},"categories":[1,11],"tags":[],"class_list":["post-4791","page","type-page","status-publish","has-post-thumbnail","hentry","category-hirek","category-lezajlott-rendezvenyek"],"acf":[],"_links":{"self":[{"href":"https:\/\/semmelweis.hu\/peto-pedint\/wp-json\/wp\/v2\/pages\/4791","targetHints":{"allow":["GET"]}}],"collection":[{"href":"https:\/\/semmelweis.hu\/peto-pedint\/wp-json\/wp\/v2\/pages"}],"about":[{"href":"https:\/\/semmelweis.hu\/peto-pedint\/wp-json\/wp\/v2\/types\/page"}],"author":[{"embeddable":true,"href":"https:\/\/semmelweis.hu\/peto-pedint\/wp-json\/wp\/v2\/users\/101716"}],"replies":[{"embeddable":true,"href":"https:\/\/semmelweis.hu\/peto-pedint\/wp-json\/wp\/v2\/comments?post=4791"}],"version-history":[{"count":4,"href":"https:\/\/semmelweis.hu\/peto-pedint\/wp-json\/wp\/v2\/pages\/4791\/revisions"}],"predecessor-version":[{"id":4799,"href":"https:\/\/semmelweis.hu\/peto-pedint\/wp-json\/wp\/v2\/pages\/4791\/revisions\/4799"}],"wp:featuredmedia":[{"embeddable":true,"href":"https:\/\/semmelweis.hu\/peto-pedint\/wp-json\/wp\/v2\/media\/4797"}],"wp:attachment":[{"href":"https:\/\/semmelweis.hu\/peto-pedint\/wp-json\/wp\/v2\/media?parent=4791"}],"wp:term":[{"taxonomy":"category","embeddable":true,"href":"https:\/\/semmelweis.hu\/peto-pedint\/wp-json\/wp\/v2\/categories?post=4791"},{"taxonomy":"post_tag","embeddable":true,"href":"https:\/\/semmelweis.hu\/peto-pedint\/wp-json\/wp\/v2\/tags?post=4791"}],"curies":[{"name":"wp","href":"https:\/\/api.w.org\/{rel}","templated":true}]}}