{"id":4775,"date":"2026-05-05T12:56:38","date_gmt":"2026-05-05T10:56:38","guid":{"rendered":"https:\/\/semmelweis.hu\/peto-pedint\/?page_id=4775"},"modified":"2026-05-06T14:31:19","modified_gmt":"2026-05-06T12:31:19","slug":"szuloknek","status":"publish","type":"page","link":"https:\/\/semmelweis.hu\/peto-pedint\/szuloknek\/","title":{"rendered":"Sz\u00fcl\u0151knek"},"content":{"rendered":"<p style=\"text-align: justify\"><img loading=\"lazy\" decoding=\"async\" class=\"size-medium wp-image-4778 alignright\" src=\"https:\/\/semmelweis.hu\/peto-pedint\/files\/2026\/05\/child-protection-color-icon-family-positive-parenting-childcare-happy-parenthood-father-mother-and-toddler-isolated-illustration-vector-400x400.jpg\" alt=\"\" width=\"400\" height=\"400\" srcset=\"https:\/\/semmelweis.hu\/peto-pedint\/files\/2026\/05\/child-protection-color-icon-family-positive-parenting-childcare-happy-parenthood-father-mother-and-toddler-isolated-illustration-vector-400x400.jpg 400w, https:\/\/semmelweis.hu\/peto-pedint\/files\/2026\/05\/child-protection-color-icon-family-positive-parenting-childcare-happy-parenthood-father-mother-and-toddler-isolated-illustration-vector-150x150.jpg 150w, https:\/\/semmelweis.hu\/peto-pedint\/files\/2026\/05\/child-protection-color-icon-family-positive-parenting-childcare-happy-parenthood-father-mother-and-toddler-isolated-illustration-vector-768x768.jpg 768w, https:\/\/semmelweis.hu\/peto-pedint\/files\/2026\/05\/child-protection-color-icon-family-positive-parenting-childcare-happy-parenthood-father-mother-and-toddler-isolated-illustration-vector-753x753.jpg 753w, https:\/\/semmelweis.hu\/peto-pedint\/files\/2026\/05\/child-protection-color-icon-family-positive-parenting-childcare-happy-parenthood-father-mother-and-toddler-isolated-illustration-vector.jpg 980w\" sizes=\"auto, (max-width: 400px) 100vw, 400px\" \/>K\u00f6sz\u00f6nj\u00fck az \u00e9rdekl\u0151d\u00e9s\u00e9t!<br \/>\nEz a fel\u00fclet jelenleg kidolgoz\u00e1s alatt \u00e1ll, k\u00e9rj\u00fck, l\u00e1togasson vissza k\u00e9s\u0151bb.\u00a0<br \/>\nA k\u00e9s\u0151bbiekben ezen a fel\u00fcleten a cerebr\u00e1lis par\u00e9zissel \u00e9l\u0151 gyermekek sz\u00fcleinek fogunk hasznos inform\u00e1ci\u00f3kat ny\u00fajtani (pl. t\u00e1j\u00e9koztat\u00f3 a kondukt\u00edv nevel\u00e9sr\u0151l, iskolai neh\u00e9zs\u00e9gek, robotika&#8230;stb)<\/p>\n","protected":false},"excerpt":{"rendered":"<p>K\u00f6sz\u00f6nj\u00fck az \u00e9rdekl\u0151d\u00e9s\u00e9t!<br \/>\nEz a fel\u00fclet jelenleg kidolgoz\u00e1s alatt \u00e1ll, k\u00e9rj\u00fck, l\u00e1togasson vissza k\u00e9s\u0151bb.\u00a0<br \/>\nA k\u00e9s\u0151bbiekben ezen a fel\u00fcleten a cerebr\u00e1lis par\u00e9zissel \u00e9l\u0151 gyermekek sz\u00fcleinek fogunk hasznos inform\u00e1ci\u00f3kat ny\u00fajtani (pl. t\u00e1j\u00e9koztat\u00f3 a kondukt\u00edv nevel\u00e9sr\u0151l, iskolai neh\u00e9zs\u00e9gek, robotika&#8230;stb)<\/p>\n","protected":false},"author":101716,"featured_media":0,"parent":0,"menu_order":5,"comment_status":"closed","ping_status":"closed","template":"","meta":{"_acf_changed":false,"footnotes":""},"categories":[],"tags":[],"class_list":["post-4775","page","type-page","status-publish","hentry"],"acf":[],"_links":{"self":[{"href":"https:\/\/semmelweis.hu\/peto-pedint\/wp-json\/wp\/v2\/pages\/4775","targetHints":{"allow":["GET"]}}],"collection":[{"href":"https:\/\/semmelweis.hu\/peto-pedint\/wp-json\/wp\/v2\/pages"}],"about":[{"href":"https:\/\/semmelweis.hu\/peto-pedint\/wp-json\/wp\/v2\/types\/page"}],"author":[{"embeddable":true,"href":"https:\/\/semmelweis.hu\/peto-pedint\/wp-json\/wp\/v2\/users\/101716"}],"replies":[{"embeddable":true,"href":"https:\/\/semmelweis.hu\/peto-pedint\/wp-json\/wp\/v2\/comments?post=4775"}],"version-history":[{"count":1,"href":"https:\/\/semmelweis.hu\/peto-pedint\/wp-json\/wp\/v2\/pages\/4775\/revisions"}],"predecessor-version":[{"id":4779,"href":"https:\/\/semmelweis.hu\/peto-pedint\/wp-json\/wp\/v2\/pages\/4775\/revisions\/4779"}],"wp:attachment":[{"href":"https:\/\/semmelweis.hu\/peto-pedint\/wp-json\/wp\/v2\/media?parent=4775"}],"wp:term":[{"taxonomy":"category","embeddable":true,"href":"https:\/\/semmelweis.hu\/peto-pedint\/wp-json\/wp\/v2\/categories?post=4775"},{"taxonomy":"post_tag","embeddable":true,"href":"https:\/\/semmelweis.hu\/peto-pedint\/wp-json\/wp\/v2\/tags?post=4775"}],"curies":[{"name":"wp","href":"https:\/\/api.w.org\/{rel}","templated":true}]}}