{"id":4729,"date":"2026-02-27T10:58:23","date_gmt":"2026-02-27T09:58:23","guid":{"rendered":"https:\/\/semmelweis.hu\/peto-pedint\/?page_id=4729"},"modified":"2026-04-22T15:11:44","modified_gmt":"2026-04-22T13:11:44","slug":"4729-2","status":"publish","type":"page","link":"https:\/\/semmelweis.hu\/peto-pedint\/4729-2\/","title":{"rendered":"Int\u00e9zm\u00e9nyl\u00e1togat\u00e1sok"},"content":{"rendered":"<p style=\"text-align: justify\"><img loading=\"lazy\" decoding=\"async\" class=\"size-medium wp-image-556 alignright\" src=\"https:\/\/semmelweis.hu\/peto-pedint\/files\/2020\/04\/pet\u0151-telephelyek-400x267.png\" alt=\"\" width=\"400\" height=\"267\" srcset=\"https:\/\/semmelweis.hu\/peto-pedint\/files\/2020\/04\/pet\u0151-telephelyek-400x267.png 400w, https:\/\/semmelweis.hu\/peto-pedint\/files\/2020\/04\/pet\u0151-telephelyek-203x135.png 203w, https:\/\/semmelweis.hu\/peto-pedint\/files\/2020\/04\/pet\u0151-telephelyek.png 600w\" sizes=\"auto, (max-width: 400px) 100vw, 400px\" \/>Ebben a f\u00e9l\u00e9vben k\u00e9t int\u00e9zm\u00e9nyl\u00e1togat\u00e1st szervez\u00fcnk, amelyekre a regisztr\u00e1ci\u00f3 lez\u00e1rult, mert a r\u00e9sztvev\u0151k sz\u00e1ma el\u00e9rte a maxim\u00e1lis l\u00e9tsz\u00e1mot.<br \/>\nA regisztr\u00e1lt \u00e9rdekl\u0151d\u0151ket szeretettel v\u00e1rjuk!<\/p>\n<p style=\"text-align: justify\">Az int\u00e9zm\u00e9nyl\u00e1togat\u00e1sok programja itt tekinthet\u0151 meg: <a class=\"button\" href=\"https:\/\/semmelweis.hu\/peto-pedint\/szolgaltatasaink\/intezmenylatogatas\/\" target=\"_blank\" rel=\"noopener\">INT\u00c9ZM\u00c9NYL\u00c1TOGAT\u00c1SOK<\/a><\/p>\n<p>&nbsp;<\/p>\n","protected":false},"excerpt":{"rendered":"<p>Ebben a f\u00e9l\u00e9vben k\u00e9t int\u00e9zm\u00e9nyl\u00e1togat\u00e1st szervez\u00fcnk, amelyekre a regisztr\u00e1ci\u00f3 lez\u00e1rult, mert a r\u00e9sztvev\u0151k sz\u00e1ma el\u00e9rte a maxim\u00e1lis l\u00e9tsz\u00e1mot.<br \/>\nA regisztr\u00e1lt \u00e9rdekl\u0151d\u0151ket szeretettel v\u00e1rjuk!<br \/>\nAz int\u00e9zm\u00e9nyl\u00e1togat\u00e1sok programja itt tekinthet\u0151 meg: <a class=\"button\" href=\"https:\/\/semmelweis.hu\/peto-pedint\/szolgaltatasaink\/intezmenylatogatas\/\" target=\"_blank\" rel=\"noopener\">INT\u00c9ZM\u00c9NYL\u00c1TOGAT\u00c1SOK<\/a><br \/>\n&nbsp;<\/p>\n","protected":false},"author":101716,"featured_media":556,"parent":0,"menu_order":0,"comment_status":"closed","ping_status":"closed","template":"","meta":{"_acf_changed":false,"footnotes":""},"categories":[1],"tags":[],"class_list":["post-4729","page","type-page","status-publish","has-post-thumbnail","hentry","category-hirek"],"acf":[],"_links":{"self":[{"href":"https:\/\/semmelweis.hu\/peto-pedint\/wp-json\/wp\/v2\/pages\/4729","targetHints":{"allow":["GET"]}}],"collection":[{"href":"https:\/\/semmelweis.hu\/peto-pedint\/wp-json\/wp\/v2\/pages"}],"about":[{"href":"https:\/\/semmelweis.hu\/peto-pedint\/wp-json\/wp\/v2\/types\/page"}],"author":[{"embeddable":true,"href":"https:\/\/semmelweis.hu\/peto-pedint\/wp-json\/wp\/v2\/users\/101716"}],"replies":[{"embeddable":true,"href":"https:\/\/semmelweis.hu\/peto-pedint\/wp-json\/wp\/v2\/comments?post=4729"}],"version-history":[{"count":5,"href":"https:\/\/semmelweis.hu\/peto-pedint\/wp-json\/wp\/v2\/pages\/4729\/revisions"}],"predecessor-version":[{"id":4755,"href":"https:\/\/semmelweis.hu\/peto-pedint\/wp-json\/wp\/v2\/pages\/4729\/revisions\/4755"}],"wp:featuredmedia":[{"embeddable":true,"href":"https:\/\/semmelweis.hu\/peto-pedint\/wp-json\/wp\/v2\/media\/556"}],"wp:attachment":[{"href":"https:\/\/semmelweis.hu\/peto-pedint\/wp-json\/wp\/v2\/media?parent=4729"}],"wp:term":[{"taxonomy":"category","embeddable":true,"href":"https:\/\/semmelweis.hu\/peto-pedint\/wp-json\/wp\/v2\/categories?post=4729"},{"taxonomy":"post_tag","embeddable":true,"href":"https:\/\/semmelweis.hu\/peto-pedint\/wp-json\/wp\/v2\/tags?post=4729"}],"curies":[{"name":"wp","href":"https:\/\/api.w.org\/{rel}","templated":true}]}}