{"id":415,"date":"2020-04-07T09:54:04","date_gmt":"2020-04-07T07:54:04","guid":{"rendered":"http:\/\/semmelweis.hu\/peto-pedint\/?page_id=415"},"modified":"2025-12-03T11:49:33","modified_gmt":"2025-12-03T10:49:33","slug":"csizy-csilla","status":"publish","type":"page","link":"https:\/\/semmelweis.hu\/peto-pedint\/a-pedagogiai-intezetrol\/munkatarsaink-bemutatkozasa\/csizy-csilla\/","title":{"rendered":"Csizy Csilla"},"content":{"rendered":"<p class=\"western\">Pedag\u00f3giai hitvall\u00e1som:<\/p>\n<blockquote>\n<p>\u201eMeg kell \u00e1llap\u00edtanom, amit sok m\u00e1s tan\u00edt\u00f3 is meg\u00e1llap\u00edtott m\u00e1r, hogy legt\u00f6bbet tan\u00edt\u00e1s k\u00f6zben tanul az ember.\u201d (Tendzin Giaco)<\/p>\n<\/blockquote>\n<p align=\"left\"><strong><a href=\"https:\/\/semmelweis.hu\/peto-pedint\/files\/2020\/03\/91545437_213334660008352_7383507535870820352_n.jpg\"><img loading=\"lazy\" decoding=\"async\" class=\"alignright wp-image-217 size-thumbnail\" src=\"https:\/\/semmelweis.hu\/peto-pedint\/files\/2020\/03\/91545437_213334660008352_7383507535870820352_n-150x150.jpg\" alt=\"\" width=\"150\" height=\"150\" \/><\/a>Munkak\u00f6r, beoszt\u00e1s<\/strong><\/p>\n<p align=\"left\">Pedag\u00f3giai szak\u00e9rt\u0151, mentor pedag\u00f3gus, konduktor<\/p>\n<p align=\"left\"><strong>V\u00e9gzetts\u00e9gek:<\/strong><\/p>\n<table style=\"border-color: #a1adbf;width: 614px\" border=\"10\" width=\"614\" cellspacing=\"3\" cellpadding=\"7\">\n<colgroup>\n<col width=\"89\" \/>\n<col width=\"495\" \/> <\/colgroup>\n<tbody>\n<tr>\n<td width=\"89\" height=\"15\">1990<\/td>\n<td width=\"495\">Konduktor, Mozg\u00e1ss\u00e9r\u00fcltek Pet\u0151 Andr\u00e1s Nevel\u0151k\u00e9pz\u0151 \u00e9s Nevel\u0151int\u00e9zete (BA)<\/td>\n<\/tr>\n<tr>\n<td width=\"89\" height=\"16\">2014<\/td>\n<td width=\"495\">Mentor pedag\u00f3gus szakvizsga, K\u00e1roli G\u00e1sp\u00e1r Reform\u00e1tus Egyetem<\/td>\n<\/tr>\n<tr>\n<td width=\"89\" height=\"15\">2018-2020<\/td>\n<td width=\"495\">\n<p>Eg\u00e9szs\u00e9g\u00fcgyi menedzser, Semmelweis Egyetem Eg\u00e9szs\u00e9g\u00fcgyi K\u00f6zszolg\u00e1lati Kar (MSc)<\/p>\n<\/td>\n<\/tr>\n<tr>\n<td>2022<\/td>\n<td>\n<p>K\u00f6zoktat\u00e1si vezet\u0151 \u00e9s pedag\u00f3gus szakvizsga, Kodol\u00e1nyi J\u00e1nos Egyetem<\/p>\n<\/td>\n<\/tr>\n<\/tbody>\n<\/table>\n<p class=\"western\"><b>Tov\u00e1bbk\u00e9pz\u00e9sek:<\/b><\/p>\n<table style=\"border-color: #a1adbf;width: 99.0595%;height: 148px\" border=\"10\" width=\"614\" cellspacing=\"3\" cellpadding=\"7\">\n<colgroup>\n<col width=\"89\" \/>\n<col width=\"495\" \/> <\/colgroup>\n<tbody>\n<tr style=\"height: 95px\">\n<td style=\"width: 14.9593%;height: 75px\">2021<\/td>\n<td style=\"width: 83.4146%;height: 75px\">Gyermek\u00fat a kora gyermekkori intervenci\u00f3s<br \/>\nell\u00e1t\u00f3rendszerben &#8211; digit\u00e1lis k\u00e9pz\u00e9s. CSBO (Csal\u00e1dbar\u00e1t Magyarorsz\u00e1g K\u00f6zpont Nonprofit K\u00f6zhaszn\u00fa Kft.)<\/td>\n<\/tr>\n<tr style=\"height: 73px\">\n<td style=\"width: 14.9593%;height: 73px\">2021<\/td>\n<td style=\"width: 83.4146%;height: 73px\">\n<p>A p\u00e1lyaorient\u00e1ci\u00f3t t\u00e1mogat\u00f3 m\u00e9r\u0151eszk\u00f6z (POM) haszn\u00e1lata, int\u00e9zm\u00e9nyi adapt\u00e1ci\u00f3j\u00e1nak lehet\u0151s\u00e9gei. OH<\/p>\n<\/td>\n<\/tr>\n<tr>\n<td style=\"width: 14.9593%\">2021<\/td>\n<td style=\"width: 83.4146%\">\n<p>Sport \u00e9s tehets\u00e9ggondoz\u00e1s (Nemzeti Tehets\u00e9g K\u00f6zpont K\u00f6zhaszn\u00fa Nonprofit Korl\u00e1tolt Felel\u0151ss\u00e9g\u0171 T\u00e1rsas\u00e1g)<\/p>\n<\/td>\n<\/tr>\n<tr>\n<td style=\"width: 14.9593%\">2024<\/td>\n<td style=\"width: 83.4146%\">\n<p>Digit\u00e1lis kompetenci\u00e1k fejleszt\u00e9se az RRF-1.2.1 projektben. Klebelsberg K\u00f6zpont; OKT-FULL Tan\u00e1csad\u00f3 Korl\u00e1tolt Felel\u0151ss\u00e9g\u0171 T\u00e1rsas\u00e1g<\/p>\n<\/td>\n<\/tr>\n<\/tbody>\n<\/table>\n<p>&nbsp;<\/p>\n<p><b>Munkatapasztalat:<\/b><\/p>\n<table style=\"border-color: #a1adbf;width: 614px\" border=\"10\" width=\"614\" cellspacing=\"3\" cellpadding=\"7\">\n<colgroup>\n<col width=\"89\" \/>\n<col width=\"495\" \/> <\/colgroup>\n<tbody>\n<tr>\n<td width=\"89\" height=\"15\">1990- 1997<\/td>\n<td width=\"495\"><b>V\u00e1rosi K\u00f3rh\u00e1z, Keszthely \u2013 <\/b>Rehabilit\u00e1ci\u00f3s oszt\u00e1ly \u2013 konduktor (feln\u0151tt-gyermek kondukt\u00edv fejleszt\u00e9s)<\/td>\n<\/tr>\n<tr>\n<td width=\"89\" height=\"16\">2012-2017<\/td>\n<td width=\"495\"><b>Mozg\u00e1ss\u00e9r\u00fcltek Pet\u0151 Andr\u00e1s Nevel\u0151k\u00e9pz\u0151 \u00e9s Nevel\u0151int\u00e9zete, EKPMI \u2013 <\/b>Feln\u0151tt Nevel\u00e9si Egys\u00e9g \u2013 konduktor, gyakorlatvezet\u0151<\/td>\n<\/tr>\n<tr>\n<td width=\"89\" height=\"15\">2017-\u00a0<\/td>\n<td width=\"495\"><b>SE Pet\u0151 Andr\u00e1s Pedag\u00f3giai Int\u00e9zete \u2013 <\/b>pedag\u00f3giai szak\u00e9rt\u0151, mentorpedag\u00f3gus, konduktor<\/td>\n<\/tr>\n<\/tbody>\n<\/table>\n<p><b>K\u00fclf\u00f6ldi munkatapasztalat:<\/b><\/p>\n<table style=\"border-color: #a1adbf;width: 614px\" border=\"10\" width=\"614\" cellspacing=\"3\" cellpadding=\"7\">\n<colgroup>\n<col width=\"89\" \/>\n<col width=\"495\" \/> <\/colgroup>\n<tbody>\n<tr style=\"height: 109px\">\n<td style=\"height: 109px\" width=\"89\" height=\"15\">1996- 2011<\/td>\n<td style=\"height: 109px\" width=\"495\"><b>Nagy Britannia \u2013 <\/b>National Institute for Conductive Education, Birmingham<b> \u2013<\/b>konduktor\/tan\u00edt\u00f3 feln\u0151tt,\u00f3voda, iskola ter\u00fcleten<\/td>\n<\/tr>\n<tr style=\"height: 62px\">\n<td style=\"height: 62px\" width=\"89\" height=\"16\">2000<\/td>\n<td style=\"height: 62px\" width=\"495\"><b>Kanada <\/b>\u2013 Ontario March of Dimes; \u2013 konduktor\/tan\u00edt\u00f3<\/td>\n<\/tr>\n<tr style=\"height: 86px\">\n<td style=\"height: 86px\" width=\"89\" height=\"16\">2001<\/td>\n<td style=\"height: 86px\" width=\"495\"><b>USA \u2013<\/b>United Cerebral Palsy Springfield \u2013konduktor\/tan\u00e1csad\u00f3<\/td>\n<\/tr>\n<tr style=\"height: 62px\">\n<td style=\"height: 62px\" width=\"89\" height=\"16\">2007<\/td>\n<td style=\"height: 62px\" width=\"495\"><b>\u00cdrorsz\u00e1g \u2013 <\/b>Cork Peto \u2013 konduktor\/tan\u00edt\u00f3<\/td>\n<\/tr>\n<tr style=\"height: 62px\">\n<td style=\"height: 62px\" width=\"89\" height=\"16\">2009 &#8211; 2011<\/td>\n<td style=\"height: 62px\" width=\"495\"><b>Olaszorsz\u00e1g \u2013 <\/b>konduktor\/korai fejleszt\u00e9s<\/td>\n<\/tr>\n<tr style=\"height: 86px\">\n<td style=\"height: 86px\" width=\"89\" height=\"16\">2011<\/td>\n<td style=\"height: 86px\" width=\"495\"><b>Nagy Britannia \u2013 <\/b>Megan Baker House<b> \u2013 <\/b>konduktor\/feln\u0151tt kondukt\u00edv fejleszt\u00e9s<\/td>\n<\/tr>\n<tr style=\"height: 181px\">\n<td style=\"height: 181px\" width=\"89\" height=\"15\">2012-t\u0151l<\/td>\n<td style=\"height: 181px\" width=\"495\">\n<p>SE Pet\u0151 Andr\u00e1s Kar hat\u00e1ron t\u00fali projekt, intervallum kondukt\u00edv nevel\u00e9s: <br \/>\n<b>USA \u2013 <\/b>Aquinas College <b>\u2013 <\/b>Conductive Learning Center\u00a0 <br \/>\n<b>Rom\u00e1nia\/Erd\u00e9ly: <\/b>Cs\u00edkszereda, Kolozsv\u00e1r, Illyefalva, Sz\u00e9kelyudvarhely<b> \u2013 <\/b>konduktor\/feln\u0151tt kondukt\u00edv fejleszt\u00e9s<br \/>\n<b>Norv\u00e9gia \u2013 <\/b>konduktor\/iskolai korcsoport<\/p>\n<\/td>\n<\/tr>\n<\/tbody>\n<\/table>\n<p align=\"justify\"><b>Nyelvismeret: <\/b>angol (B2 komplex nyelvvizsga)<\/p>\n<p><b>T\u00e1rsadalmi szervezetekben r\u00e9szv\u00e9tel:<\/b><\/p>\n<table style=\"width: 99.0595%;border-color: #a1adbf;height: 133px\" border=\"10\" width=\"614\" cellspacing=\"3\" cellpadding=\"7\">\n<colgroup>\n<col width=\"89\" \/>\n<col width=\"495\" \/> <\/colgroup>\n<tbody>\n<tr style=\"height: 46px\">\n<td style=\"width: 100%;height: 46px\" width=\"495\">Magyar Konduktorok Egyes\u00fclete<\/td>\n<\/tr>\n<tr style=\"height: 41px\">\n<td style=\"width: 100%;height: 41px\" width=\"495\">Magyar Rehabilit\u00e1ci\u00f3s T\u00e1rsas\u00e1g<\/td>\n<\/tr>\n<tr style=\"height: 46px\">\n<td style=\"width: 100%;height: 46px\" width=\"495\">Nemzeti Pedag\u00f3gus Kar<\/td>\n<\/tr>\n<\/tbody>\n<\/table>\n<p>&nbsp;<\/p>\n","protected":false},"excerpt":{"rendered":"<p>Pedag\u00f3giai hitvall\u00e1som: \u201eMeg kell \u00e1llap\u00edtanom, amit sok m\u00e1s tan\u00edt\u00f3 is meg\u00e1llap\u00edtott m\u00e1r, hogy legt\u00f6bbet tan\u00edt\u00e1s k\u00f6zben tanul az ember.\u201d (Tendzin Giaco) <a href=\"https:\/\/semmelweis.hu\/peto-pedint\/files\/2020\/03\/91545437_213334660008352_7383507535870820352_n.jpg\"><\/a> Munkak\u00f6r, beoszt\u00e1s Pedag\u00f3giai szak\u00e9rt\u0151, mentor pedag\u00f3gus, konduktor V\u00e9gzetts\u00e9gek: 1990 Konduktor, Mozg\u00e1ss\u00e9r\u00fcltek Pet\u0151 Andr\u00e1s Nevel\u0151k\u00e9pz\u0151 \u00e9s Nevel\u0151int\u00e9zete (BA) 2014 Mentor pedag\u00f3gus szakvizsga, K\u00e1roli G\u00e1sp\u00e1r Reform\u00e1tus Egyetem 2018-2020 Eg\u00e9szs\u00e9g\u00fcgyi menedzser, Semmelweis Egyetem Eg\u00e9szs\u00e9g\u00fcgyi K\u00f6zszolg\u00e1lati Kar (MSc) &hellip;<\/p>\n","protected":false},"author":101716,"featured_media":0,"parent":140,"menu_order":1,"comment_status":"closed","ping_status":"closed","template":"","meta":{"_acf_changed":false,"footnotes":""},"categories":[],"tags":[],"class_list":["post-415","page","type-page","status-publish","hentry"],"acf":[],"_links":{"self":[{"href":"https:\/\/semmelweis.hu\/peto-pedint\/wp-json\/wp\/v2\/pages\/415","targetHints":{"allow":["GET"]}}],"collection":[{"href":"https:\/\/semmelweis.hu\/peto-pedint\/wp-json\/wp\/v2\/pages"}],"about":[{"href":"https:\/\/semmelweis.hu\/peto-pedint\/wp-json\/wp\/v2\/types\/page"}],"author":[{"embeddable":true,"href":"https:\/\/semmelweis.hu\/peto-pedint\/wp-json\/wp\/v2\/users\/101716"}],"replies":[{"embeddable":true,"href":"https:\/\/semmelweis.hu\/peto-pedint\/wp-json\/wp\/v2\/comments?post=415"}],"version-history":[{"count":10,"href":"https:\/\/semmelweis.hu\/peto-pedint\/wp-json\/wp\/v2\/pages\/415\/revisions"}],"predecessor-version":[{"id":4359,"href":"https:\/\/semmelweis.hu\/peto-pedint\/wp-json\/wp\/v2\/pages\/415\/revisions\/4359"}],"up":[{"embeddable":true,"href":"https:\/\/semmelweis.hu\/peto-pedint\/wp-json\/wp\/v2\/pages\/140"}],"wp:attachment":[{"href":"https:\/\/semmelweis.hu\/peto-pedint\/wp-json\/wp\/v2\/media?parent=415"}],"wp:term":[{"taxonomy":"category","embeddable":true,"href":"https:\/\/semmelweis.hu\/peto-pedint\/wp-json\/wp\/v2\/categories?post=415"},{"taxonomy":"post_tag","embeddable":true,"href":"https:\/\/semmelweis.hu\/peto-pedint\/wp-json\/wp\/v2\/tags?post=415"}],"curies":[{"name":"wp","href":"https:\/\/api.w.org\/{rel}","templated":true}]}}