{"id":3129,"date":"2022-12-15T14:46:03","date_gmt":"2022-12-15T13:46:03","guid":{"rendered":"https:\/\/semmelweis.hu\/peto-pedint\/?page_id=3129"},"modified":"2025-12-03T11:50:00","modified_gmt":"2025-12-03T10:50:00","slug":"kazatsay-bernadett","status":"publish","type":"page","link":"https:\/\/semmelweis.hu\/peto-pedint\/a-pedagogiai-intezetrol\/munkatarsaink-bemutatkozasa\/kazatsay-bernadett\/","title":{"rendered":"Kazatsay Bernadett"},"content":{"rendered":"<p class=\"western\">Pedag\u00f3giai hitvall\u00e1som:<\/p>\n<blockquote>\n<p><em>\u201cA j\u00f6v\u0151k\u00e9p a l\u00e1thatatlan megl\u00e1t\u00e1s\u00e1nak m\u0171v\u00e9szete.\u201d<br \/>\n(Swift)<\/em><\/p>\n<\/blockquote>\n<p class=\"western\"><b><img loading=\"lazy\" decoding=\"async\" class=\"wp-image-3167 size-thumbnail alignright\" src=\"https:\/\/semmelweis.hu\/peto-pedint\/files\/2022\/12\/DSCN2935_honlapra7-150x150.jpg\" alt=\"\" width=\"150\" height=\"150\" \/><\/b><\/p>\n<p><strong>Munkak\u00f6r, beoszt\u00e1s:<br \/>\n<\/strong>pedag\u00f3giai szak\u00e9rt\u0151, konduktor<\/p>\n<p><strong>V\u00e9gzetts\u00e9gek:<br \/>\n<\/strong><\/p>\n<table style=\"width: 40.1448%\" width=\"633\">\n<tbody>\n<tr>\n<td style=\"width: 14.8031%\">\n<div class=\"w-100\">2025<\/div>\n<\/td>\n<td style=\"width: 85.0394%\">\n<div class=\"w-100\">Okleveles nevel\u00e9studom\u00e1ny szakos b\u00f6lcs\u00e9sz,<br \/>\nPannon Egyetem (MA)<\/div>\n<\/td>\n<\/tr>\n<tr>\n<td style=\"width: 14.8031%\">\n<div class=\"w-100\">2023<\/div>\n<\/td>\n<td style=\"width: 85.0394%\">\n<div class=\"w-100\">Szakvizsg\u00e1zott pedag\u00f3gus, k\u00f6zoktat\u00e1si vezet\u0151 szakk\u00e9pzetts\u00e9g, Kodol\u00e1nyi J\u00e1nos Egyetem<\/div>\n<\/td>\n<\/tr>\n<tr>\n<td style=\"width: 14.8031%\" width=\"94\">\n<div class=\"w-100\">2002<\/div>\n<\/td>\n<td style=\"width: 85.0394%\" width=\"539\">\n<div class=\"w-100\">Gy\u00f3gytorn\u00e1sz, Semmelweis Egyetem Eg\u00e9szs\u00e9g\u00fcgyi F\u0151iskolai Kar (BA)<\/div>\n<\/td>\n<\/tr>\n<tr>\n<td style=\"width: 14.8031%\" width=\"94\">\n<div class=\"w-100\">1998<\/div>\n<\/td>\n<td style=\"width: 85.0394%\" width=\"539\">\n<div class=\"w-100\">Konduktor &#8211; \u00e1ltal\u00e1nos iskolai tan\u00edt\u00f3, Mozg\u00e1ss\u00e9r\u00fcltek Pet\u0151 Andr\u00e1s Nevel\u0151k\u00e9pz\u0151 \u00e9s Nevel\u0151int\u00e9zete (BA)<\/div>\n<\/td>\n<\/tr>\n<\/tbody>\n<\/table>\n<p>&nbsp;<\/p>\n<p><strong>Tov\u00e1bbk\u00e9pz\u00e9sek:<\/strong><\/p>\n<div class=\"w-100\">\n<table style=\"height: 370px\">\n<tbody>\n<tr>\n<td style=\"width: 102.922px\">2024<\/td>\n<td style=\"width: 528.578px\">Digit\u00e1lis kompetenci\u00e1k fejleszt\u00e9se az RRF-1.2.1 projektben. Klebelsberg K\u00f6zpont; OKT-FULL Tan\u00e1csad\u00f3 Korl\u00e1tolt Felel\u0151ss\u00e9g\u0171 T\u00e1rsas\u00e1g<\/td>\n<\/tr>\n<tr>\n<td style=\"width: 102.922px\">2023<\/td>\n<td style=\"width: 528.578px\">GDPR jogi szab\u00e1lyainak megismer\u00e9se, gyakorlati hasznos\u00edt\u00e1sa &#8211; F\u00dcPI Kft.\u00a0<\/td>\n<\/tr>\n<tr>\n<td style=\"width: 102.922px\">2023<\/td>\n<td style=\"width: 528.578px\">KASPO &#8211; K\u00f6z\u00f6sen a sikeres p\u00e1lyaorient\u00e1ci\u00f3\u00e9rt. CSBO (Csal\u00e1dbar\u00e1t Magyarorsz\u00e1g K\u00f6zpont Nonprofit K\u00f6zhaszn\u00fa Kft.)<\/td>\n<\/tr>\n<tr>\n<td style=\"width: 102.922px\">2022<\/td>\n<td style=\"width: 528.578px\">Bayley \u2013 III felhaszn\u00e1l\u00f3i tanfolyam (Dr. M\u00e9sz\u00e1ros Andrea, MRE Bethesda Gyermekk\u00f3rh\u00e1za Bethesda Utcai Ment\u00e1lhigi\u00e9ni\u00e1s Oszt\u00e1ly Neurodevelopment\u00e1lis Ambulancia)<\/td>\n<\/tr>\n<tr>\n<td style=\"width: 102.922px\">2021<\/td>\n<td style=\"width: 528.578px\">A tipikus fejl\u0151d\u00e9s jellemz\u0151i, az elt\u00e9r\u0151 fejl\u0151d\u00e9smenet figyelemfelkelt\u0151 jelei a korai \u00e9letkorban \u2013 \u00e1gazati egy\u00fcttm\u0171k\u00f6d\u00e9st seg\u00edt\u0151 k\u00e9pz\u00e9s. CSBO (Csal\u00e1dbar\u00e1t Magyarorsz\u00e1g K\u00f6zpont Nonprofit K\u00f6zhaszn\u00fa Kft.)<\/td>\n<\/tr>\n<tr>\n<td style=\"width: 102.922px\">2020<\/td>\n<td style=\"width: 528.578px\">Gyermek\u00fat a kora gyermekkori intervenci\u00f3s ell\u00e1t\u00f3rendszerben \u2013 digit\u00e1lis k\u00e9pz\u00e9s. CSBO (Csal\u00e1dbar\u00e1t Magyarorsz\u00e1g K\u00f6zpont Nonprofit K\u00f6zhaszn\u00fa Kft.)<\/td>\n<\/tr>\n<\/tbody>\n<\/table>\n<\/div>\n<div class=\"w-100\"><strong>Munkatapasztalat:<\/strong><\/div>\n<table width=\"652\">\n<tbody>\n<tr>\n<td width=\"113\">\n<p>2022-<\/p>\n<\/td>\n<td width=\"539\">\n<p><strong>SE Pet\u0151 Andr\u00e1s Pedag\u00f3giai Int\u00e9zete \u2013 <\/strong>pedag\u00f3giai el\u0151ad\u00f3,\u00a0 \u00a0 \u00a0 Szakmai szolg\u00e1ltat\u00e1sok ny\u00fajt\u00e1sa.<\/p>\n<\/td>\n<\/tr>\n<tr>\n<td width=\"113\">\n<p>2020-2022<\/p>\n<\/td>\n<td width=\"539\">\n<p><strong>Semmelweis Egyetem PA EKPMI Pedag\u00f3giai Szakszolg\u00e1lati Int\u00e9zm\u00e9nyegys\u00e9g <\/strong>\u2013 konduktor<br \/>\nSzakszolg\u00e1lati kondukt\u00edv pedag\u00f3giai ell\u00e1t\u00e1s, kondukt\u00edv nevel\u00e9si tan\u00e1csad\u00e1s, gy\u00f3gypedag\u00f3giai tan\u00e1csad\u00e1s, korai fejleszt\u00e9si feladatok, gondoz\u00e1si feladatok ell\u00e1t\u00e1sa, intervallum kondukt\u00edv nevel\u00e9s.<\/p>\n<\/td>\n<\/tr>\n<tr>\n<td width=\"113\">\n<p>2006-2007<\/p>\n<\/td>\n<td width=\"539\">\n<p><strong>Mozg\u00e1ss\u00e9r\u00fclt Emberek Rehabilit\u00e1ci\u00f3s K\u00f6zpontja<\/strong>\u2013 konduktor<strong><br \/>\n<\/strong>Konduktori \u00e9s gy\u00f3gytorn\u00e1szi feladatok ell\u00e1t\u00e1sa. Az ell\u00e1tottak fizikai \u00e1llapot\u00e1nak jav\u00edt\u00e1sa, \u00f6n\u00e1ll\u00f3 \u00e9letre val\u00f3 felk\u00e9sz\u00edt\u00e9se, nevel\u00e9se.<\/p>\n<\/td>\n<\/tr>\n<tr>\n<td width=\"113\">\n<p>2000-2001<\/p>\n<\/td>\n<td width=\"539\">\n<p><strong>Magyar Gyula Kert\u00e9szeti Szakgimn\u00e1zium \u00e9s Szakk\u00f6z\u00e9piskola<\/strong>\u2013 konduktor<strong><br \/>\n<\/strong>Gy\u00f3gytestnevel\u00e9si feladatok ell\u00e1t\u00e1sa.<\/p>\n<\/td>\n<\/tr>\n<\/tbody>\n<\/table>\n<p><strong>K\u00fclf\u00f6ldi munkatapasztalat, kik\u00fcldet\u00e9s:<\/strong><\/p>\n<table width=\"614\">\n<tbody>\n<tr>\n<td width=\"103\">\n<p>2022<\/p>\n<\/td>\n<td width=\"511\">\n<p><strong>SE Pet\u0151 Andr\u00e1s Kar<\/strong> hat\u00e1ron t\u00fali projekt, intervallum kondukt\u00edv nevel\u00e9s, Illyefalva<\/p>\n<\/td>\n<\/tr>\n<tr>\n<td width=\"103\">\n<p>2007-2019<\/p>\n<\/td>\n<td width=\"511\">\n<p><strong>Schre\u0308tt fir Schre\u0308tt asbl (Luxemburg) <br \/>\n<\/strong>konduktor, csoportvezet\u0151 konduktor, gy\u00f3gytorn\u00e1sz<br \/>\nKorai fejleszt\u00e9si feladatok ell\u00e1t\u00e1sa. Saj\u00e1tos nevel\u00e9si ig\u00e9ny\u0171 gyermekek kondukt\u00edv nevel\u00e9se, tank\u00f6teles gyermekek, serd\u00fcl\u0151k \u00e9s fiatal feln\u0151ttek kondukt\u00edv nevel\u00e9se-oktat\u00e1sa.<\/p>\n<\/td>\n<\/tr>\n<\/tbody>\n<\/table>\n<p><strong>Nyelvismeret:<\/strong><\/p>\n<table style=\"border-color: #a1adbf;width: 45.3481%;height: 154px\" border=\"10\" width=\"614\" cellspacing=\"3\" cellpadding=\"7\">\n<colgroup>\n<col width=\"89\" \/>\n<col width=\"495\" \/> <\/colgroup>\n<tbody>\n<tr>\n<td style=\"width: 15.0242%\" width=\"89\" height=\"15\">N\u00e9met<\/td>\n<td style=\"width: 83.3603%\" width=\"495\">K\u00f6z\u00e9pfok<\/td>\n<\/tr>\n<tr>\n<td style=\"width: 15.0242%\" width=\"89\" height=\"16\">Angol<\/td>\n<td style=\"width: 83.3603%\" width=\"495\">K\u00f6z\u00e9pfok<\/td>\n<\/tr>\n<tr>\n<td style=\"width: 15.0242%\" width=\"89\" height=\"15\">Francia<\/td>\n<td style=\"width: 83.3603%\" width=\"495\">Alapfok<\/td>\n<\/tr>\n<\/tbody>\n<\/table>\n<p><strong>T\u00e1rsadalmi szervezetekben r\u00e9szv\u00e9tel:<\/strong><\/p>\n<table width=\"624\">\n<tbody>\n<tr>\n<td width=\"103\">\n<p>2022-<\/p>\n<\/td>\n<td width=\"520\">\n<p>Nemzeti Pedag\u00f3gus Kar<\/p>\n<\/td>\n<\/tr>\n<tr>\n<td width=\"103\">\n<p>1993-1998<\/p>\n<\/td>\n<td width=\"520\">\n<p>Magyar M\u00e1ltai Szeretetszolg\u00e1latn\u00e1l j\u00e1rv\u00e1nyos gyermekb\u00e9nul\u00e1s k\u00f6vetkezt\u00e9ben l\u00e9gz\u00e9sb\u00e9nul\u00e1st szenvedett betegek l\u00e1togat\u00e1sa \u00f6nk\u00e9ntesk\u00e9nt.(Baba utca 14. Szent J\u00e1nos K\u00f3rh\u00e1z L\u00e9gz\u00e9srehabilit\u00e1ci\u00f3s Oszt\u00e1lya)<\/p>\n<\/td>\n<\/tr>\n<\/tbody>\n<\/table>\n<p><strong>Publik\u00e1ci\u00f3:<br \/>\n<\/strong>Tan\u00edt\u00f3 M\u00f3dszertani Foly\u00f3irat XXXV. \u00c9vfolyam 1997. november 9. sz\u00e1m<br \/>\nTant\u00e1rgyk\u00f6zi kapcsolatokra \u00e9p\u00fcl\u0151 nyelvgyakorl\u00e1s (Fekete Bernadett)<\/p>\n","protected":false},"excerpt":{"rendered":"<p>Pedag\u00f3giai hitvall\u00e1som: \u201cA j\u00f6v\u0151k\u00e9p a l\u00e1thatatlan megl\u00e1t\u00e1s\u00e1nak m\u0171v\u00e9szete.\u201d (Swift) Munkak\u00f6r, beoszt\u00e1s: pedag\u00f3giai szak\u00e9rt\u0151, konduktor V\u00e9gzetts\u00e9gek: 2025 Okleveles nevel\u00e9studom\u00e1ny szakos b\u00f6lcs\u00e9sz, Pannon Egyetem (MA) 2023 Szakvizsg\u00e1zott pedag\u00f3gus, k\u00f6zoktat\u00e1si vezet\u0151 szakk\u00e9pzetts\u00e9g, Kodol\u00e1nyi J\u00e1nos Egyetem 2002 Gy\u00f3gytorn\u00e1sz, Semmelweis Egyetem Eg\u00e9szs\u00e9g\u00fcgyi F\u0151iskolai Kar (BA) 1998 Konduktor &#8211; \u00e1ltal\u00e1nos iskolai tan\u00edt\u00f3, Mozg\u00e1ss\u00e9r\u00fcltek Pet\u0151 Andr\u00e1s Nevel\u0151k\u00e9pz\u0151 \u00e9s Nevel\u0151int\u00e9zete (BA) &nbsp; Tov\u00e1bbk\u00e9pz\u00e9sek: &hellip;<\/p>\n","protected":false},"author":101716,"featured_media":0,"parent":140,"menu_order":2,"comment_status":"closed","ping_status":"closed","template":"","meta":{"_acf_changed":false,"footnotes":""},"categories":[],"tags":[],"class_list":["post-3129","page","type-page","status-publish","hentry"],"acf":[],"_links":{"self":[{"href":"https:\/\/semmelweis.hu\/peto-pedint\/wp-json\/wp\/v2\/pages\/3129","targetHints":{"allow":["GET"]}}],"collection":[{"href":"https:\/\/semmelweis.hu\/peto-pedint\/wp-json\/wp\/v2\/pages"}],"about":[{"href":"https:\/\/semmelweis.hu\/peto-pedint\/wp-json\/wp\/v2\/types\/page"}],"author":[{"embeddable":true,"href":"https:\/\/semmelweis.hu\/peto-pedint\/wp-json\/wp\/v2\/users\/101716"}],"replies":[{"embeddable":true,"href":"https:\/\/semmelweis.hu\/peto-pedint\/wp-json\/wp\/v2\/comments?post=3129"}],"version-history":[{"count":10,"href":"https:\/\/semmelweis.hu\/peto-pedint\/wp-json\/wp\/v2\/pages\/3129\/revisions"}],"predecessor-version":[{"id":4516,"href":"https:\/\/semmelweis.hu\/peto-pedint\/wp-json\/wp\/v2\/pages\/3129\/revisions\/4516"}],"up":[{"embeddable":true,"href":"https:\/\/semmelweis.hu\/peto-pedint\/wp-json\/wp\/v2\/pages\/140"}],"wp:attachment":[{"href":"https:\/\/semmelweis.hu\/peto-pedint\/wp-json\/wp\/v2\/media?parent=3129"}],"wp:term":[{"taxonomy":"category","embeddable":true,"href":"https:\/\/semmelweis.hu\/peto-pedint\/wp-json\/wp\/v2\/categories?post=3129"},{"taxonomy":"post_tag","embeddable":true,"href":"https:\/\/semmelweis.hu\/peto-pedint\/wp-json\/wp\/v2\/tags?post=3129"}],"curies":[{"name":"wp","href":"https:\/\/api.w.org\/{rel}","templated":true}]}}

<p class="western">Pedagógiai hitvallásom:</p>
<blockquote>
<p><em>“A jövőkép a láthatatlan meglátásának művészete.”<br />
(Swift)</em></p>
</blockquote>
<p class="western"><b><img loading="lazy" decoding="async" class="wp-image-3167 size-thumbnail alignright" src="https://semmelweis.hu/peto-pedint/files/2022/12/DSCN2935_honlapra7-150x150.jpg" alt="" width="150" height="150" /></b></p>
<p><strong>Munkakör, beosztás:<br />
</strong>pedagógiai szakértő, konduktor</p>
<p><strong>Végzettségek:<br />
</strong></p>
<table style="width: 40.1448%" width="633">
<tbody>
<tr>
<td style="width: 14.8031%">
<div class="w-100">2025</div>
</td>
<td style="width: 85.0394%">
<div class="w-100">Okleveles neveléstudomány szakos bölcsész,<br />
Pannon Egyetem (MA)</div>
</td>
</tr>
<tr>
<td style="width: 14.8031%">
<div class="w-100">2023</div>
</td>
<td style="width: 85.0394%">
<div class="w-100">Szakvizsgázott pedagógus, közoktatási vezető szakképzettség, Kodolányi János Egyetem</div>
</td>
</tr>
<tr>
<td style="width: 14.8031%" width="94">
<div class="w-100">2002</div>
</td>
<td style="width: 85.0394%" width="539">
<div class="w-100">Gyógytornász, Semmelweis Egyetem Egészségügyi Főiskolai Kar (BA)</div>
</td>
</tr>
<tr>
<td style="width: 14.8031%" width="94">
<div class="w-100">1998</div>
</td>
<td style="width: 85.0394%" width="539">
<div class="w-100">Konduktor &#8211; általános iskolai tanító, Mozgássérültek Pető András Nevelőképző és Nevelőintézete (BA)</div>
</td>
</tr>
</tbody>
</table>
<p>&nbsp;</p>
<p><strong>Továbbképzések:</strong></p>
<div class="w-100">
<table style="height: 370px">
<tbody>
<tr>
<td style="width: 102.922px">2024</td>
<td style="width: 528.578px">Digitális kompetenciák fejlesztése az RRF-1.2.1 projektben. Klebelsberg Központ; OKT-FULL Tanácsadó Korlátolt Felelősségű Társaság</td>
</tr>
<tr>
<td style="width: 102.922px">2023</td>
<td style="width: 528.578px">GDPR jogi szabályainak megismerése, gyakorlati hasznosítása &#8211; FÜPI Kft. </td>
</tr>
<tr>
<td style="width: 102.922px">2023</td>
<td style="width: 528.578px">KASPO &#8211; Közösen a sikeres pályaorientációért. CSBO (Családbarát Magyarország Központ Nonprofit Közhasznú Kft.)</td>
</tr>
<tr>
<td style="width: 102.922px">2022</td>
<td style="width: 528.578px">Bayley – III felhasználói tanfolyam (Dr. Mészáros Andrea, MRE Bethesda Gyermekkórháza Bethesda Utcai Mentálhigiéniás Osztály Neurodevelopmentális Ambulancia)</td>
</tr>
<tr>
<td style="width: 102.922px">2021</td>
<td style="width: 528.578px">A tipikus fejlődés jellemzői, az eltérő fejlődésmenet figyelemfelkeltő jelei a korai életkorban – ágazati együttműködést segítő képzés. CSBO (Családbarát Magyarország Központ Nonprofit Közhasznú Kft.)</td>
</tr>
<tr>
<td style="width: 102.922px">2020</td>
<td style="width: 528.578px">Gyermekút a kora gyermekkori intervenciós ellátórendszerben – digitális képzés. CSBO (Családbarát Magyarország Központ Nonprofit Közhasznú Kft.)</td>
</tr>
</tbody>
</table>
</div>
<div class="w-100"><strong>Munkatapasztalat:</strong></div>
<table width="652">
<tbody>
<tr>
<td width="113">
<p>2022-</p>
</td>
<td width="539">
<p><strong>SE Pető András Pedagógiai Intézete – </strong>pedagógiai előadó,      Szakmai szolgáltatások nyújtása.</p>
</td>
</tr>
<tr>
<td width="113">
<p>2020-2022</p>
</td>
<td width="539">
<p><strong>Semmelweis Egyetem PA EKPMI Pedagógiai Szakszolgálati Intézményegység </strong>– konduktor<br />
Szakszolgálati konduktív pedagógiai ellátás, konduktív nevelési tanácsadás, gyógypedagógiai tanácsadás, korai fejlesztési feladatok, gondozási feladatok ellátása, intervallum konduktív nevelés.</p>
</td>
</tr>
<tr>
<td width="113">
<p>2006-2007</p>
</td>
<td width="539">
<p><strong>Mozgássérült Emberek Rehabilitációs Központja</strong>– konduktor<strong><br />
</strong>Konduktori és gyógytornászi feladatok ellátása. Az ellátottak fizikai állapotának javítása, önálló életre való felkészítése, nevelése.</p>
</td>
</tr>
<tr>
<td width="113">
<p>2000-2001</p>
</td>
<td width="539">
<p><strong>Magyar Gyula Kertészeti Szakgimnázium és Szakközépiskola</strong>– konduktor<strong><br />
</strong>Gyógytestnevelési feladatok ellátása.</p>
</td>
</tr>
</tbody>
</table>
<p><strong>Külföldi munkatapasztalat, kiküldetés:</strong></p>
<table width="614">
<tbody>
<tr>
<td width="103">
<p>2022</p>
</td>
<td width="511">
<p><strong>SE Pető András Kar</strong> határon túli projekt, intervallum konduktív nevelés, Illyefalva</p>
</td>
</tr>
<tr>
<td width="103">
<p>2007-2019</p>
</td>
<td width="511">
<p><strong>Schrëtt fir Schrëtt asbl (Luxemburg) <br />
</strong>konduktor, csoportvezető konduktor, gyógytornász<br />
Korai fejlesztési feladatok ellátása. Sajátos nevelési igényű gyermekek konduktív nevelése, tanköteles gyermekek, serdülők és fiatal felnőttek konduktív nevelése-oktatása.</p>
</td>
</tr>
</tbody>
</table>
<p><strong>Nyelvismeret:</strong></p>
<table style="border-color: #a1adbf;width: 45.3481%;height: 154px" border="10" width="614" cellspacing="3" cellpadding="7">
<colgroup>
<col width="89" />
<col width="495" /> </colgroup>
<tbody>
<tr>
<td style="width: 15.0242%" width="89" height="15">Német</td>
<td style="width: 83.3603%" width="495">Középfok</td>
</tr>
<tr>
<td style="width: 15.0242%" width="89" height="16">Angol</td>
<td style="width: 83.3603%" width="495">Középfok</td>
</tr>
<tr>
<td style="width: 15.0242%" width="89" height="15">Francia</td>
<td style="width: 83.3603%" width="495">Alapfok</td>
</tr>
</tbody>
</table>
<p><strong>Társadalmi szervezetekben részvétel:</strong></p>
<table width="624">
<tbody>
<tr>
<td width="103">
<p>2022-</p>
</td>
<td width="520">
<p>Nemzeti Pedagógus Kar</p>
</td>
</tr>
<tr>
<td width="103">
<p>1993-1998</p>
</td>
<td width="520">
<p>Magyar Máltai Szeretetszolgálatnál járványos gyermekbénulás következtében légzésbénulást szenvedett betegek látogatása önkéntesként.(Baba utca 14. Szent János Kórház Légzésrehabilitációs Osztálya)</p>
</td>
</tr>
</tbody>
</table>
<p><strong>Publikáció:<br />
</strong>Tanító Módszertani Folyóirat XXXV. Évfolyam 1997. november 9. szám<br />
Tantárgyközi kapcsolatokra épülő nyelvgyakorlás (Fekete Bernadett)</p>

<p>Pedagógiai hitvallásom: “A jövőkép a láthatatlan meglátásának művészete.” (Swift) Munkakör, beosztás: pedagógiai szakértő, konduktor Végzettségek: 2025 Okleveles neveléstudomány szakos bölcsész, Pannon Egyetem (MA) 2023 Szakvizsgázott pedagógus, közoktatási vezető szakképzettség, Kodolányi János Egyetem 2002 Gyógytornász, Semmelweis Egyetem Egészségügyi Főiskolai Kar (BA) 1998 Konduktor &#8211; általános iskolai tanító, Mozgássérültek Pető András Nevelőképző és Nevelőintézete (BA) &nbsp; Továbbképzések: &hellip;</p>
