{"id":34,"date":"2018-01-16T11:30:42","date_gmt":"2018-01-16T10:30:42","guid":{"rendered":"http:\/\/semmelweis.hu\/peto-ovoda\/?page_id=34"},"modified":"2025-11-04T09:07:51","modified_gmt":"2025-11-04T08:07:51","slug":"jelentkezes-felvetel","status":"publish","type":"page","link":"https:\/\/semmelweis.hu\/peto-ovoda\/jelentkezes-felvetel\/","title":{"rendered":"Jelentkez\u00e9s, felv\u00e9tel"},"content":{"rendered":"<p><span style=\"font-size: 14pt\"><strong>\u00d3vodai felv\u00e9telre val\u00f3 jelentkez\u00e9s, \u00f3vodai felv\u00e9tel<\/strong><\/span><\/p>\n<p>Az \u00f3voda <strong>minden \u00e9v febru\u00e1r<\/strong> h\u00f3napj\u00e1t\u00f3l folyamatosan v\u00e1rja az \u00e9rdekl\u0151d\u0151k jelentkez\u00e9s\u00e9t.<\/p>\n<p>A csal\u00e1dokat el\u0151zetes id\u0151pont egyeztet\u00e9s ut\u00e1n szem\u00e9lyes tal\u00e1lkoz\u00e1son fogadja az \u00f3voda vezet\u0151je, ahol egy\u00e9ni besz\u00e9lget\u00e9s, a gyermek vizsg\u00e1lata, illetve el\u0151zetes vizsg\u00e1lati eredm\u00e9nyek \u00e1ttekint\u00e9se alapj\u00e1n (konduktor, gy\u00f3gypedag\u00f3gus team bevon\u00e1s\u00e1val) d\u00f6nt a gyermek felv\u00e9tel\u00e9r\u0151l.<\/p>\n<p>A jelentkez\u00e9seket els\u0151sorban\u00a0 e-mailben, illetve telefonon v\u00e1rjuk.<\/p>\n<p><strong>Az \u00f3voda c\u00edme:<\/strong>\u00a01125 Budapest K\u00fatv\u00f6lgyi \u00fat 8. &#8211;\u00a0<a href=\"https:\/\/goo.gl\/maps\/oXb2iVqGbDT2\" target=\"_blank\" rel=\"noopener\">T\u00e9rk\u00e9p&#8230;<\/a><\/p>\n<p><strong>Levelez\u00e9si c\u00edm: <\/strong>1428 Bp. Pf.2.<\/p>\n<p><strong>E-mail c\u00edm:<\/strong> <a href=\"mailto:pak.gyakorloovoda@semmelweis.hu\">pak.gyakorloovoda@semmelweis.hu<\/a><\/p>\n<p><strong>Telefon:\u00a0<\/strong>(+36-1)-224-1588\/1585<\/p>\n<p>&nbsp;<\/p>\n","protected":false},"excerpt":{"rendered":"<p>\u00d3vodai felv\u00e9telre val\u00f3 jelentkez\u00e9s, \u00f3vodai felv\u00e9tel Az \u00f3voda minden \u00e9v febru\u00e1r h\u00f3napj\u00e1t\u00f3l folyamatosan v\u00e1rja az \u00e9rdekl\u0151d\u0151k jelentkez\u00e9s\u00e9t. A csal\u00e1dokat el\u0151zetes id\u0151pont egyeztet\u00e9s ut\u00e1n szem\u00e9lyes tal\u00e1lkoz\u00e1son fogadja az \u00f3voda vezet\u0151je, ahol egy\u00e9ni besz\u00e9lget\u00e9s, a gyermek vizsg\u00e1lata, illetve el\u0151zetes vizsg\u00e1lati eredm\u00e9nyek \u00e1ttekint\u00e9se alapj\u00e1n (konduktor, gy\u00f3gypedag\u00f3gus team bevon\u00e1s\u00e1val) d\u00f6nt a gyermek felv\u00e9tel\u00e9r\u0151l. A jelentkez\u00e9seket els\u0151sorban\u00a0 e-mailben, illetve telefonon &hellip;<\/p>\n","protected":false},"author":101415,"featured_media":0,"parent":0,"menu_order":4,"comment_status":"closed","ping_status":"closed","template":"","meta":{"_acf_changed":false,"footnotes":""},"categories":[],"tags":[],"class_list":["post-34","page","type-page","status-publish","hentry"],"acf":[],"_links":{"self":[{"href":"https:\/\/semmelweis.hu\/peto-ovoda\/wp-json\/wp\/v2\/pages\/34","targetHints":{"allow":["GET"]}}],"collection":[{"href":"https:\/\/semmelweis.hu\/peto-ovoda\/wp-json\/wp\/v2\/pages"}],"about":[{"href":"https:\/\/semmelweis.hu\/peto-ovoda\/wp-json\/wp\/v2\/types\/page"}],"author":[{"embeddable":true,"href":"https:\/\/semmelweis.hu\/peto-ovoda\/wp-json\/wp\/v2\/users\/101415"}],"replies":[{"embeddable":true,"href":"https:\/\/semmelweis.hu\/peto-ovoda\/wp-json\/wp\/v2\/comments?post=34"}],"version-history":[{"count":11,"href":"https:\/\/semmelweis.hu\/peto-ovoda\/wp-json\/wp\/v2\/pages\/34\/revisions"}],"predecessor-version":[{"id":684,"href":"https:\/\/semmelweis.hu\/peto-ovoda\/wp-json\/wp\/v2\/pages\/34\/revisions\/684"}],"wp:attachment":[{"href":"https:\/\/semmelweis.hu\/peto-ovoda\/wp-json\/wp\/v2\/media?parent=34"}],"wp:term":[{"taxonomy":"category","embeddable":true,"href":"https:\/\/semmelweis.hu\/peto-ovoda\/wp-json\/wp\/v2\/categories?post=34"},{"taxonomy":"post_tag","embeddable":true,"href":"https:\/\/semmelweis.hu\/peto-ovoda\/wp-json\/wp\/v2\/tags?post=34"}],"curies":[{"name":"wp","href":"https:\/\/api.w.org\/{rel}","templated":true}]}}

Jelentkezés, felvétel

<p><span style="font-size: 14pt"><strong>Óvodai felvételre való jelentkezés, óvodai felvétel</strong></span></p>
<p>Az óvoda <strong>minden év február</strong> hónapjától folyamatosan várja az érdeklődők jelentkezését.</p>
<p>A családokat előzetes időpont egyeztetés után személyes találkozáson fogadja az óvoda vezetője, ahol egyéni beszélgetés, a gyermek vizsgálata, illetve előzetes vizsgálati eredmények áttekintése alapján (konduktor, gyógypedagógus team bevonásával) dönt a gyermek felvételéről.</p>
<p>A jelentkezéseket elsősorban  e-mailben, illetve telefonon várjuk.</p>
<p><strong>Az óvoda címe:</strong> 1125 Budapest Kútvölgyi út 8. &#8211; <a href="https://goo.gl/maps/oXb2iVqGbDT2" target="_blank" rel="noopener">Térkép&#8230;</a></p>
<p><strong>Levelezési cím: </strong>1428 Bp. Pf.2.</p>
<p><strong>E-mail cím:</strong> <a href="mailto:pak.gyakorloovoda@semmelweis.hu">pak.gyakorloovoda@semmelweis.hu</a></p>
<p><strong>Telefon: </strong>(+36-1)-224-1588/1585</p>
<p>&nbsp;</p>

<p>Óvodai felvételre való jelentkezés, óvodai felvétel Az óvoda minden év február hónapjától folyamatosan várja az érdeklődők jelentkezését. A családokat előzetes időpont egyeztetés után személyes találkozáson fogadja az óvoda vezetője, ahol egyéni beszélgetés, a gyermek vizsgálata, illetve előzetes vizsgálati eredmények áttekintése alapján (konduktor, gyógypedagógus team bevonásával) dönt a gyermek felvételéről. A jelentkezéseket elsősorban  e-mailben, illetve telefonon &hellip;</p>
