{"id":5729,"date":"2021-04-15T13:34:10","date_gmt":"2021-04-15T11:34:10","guid":{"rendered":"https:\/\/semmelweis.hu\/peto-ekpmi\/?page_id=5729"},"modified":"2021-04-16T08:37:29","modified_gmt":"2021-04-16T06:37:29","slug":"tajekoztatas-a-jelenleti-oktatas-indulasarol","status":"publish","type":"page","link":"https:\/\/semmelweis.hu\/peto-ekpmi\/tajekoztatas-a-jelenleti-oktatas-indulasarol\/","title":{"rendered":"T\u00e1j\u00e9koztat\u00e1s a jelenl\u00e9ti oktat\u00e1s indul\u00e1s\u00e1r\u00f3l"},"content":{"rendered":"<p><strong>Tisztelt Sz\u00fcl\u0151k!<\/strong><\/p>\n<p style=\"text-align: justify\">Mint arr\u00f3l a m\u00e9di\u00e1b\u00f3l m\u00e1r bizonyosan \u00e9rtes\u00fcltek, 2021. \u00e1prilis 19-\u00e9n csak az als\u00f3 tagozatos gyerekek kezdik el a tantermi oktat\u00e1st. A fels\u0151 tagozatos \u00e9s szakiskolai tanul\u00f3kn\u00e1l tov\u00e1bbra is a digit\u00e1lis munkarend marad \u00e9rv\u00e9nyben.<\/p>\n<p style=\"text-align: justify\">\u00c1prilis 19-\u00e9n (vas\u00e1rnapi visszav\u00e9tel eset\u00e9n 18-\u00e1n) csak az als\u00f3 tagozatos (el\u0151k\u00e9sz\u00edt\u0151, 1., 2., 3., 4. oszt\u00e1lyos) tanul\u00f3inkat vessz\u00fck vissza. <br \/>A fels\u0151 tagozatos \u00e9s szakiskolai tanul\u00f3k \u00e9tkez\u00e9s\u00e9t hivatalb\u00f3l lemondjuk.<\/p>\n<p style=\"text-align: justify\">Azon als\u00f3 tagozatos tanul\u00f3k \u00e9tkez\u00e9s\u00e9t, akik b\u00e1rmilyen okb\u00f3l hi\u00e1nyozni fognak, a kor\u00e1bban megszokottak szarint mondj\u00e1k le az \u00e9tkez\u00e9s\u00fcket! <br \/>Int\u00e9zm\u00e9ny\u00fcnk kiz\u00e1r\u00f3lag eg\u00e9szs\u00e9ges, COVID t\u00fcneteket nem mutat\u00f3 tanul\u00f3kat fogad. A beteg, vagy az ismert COVID t\u00fcneteket mutat\u00f3 gyerekeket \u2013 a helyi <br \/>j\u00e1rv\u00e1ny\u00fcgyi protokoll alapj\u00e1n \u2013 nem tudjuk fogadni, halad\u00e9ktalan hazasz\u00e1ll\u00edt\u00e1sukr\u00f3l a sz\u00fcl\u0151knek kell gondoskodni.<\/p>\n<p>Budapest, 2021. \u00e1prilis 15.<\/p>\n","protected":false},"excerpt":{"rendered":"<p>Tisztelt Sz\u00fcl\u0151k! Mint arr\u00f3l a m\u00e9di\u00e1b\u00f3l m\u00e1r bizonyosan \u00e9rtes\u00fcltek, 2021. \u00e1prilis 19-\u00e9n csak az als\u00f3 tagozatos gyerekek kezdik el a tantermi oktat\u00e1st. A fels\u0151 tagozatos \u00e9s szakiskolai tanul\u00f3kn\u00e1l tov\u00e1bbra is a digit\u00e1lis munkarend marad \u00e9rv\u00e9nyben. \u00c1prilis 19-\u00e9n (vas\u00e1rnapi visszav\u00e9tel eset\u00e9n 18-\u00e1n) csak az als\u00f3 tagozatos (el\u0151k\u00e9sz\u00edt\u0151, 1., 2., 3., 4. oszt\u00e1lyos) tanul\u00f3inkat vessz\u00fck vissza. A &hellip;<\/p>\n","protected":false},"author":101410,"featured_media":0,"parent":0,"menu_order":0,"comment_status":"closed","ping_status":"closed","template":"","meta":{"_acf_changed":false,"footnotes":""},"categories":[17,1,29],"tags":[],"class_list":["post-5729","page","type-page","status-publish","hentry","category-se-pa-ekpmi-hirei","category-iskolai-hirek","category-szakiskola-hirei"],"acf":[],"_links":{"self":[{"href":"https:\/\/semmelweis.hu\/peto-ekpmi\/wp-json\/wp\/v2\/pages\/5729","targetHints":{"allow":["GET"]}}],"collection":[{"href":"https:\/\/semmelweis.hu\/peto-ekpmi\/wp-json\/wp\/v2\/pages"}],"about":[{"href":"https:\/\/semmelweis.hu\/peto-ekpmi\/wp-json\/wp\/v2\/types\/page"}],"author":[{"embeddable":true,"href":"https:\/\/semmelweis.hu\/peto-ekpmi\/wp-json\/wp\/v2\/users\/101410"}],"replies":[{"embeddable":true,"href":"https:\/\/semmelweis.hu\/peto-ekpmi\/wp-json\/wp\/v2\/comments?post=5729"}],"version-history":[{"count":3,"href":"https:\/\/semmelweis.hu\/peto-ekpmi\/wp-json\/wp\/v2\/pages\/5729\/revisions"}],"predecessor-version":[{"id":5741,"href":"https:\/\/semmelweis.hu\/peto-ekpmi\/wp-json\/wp\/v2\/pages\/5729\/revisions\/5741"}],"wp:attachment":[{"href":"https:\/\/semmelweis.hu\/peto-ekpmi\/wp-json\/wp\/v2\/media?parent=5729"}],"wp:term":[{"taxonomy":"category","embeddable":true,"href":"https:\/\/semmelweis.hu\/peto-ekpmi\/wp-json\/wp\/v2\/categories?post=5729"},{"taxonomy":"post_tag","embeddable":true,"href":"https:\/\/semmelweis.hu\/peto-ekpmi\/wp-json\/wp\/v2\/tags?post=5729"}],"curies":[{"name":"wp","href":"https:\/\/api.w.org\/{rel}","templated":true}]}}