{"id":174,"date":"2017-12-19T00:00:00","date_gmt":"2017-12-18T23:00:00","guid":{"rendered":"http:\/\/semmelweis.hu\/peto-ekmpi\/szakszolgalat\/"},"modified":"2025-12-19T17:41:34","modified_gmt":"2025-12-19T16:41:34","slug":"szakszolgalat","status":"publish","type":"page","link":"https:\/\/semmelweis.hu\/peto-ekpmi\/szakszolgalat-2\/szakszolgalat\/","title":{"rendered":"Pedag\u00f3giai Szakszolg\u00e1lat"},"content":{"rendered":"<div class=\"keretes w-100\"><strong><strong>A Pedag\u00f3giai Szakszolg\u00e1lat regisztr\u00e1l\u00e1s alapj\u00e1n fogadja a jelentkez\u00e9seket, melyet ezen a fel\u00fcleten tudnak megtenni:\u00a0<\/strong><\/strong><\/p>\n<div class=\"w-100\" style=\"text-align: center\"><span id=\"cch_f17a3ba8f695a74\" class=\"_mh6 _wsc\" style=\"text-align: justify;color: #1e2326;text-transform: none;text-indent: 0px;letter-spacing: normal;font-family: 'PT serif', serif;font-size: 18pt;font-style: normal;font-weight: 400;background-color: #ffffff\"> <\/span><a class=\"button-big\" href=\"https:\/\/docs.google.com\/forms\/d\/e\/1FAIpQLSeBbnpHKqz0oIBFhlBmo4Y6peFKnDTuchTSejPZj0vdG1L5Tg\/viewform\" target=\"_blank\" rel=\"noopener noreferrer\">ONLINE JELENTKEZ\u00c9S<\/a><\/div>\n<div class=\"w-100\" style=\"text-align: left\"><strong>Sz\u00fcks\u00e9g eset\u00e9n kereshetik a szakszolg\u00e1lati titk\u00e1rt a +36 70 642 0117-es mobil sz\u00e1mon.<\/strong><\/div>\n<\/div>\n<div id=\"GroupWiseSection_1547074768000_gruber.monika@semmelweis-univ.hu_4FCF880C1C8C0000B4706F6437396132_\" class=\"GroupWiseMessageBody active\">\n<div>\n<table style=\"width: 100.303%;border-collapse: collapse;border-style: hidden;height: 198px\">\n<tbody>\n<tr style=\"border-style: hidden\">\n<td style=\"width: 15.7789%;border-style: hidden\"><a href=\"https:\/\/semmelweis.hu\/peto-ekpmi\/files\/2025\/02\/gruber-monika-e1666958118629-600x600-1.jpg\"><img loading=\"lazy\" decoding=\"async\" class=\"alignleft size-full wp-image-8887\" src=\"https:\/\/semmelweis.hu\/peto-ekpmi\/files\/2025\/02\/gruber-monika-e1666958118629-600x600-1.jpg\" alt=\"\" width=\"600\" height=\"600\" srcset=\"https:\/\/semmelweis.hu\/peto-ekpmi\/files\/2025\/02\/gruber-monika-e1666958118629-600x600-1.jpg 600w, https:\/\/semmelweis.hu\/peto-ekpmi\/files\/2025\/02\/gruber-monika-e1666958118629-600x600-1-400x400.jpg 400w, https:\/\/semmelweis.hu\/peto-ekpmi\/files\/2025\/02\/gruber-monika-e1666958118629-600x600-1-150x150.jpg 150w\" sizes=\"auto, (max-width: 600px) 100vw, 600px\" \/><\/a><\/td>\n<td style=\"width: 84.2211%\"><span style=\"font-size: 14pt\"><strong>Pedag\u00f3giai Szakszolg\u00e1lat<\/strong><br \/>\n<strong>C\u00edm:<\/strong>1125 Budapest, K\u00fatv\u00f6lgyi \u00fat 6.<br \/>\n<strong>Egys\u00e9gvezet\u0151:<\/strong> Gruber M\u00f3nika<br \/>\n<strong>Telefon:<\/strong> +36 70 642 0117<br \/>\n<strong>E-mail:<\/strong> <a href=\"mailto:gruber.monika@semmelweis.hu\">gruber.monika@semmelweis.hu<\/a><br \/>\n<\/span><\/td>\n<\/tr>\n<\/tbody>\n<\/table>\n<\/div>\n<\/div>\n<p style=\"text-align: justify\">Alap\u00edt\u00f3 okiratunk szerint k\u00f6zponti idegrendszeri s\u00e9r\u00fcl\u00e9s eset\u00e9n, a mozg\u00e1ss\u00e9r\u00fclt csecsem\u0151\/ gyermek \u00f3vod\u00e1ba l\u00e9p\u00e9s\u00e9ig korai kondukt\u00edv nevel\u00e9st, gondoz\u00e1st, kondukt\u00edv pedag\u00f3giai ell\u00e1t\u00e1st biztos\u00edtunk. Sz\u00fcks\u00e9g eset\u00e9n nevel\u00e9si tan\u00e1csad\u00e1st ny\u00fajtunk a hozz\u00e1nk fordul\u00f3 csal\u00e1doknak. Trad\u00edci\u00f3ink szerint a korai \u00e9letkort\u00f3l es\u00e9lyt adunk a s\u00falyos, halmozottan s\u00e9r\u00fclt gyermekek maxim\u00e1lis fejleszt\u00e9s\u00e9re az agyi plaszticit\u00e1sra \u00e9p\u00edtve. Intenz\u00edv Intervallum Kondukt\u00edv\u00a0 Csoportunkban biztos\u00edtjuk a modern agytudom\u00e1nyok \u00e1ltal k\u00e9pviselt holisztikus motiv\u00e1lt, \u00e9letkornak megfelel\u0151, csoportban zajl\u00f3 komplex fejleszt\u00e9st, kihaszn\u00e1lva \u00e9s szakmailag ir\u00e1ny\u00edtva a t\u00e1mogat\u00f3 sz\u00fcl\u0151i magatart\u00e1st, tan\u00edtva a csal\u00e1dban zajl\u00f3 integr\u00e1lt nevel\u00e9st. Az intenz\u00edv mozg\u00e1s \u00e9s \u00e9rtelemfejleszt\u00e9s c\u00e9lj\u00e1b\u00f3l, az eredm\u00e9nyess\u00e9g gyors el\u00e9r\u00e9se c\u00e9lj\u00e1b\u00f3l a gyermek sz\u00fcleivel egy\u00fctt tanulja az egym\u00e1shoz val\u00f3 alkalmazkod\u00e1st, a s\u00e9r\u00fclt, min\u0151s\u00e9gileg elt\u00e9r\u0151 fejl\u0151d\u00e9smenet k\u00f6z\u00f6s korrig\u00e1l\u00e1s\u00e1t. Ebben a fejleszt\u0151 szitu\u00e1ci\u00f3ban lehet\u0151s\u00e9g van szoci\u00e1lis kapcsolatok ki\u00e9p\u00edt\u00e9s\u00e9re, sz\u00fcl\u0151i \u00f6nseg\u00edt\u0151 csoportok alak\u00edt\u00e1s\u00e1ra, elfogad\u00f3, felt\u00e9tel n\u00e9lk\u00fcli szeretet megtapasztal\u00e1s\u00e1ra. Mindezeket egy helyen, megfelel\u0151 t\u00e1rgyi \u00e9s szakmai felt\u00e9telek k\u00f6z\u00f6tt biztos\u00edtjuk.<\/p>\n<h6><strong><span style=\"font-size: 15pt\">Hetirend<\/span><\/strong><\/h6>\n<p style=\"text-align: justify\">A korai fejleszt\u00e9s \u00e9s gondoz\u00e1s az Int\u00e9zm\u00e9nyben a tan\u00e9v elej\u00e9t\u0151l tervezett heti rend alapj\u00e1n zajlik. A heti rend beoszt\u00e1s\u00e1nak alapj\u00e1t a tervezett els\u0151 kondukt\u00edv vizsg\u00e1latok \u00e9s a csoportos fejleszt\u00e9sek, kontroll vizsg\u00e1latok\u00a0 adj\u00e1k. A vizsg\u00e1lati beoszt\u00e1s a konduktorok munkarendje alapj\u00e1n t\u00f6rt\u00e9nik. Eg\u00e9sz h\u00e9ten, p\u00e1rhuzamosan, bejelentkez\u00e9si sorrend alapj\u00e1n, szakszolg\u00e1lati titk\u00e1r \u00e1ltal koordin\u00e1lt \u00fctemben zajlanak a vizsg\u00e1latok. Egy vizsg\u00e1lat id\u0151tartama 1 &#8211; 1,5 \u00f3ra \u00e9letkort\u00f3l f\u00fcgg\u0151en. A vizsg\u00e1latok egy\u00e9ni kezdem\u00e9nyez\u00e9s, spont\u00e1n jelentkez\u00e9s, illetve v\u00e9d\u0151n\u0151 \u00e9s orvos \u00e1ltal javasoltan zajlanak. Az adott h\u00e9ten vizsg\u00e1lt gyermekekr\u0151l tan\u00e1csad\u00e1si jegyz\u0151k\u00f6nyv \u00e9s szakmai javaslat k\u00e9sz\u00fcl, amelyet a csal\u00e1dok postai \u00faton kapnak meg.<\/p>\n<p style=\"text-align: justify\">Intenz\u00edv intervallum csoportunkban 2-3 hetes csoportokat tervez\u00fcnk.<\/p>\n<h6><strong><span style=\"font-size: 15pt\">M\u0171k\u00f6d\u00e9si elvek<\/span><\/strong><\/h6>\n<p style=\"text-align: justify\">A munk\u00e1nk sor\u00e1n mindig a gyermek \u00e9rdek\u00e9t tartjuk szemel\u0151tt, biztos\u00edtva az es\u00e9lyegyenl\u0151s\u00e9get \u00e9s az \u00e1llampolg\u00e1ri jogok tiszteletben tart\u00e1s\u00e1t. A csal\u00e1dot egys\u00e9g\u00e9ben seg\u00edtj\u00fck, mind a sz\u00fcl\u0151, mind a gyermek ig\u00e9nyeit \u00e9s lehet\u0151s\u00e9geit figyelembe v\u00e9ve. Amennyiben a gyermek ell\u00e1t\u00e1sa az int\u00e9zm\u00e9ny keretei k\u00f6z\u00f6tt nem oldhat\u00f3 meg, ill. m\u00e1s ell\u00e1t\u00e1si forma (pl. integr\u00e1lt nevel\u00e9s) kedvez\u0151bbnek l\u00e1tszik a gyermek szempontj\u00e1b\u00f3l, err\u0151l t\u00e1j\u00e9koztatni kell a sz\u00fcl\u0151t, seg\u00edts\u00e9get kell ny\u00fajtani a megfelel\u0151 int\u00e9zm\u00e9ny kiv\u00e1laszt\u00e1s\u00e1n\u00e1l<strong>.<\/strong><\/p>\n<h6><strong>Szolg\u00e1ltat\u00e1saink<\/strong><\/h6>\n<p><span style=\"font-size: 14pt\"><strong>Gy\u00f3gypedag\u00f3giai\/kondukt\u00edv pedag\u00f3giai korai fejleszt\u00e9s, oktat\u00e1s \u00e9s gondoz\u00e1s<\/strong><\/span><\/p>\n<ul>\n<li><span style=\"font-size: 14pt\">Prevenci\u00f3, nevel\u00e9si tan\u00e1csad\u00e1s<\/span><\/li>\n<li><span style=\"font-size: 14pt\">Intenz\u00edv, intervallum kondukt\u00edv nevel\u00e9s SNI 2-6 \u00e9ves kor\u00fa gyermekeknek<\/span><\/li>\n<li><span style=\"font-size: 14pt\">Egy\u00e9ni \u00e9s csoportos fejleszt\u00e9s<\/span><\/li>\n<\/ul>\n<p><span style=\"font-size: 14pt\"><strong>Kondukt\u00edv pedag\u00f3giai ell\u00e1t\u00e1s<\/strong><\/span><\/p>\n<p style=\"text-align: justify\"><span style=\"font-size: 14pt\">A kondukt\u00edv pedag\u00f3giai ell\u00e1t\u00e1sunk feladata a k\u00f6zponti idegrendszeri s\u00e9r\u00fcltek kondukt\u00edv nevel\u00e9se, fejleszt\u00e9se \u00e9s gondoz\u00e1sa. A kondukt\u00edv pedag\u00f3giai ell\u00e1t\u00e1s az \u00f3vodai nevel\u00e9shez, iskolai nevel\u00e9shez \u00e9s oktat\u00e1shoz kapcsol\u00f3d\u00f3an vagy egy\u00e9ni fejleszt\u0151 foglalkoz\u00e1s keret\u00e9ben val\u00f3s\u00edtjuk meg. A fejleszt\u0151 foglalkoz\u00e1s a szak\u00e9rt\u0151i bizotts\u00e1g szak\u00e9rt\u0151i v\u00e9lem\u00e9ny\u00e9ben meghat\u00e1rozottak szerint lehet egy\u00e9ni vagy csoportos foglalkoz\u00e1s. A kondukt\u00edv pedag\u00f3giai ell\u00e1t\u00e1s feladatainak megval\u00f3s\u00edt\u00e1s\u00e1ban a sz\u00fcl\u0151 k\u00f6zrem\u0171k\u00f6dhet. A kondukt\u00edv pedag\u00f3giai ell\u00e1t\u00e1s a tan\u00e9v rendj\u00e9hez igazodik \u00e9s \u00e9v k\u00f6zben is megkezdhet\u0151.<\/span><\/p>\n<p><span style=\"font-size: 14pt\"><strong>Nevel\u00e9si tan\u00e1csad\u00e1s<\/strong><\/span><\/p>\n<p><span style=\"font-size: 14pt\">SNI besorol\u00e1ssal nem rendelkez\u0151 3 \u00e9v alatti gyermekek sz\u00e1m\u00e1ra ny\u00fajtunk nevel\u00e9si tan\u00e1csad\u00e1st \u00e9s 3 &#8211; 6 \u00e9ves korig, amennyiben nem nem kezdt\u00e9k meg az \u00f3vod\u00e1t<\/span><\/p>\n<p><span style=\"font-size: 14pt\"><strong>\u00d3voda \u00e9s iskola pszichol\u00f3giai tev\u00e9kenys\u00e9gb\u0151l:<\/strong><\/span><\/p>\n<p><span style=\"font-size: 14pt\">Pszichol\u00f3giai gondoz\u00e1s korai \u00e9letkor\u00fa gyermekek \u00e9s sz\u00fcleik r\u00e9sz\u00e9re 0-6 \u00e9ves korig t\u00f6rt\u00e9nik.<\/span><\/p>\n","protected":false},"excerpt":{"rendered":"<p>A Pedag\u00f3giai Szakszolg\u00e1lat regisztr\u00e1l\u00e1s alapj\u00e1n fogadja a jelentkez\u00e9seket, melyet ezen a fel\u00fcleten tudnak megtenni:\u00a0 <a class=\"button-big\" href=\"https:\/\/docs.google.com\/forms\/d\/e\/1FAIpQLSeBbnpHKqz0oIBFhlBmo4Y6peFKnDTuchTSejPZj0vdG1L5Tg\/viewform\" target=\"_blank\" rel=\"noopener noreferrer\">ONLINE JELENTKEZ\u00c9S<\/a> Sz\u00fcks\u00e9g eset\u00e9n kereshetik a szakszolg\u00e1lati titk\u00e1rt a +36 70 642 0117-es mobil sz\u00e1mon. <a href=\"https:\/\/semmelweis.hu\/peto-ekpmi\/files\/2025\/02\/gruber-monika-e1666958118629-600x600-1.jpg\"><\/a> Pedag\u00f3giai Szakszolg\u00e1lat C\u00edm:1125 Budapest, K\u00fatv\u00f6lgyi \u00fat 6. Egys\u00e9gvezet\u0151: Gruber M\u00f3nika Telefon: +36 70 642 0117 E-mail: <a href=\"mailto:gruber.monika@semmelweis.hu\">gruber.monika@semmelweis.hu<\/a> Alap\u00edt\u00f3 okiratunk szerint k\u00f6zponti idegrendszeri s\u00e9r\u00fcl\u00e9s eset\u00e9n, a mozg\u00e1ss\u00e9r\u00fclt csecsem\u0151\/ gyermek \u00f3vod\u00e1ba &hellip;<\/p>\n","protected":false},"author":101410,"featured_media":0,"parent":5521,"menu_order":1,"comment_status":"closed","ping_status":"closed","template":"","meta":{"_acf_changed":false,"footnotes":""},"categories":[],"tags":[],"class_list":["post-174","page","type-page","status-publish","hentry"],"acf":[],"_links":{"self":[{"href":"https:\/\/semmelweis.hu\/peto-ekpmi\/wp-json\/wp\/v2\/pages\/174","targetHints":{"allow":["GET"]}}],"collection":[{"href":"https:\/\/semmelweis.hu\/peto-ekpmi\/wp-json\/wp\/v2\/pages"}],"about":[{"href":"https:\/\/semmelweis.hu\/peto-ekpmi\/wp-json\/wp\/v2\/types\/page"}],"author":[{"embeddable":true,"href":"https:\/\/semmelweis.hu\/peto-ekpmi\/wp-json\/wp\/v2\/users\/101410"}],"replies":[{"embeddable":true,"href":"https:\/\/semmelweis.hu\/peto-ekpmi\/wp-json\/wp\/v2\/comments?post=174"}],"version-history":[{"count":10,"href":"https:\/\/semmelweis.hu\/peto-ekpmi\/wp-json\/wp\/v2\/pages\/174\/revisions"}],"predecessor-version":[{"id":9470,"href":"https:\/\/semmelweis.hu\/peto-ekpmi\/wp-json\/wp\/v2\/pages\/174\/revisions\/9470"}],"up":[{"embeddable":true,"href":"https:\/\/semmelweis.hu\/peto-ekpmi\/wp-json\/wp\/v2\/pages\/5521"}],"wp:attachment":[{"href":"https:\/\/semmelweis.hu\/peto-ekpmi\/wp-json\/wp\/v2\/media?parent=174"}],"wp:term":[{"taxonomy":"category","embeddable":true,"href":"https:\/\/semmelweis.hu\/peto-ekpmi\/wp-json\/wp\/v2\/categories?post=174"},{"taxonomy":"post_tag","embeddable":true,"href":"https:\/\/semmelweis.hu\/peto-ekpmi\/wp-json\/wp\/v2\/tags?post=174"}],"curies":[{"name":"wp","href":"https:\/\/api.w.org\/{rel}","templated":true}]}}