{"id":78,"date":"2023-03-03T11:05:31","date_gmt":"2023-03-03T10:05:31","guid":{"rendered":"https:\/\/semmelweis.hu\/peto-development\/?page_id=78"},"modified":"2024-10-07T12:46:53","modified_gmt":"2024-10-07T10:46:53","slug":"contact-us","status":"publish","type":"page","link":"https:\/\/semmelweis.hu\/peto-development\/contact-us\/","title":{"rendered":"Contact us"},"content":{"rendered":"<p>&nbsp;<\/p>\n<div class=\"keretes w-100\">\n<h6><strong>Address:<\/strong> H-1125 Budapest, K\u00fatv\u00f6lgyi \u00fat 8. HUNGARY<\/h6>\n<h6><strong>Phone:<\/strong> <a href=\"tel:+3612241500\">+36 1 224 1500<\/a> ; <a href=\"tel:+3614591500\">+36 1 459 1500<\/a>\u00a0 Extension number: 62529<\/h6>\n<h6><strong>E-mail:<\/strong> <a href=\"mailto:pak.ce@semmelweis.hu\">pak.ce@semmelweis.hu<\/a><\/h6>\n<\/div>\n\n<!-- iframe plugin v.4.9 wordpress.org\/plugins\/iframe\/ -->\n<iframe src=\"https:\/\/www.google.com\/maps\/embed?pb=!1m18!1m12!1m3!1d2694.8919003411747!2d19.00076361586918!3d47.51149640253574!2m3!1f0!2f0!3f0!3m2!1i1024!2i768!4f13.1!3m3!1m2!1s0x4741debf39fc5241%3A0xd9bc957a0d341a3a!2sSemmelweis%20Egyetem%20Pet%C5%91%20Andr%C3%A1s%20Kar!5e0!3m2!1shu!2shu!4v1678111846476!5m2!1shu!2shu\" width=\"100%\" height=\"400\" style=\"border:0;\" allowfullscreen loading=\"lazy\" referrerpolicy=\"no-referrer-when-downgrade\" scrolling=\"yes\" class=\"iframe-class\" frameborder=\"0\"><\/iframe>\n\n","protected":false},"excerpt":{"rendered":"<p>&nbsp;<\/p>\n<p>Address: H-1125 Budapest, K\u00fatv\u00f6lgyi \u00fat 8. HUNGARY<br \/>\nPhone: <a href=\"tel:+3612241500\">+36 1 224 1500<\/a> ; <a href=\"tel:+3614591500\">+36 1 459 1500<\/a>\u00a0 Extension number: 62529<br \/>\nE-mail: <a href=\"mailto:pak.ce@semmelweis.hu\">pak.ce@semmelweis.hu<\/a><\/p>\n","protected":false},"author":102184,"featured_media":0,"parent":0,"menu_order":0,"comment_status":"closed","ping_status":"closed","template":"","meta":{"_acf_changed":false,"footnotes":""},"categories":[],"tags":[],"class_list":["post-78","page","type-page","status-publish","hentry"],"acf":[],"_links":{"self":[{"href":"https:\/\/semmelweis.hu\/peto-development\/wp-json\/wp\/v2\/pages\/78","targetHints":{"allow":["GET"]}}],"collection":[{"href":"https:\/\/semmelweis.hu\/peto-development\/wp-json\/wp\/v2\/pages"}],"about":[{"href":"https:\/\/semmelweis.hu\/peto-development\/wp-json\/wp\/v2\/types\/page"}],"author":[{"embeddable":true,"href":"https:\/\/semmelweis.hu\/peto-development\/wp-json\/wp\/v2\/users\/102184"}],"replies":[{"embeddable":true,"href":"https:\/\/semmelweis.hu\/peto-development\/wp-json\/wp\/v2\/comments?post=78"}],"version-history":[{"count":10,"href":"https:\/\/semmelweis.hu\/peto-development\/wp-json\/wp\/v2\/pages\/78\/revisions"}],"predecessor-version":[{"id":2128,"href":"https:\/\/semmelweis.hu\/peto-development\/wp-json\/wp\/v2\/pages\/78\/revisions\/2128"}],"wp:attachment":[{"href":"https:\/\/semmelweis.hu\/peto-development\/wp-json\/wp\/v2\/media?parent=78"}],"wp:term":[{"taxonomy":"category","embeddable":true,"href":"https:\/\/semmelweis.hu\/peto-development\/wp-json\/wp\/v2\/categories?post=78"},{"taxonomy":"post_tag","embeddable":true,"href":"https:\/\/semmelweis.hu\/peto-development\/wp-json\/wp\/v2\/tags?post=78"}],"curies":[{"name":"wp","href":"https:\/\/api.w.org\/{rel}","templated":true}]}}