{"id":486,"date":"2023-04-14T12:32:55","date_gmt":"2023-04-14T10:32:55","guid":{"rendered":"https:\/\/semmelweis.hu\/peto-development\/?page_id=486"},"modified":"2025-03-18T17:21:06","modified_gmt":"2025-03-18T16:21:06","slug":"parkinson","status":"publish","type":"page","link":"https:\/\/semmelweis.hu\/peto-development\/hu\/szolgaltatasok\/felnotteknek\/parkinson\/","title":{"rendered":"Parkinson"},"content":{"rendered":"<h1>Parkinson<\/h1>\n<p>A <strong>Parkinson-k\u00f3r<\/strong> komplex kezel\u00e9s\u00e9ben a gy\u00f3gyszeres kezel\u00e9s mellett, vil\u00e1gszerte fontos szerepet kap a k\u00fcl\u00f6nb\u00f6z\u0151 szakemberek \u00e1ltal ir\u00e1ny\u00edtott mozg\u00e1sfejleszt\u00e9s. Az Eur\u00f3pai Parkinson T\u00e1rsas\u00e1g (EPDA) magyar nyelven is el\u00e9rhet\u0151, a betegek sz\u00e1m\u00e1ra kiadott kiadv\u00e1nyaiban is t\u00f6bb helyen hangs\u00falyozz\u00e1k a testmozg\u00e1s fontoss\u00e1g\u00e1t, el\u0151nyeit, mi t\u00f6bb, aj\u00e1nlj\u00e1k a diagn\u00f3zis fel\u00e1ll\u00edt\u00e1sa ut\u00e1n <strong>miel\u0151bb megkezdett mozg\u00e1sos ter\u00e1pi\u00e1k<\/strong> alkalmaz\u00e1s\u00e1t.<\/p>\n<p>A Parkinson-k\u00f3r egy k\u00f6zponti idegrendszeri betegs\u00e9g, amely motoros k\u00e9pess\u00e9geket is \u00e9rinthet. A kondukt\u00edv ter\u00e1pia (m\u00e1s n\u00e9ven Pet\u0151-m\u00f3dszer) olyan ter\u00e1pi\u00e1s megk\u00f6zel\u00edt\u00e9s, amely seg\u00edthet a Parkinson-k\u00f3ros betegeknek a motoros k\u00e9pess\u00e9geik jav\u00edt\u00e1s\u00e1ban \u00e9s a mindennapi \u00e9letben val\u00f3 akt\u00edvabb r\u00e9szv\u00e9telben. A kondukt\u00edv ter\u00e1pia egy olyan eg\u00e9sz testes ter\u00e1pia, amelyet eredetileg s\u00e9r\u00fclt gyermekek sz\u00e1m\u00e1ra fejlesztettek ki, de az \u00e9vek sor\u00e1n Parkinson-k\u00f3r \u00e9s m\u00e1s neurodegenerat\u00edv betegs\u00e9gek eset\u00e9n is alkalmazz\u00e1k.<\/p>\n<p>A kondukt\u00edv ter\u00e1pia n\u00e9h\u00e1ny f\u0151 jellemz\u0151je a Parkinson-k\u00f3ros betegek sz\u00e1m\u00e1ra:<\/p>\n<ul>\n<li><strong>Csoportos k\u00f6rnyezetben v\u00e9gzett ter\u00e1pia:<\/strong> A kondukt\u00edv ter\u00e1pia csoportos k\u00f6rnyezetben zajlik, amely lehet\u0151s\u00e9get ad a betegeknek a k\u00f6z\u00f6ss\u00e9gi kapcsolatok \u00e9p\u00edt\u00e9s\u00e9re \u00e9s t\u00e1mogat\u00e1sra.<\/li>\n<li><strong>Holisztikus megk\u00f6zel\u00edt\u00e9s:<\/strong> A ter\u00e1pia f\u00f3kusz\u00e1ban az eg\u00e9sz test \u00e1ll, nem csak a Parkinson-k\u00f3r specifikus t\u00fcneteivel. A c\u00e9l az, hogy az eg\u00e9sz testet \u00e9s a motoros k\u00e9pess\u00e9geket er\u0151s\u00edts\u00e9k \u00e9s fejlessz\u00e9k.<\/li>\n<li><strong>Ismeretek \u00e1tad\u00e1sa:<\/strong> A kondukt\u00edv ter\u00e1pia sor\u00e1n az oktat\u00f3k az ismereteket \u00e9s technik\u00e1kat \u00e1tadj\u00e1k a betegeknek, hogy azok \u00f6n\u00e1ll\u00f3an is alkalmazhass\u00e1k a mindennapi \u00e9let\u00fckben.<\/li>\n<li><strong>Igentudatoss\u00e1g \u00e9s kitart\u00e1s:<\/strong> A ter\u00e1pia mag\u00e1ba foglalja az \u00f6nfegyelmet \u00e9s a kitart\u00e1st, ami a Parkinson-k\u00f3r kezel\u00e9s\u00e9ben \u00e9s a mindennapi tev\u00e9kenys\u00e9gekben is seg\u00edthet.<\/li>\n<li><strong>K\u00fcl\u00f6nb\u00f6z\u0151 gyakorlatok \u00e9s mozg\u00e1sform\u00e1k:<\/strong> A ter\u00e1pia sor\u00e1n k\u00fcl\u00f6nb\u00f6z\u0151 gyakorlatok \u00e9s mozg\u00e1sform\u00e1k alkalmaz\u00e1sa seg\u00edt a betegeknek a test\u00fck jobb kontrollj\u00e1nak \u00e9s egyens\u00faly\u00e1nak el\u00e9r\u00e9s\u00e9ben.<\/li>\n<\/ul>\n<p>A kondukt\u00edv ter\u00e1pia el\u0151nyei k\u00f6z\u00f6tt szerepelhet az egyens\u00faly \u00e9s koordin\u00e1ci\u00f3 jav\u00edt\u00e1sa, a mozg\u00e1sszabads\u00e1g n\u00f6vel\u00e9se, a mindennapi \u00e9letben val\u00f3 \u00f6n\u00e1ll\u00f3s\u00e1g vissza\u00e1ll\u00edt\u00e1sa, valamint a pszichol\u00f3giai \u00e9s szoci\u00e1lis j\u00f3l\u00e9t jav\u00edt\u00e1sa. Fontos megjegyezni, hogy minden Parkinson-k\u00f3r beteg m\u00e1s \u00e9s egyedi, \u00edgy a ter\u00e1pia ter\u00e1pi\u00e1s terv\u00e9t az egy\u00e9ni sz\u00fcks\u00e9gletekhez kell igaz\u00edtani.<\/p>\n<h5 style=\"text-align: center\"><span style=\"text-align: center;font-size: 14pt\">Magyar \u00e1llampolg\u00e1roknak:<\/span><\/h5>\n<p style=\"text-align: center\"><a class=\"btn btn-secondary\" href=\"https:\/\/semmelweis.hu\/peto-development\/hu\/jelentkezes\/jelentkezes-felnott-magyar-allampolgaroknak\/\" target=\"null\" rel=\"noopener\">Jelentkez\u00e9s<\/a><\/p>\n<h5 style=\"text-align: center\"><span style=\"text-align: center;font-size: 14pt\">K\u00fclf\u00f6ldi \u00e1llampolg\u00e1roknak:<\/span><\/h5>\n<p style=\"text-align: center\"><a class=\"btn btn-secondary\" href=\"https:\/\/semmelweis.hu\/peto-development\/jelentkezes\/jelentkezesi-lap-felnott\/\" target=\"null\" rel=\"noopener\">Jelentkez\u00e9s<\/a><\/p>\n<p style=\"text-align: left\">Els\u0151dleges c\u00e9lkit\u0171z\u00e9s\u00fcnk, egy olyan rendszeres \u00e9s folyamatos komplex foglalkoztat\u00e1st biztos\u00edtsa a hozz\u00e1nk fordul\u00f3k sz\u00e1m\u00e1ra, mellyel az <strong>aktu\u00e1lis mozg\u00e1s\u00e1llapotot min\u00e9l hosszabb ideig fenntartani<\/strong>, lehet\u0151s\u00e9g szerint fejleszteni, a <strong>progresszi\u00f3t m\u00e9rs\u00e9kelni<\/strong> igyeksz\u00fcnk.<\/p>\n<div class=\"keretes w-100\">\n<p>C\u00e9ljainkat \u00fagy hat\u00e1rozzuk meg, hogy a foglalkoz\u00e1sokon tanultak megold\u00e1si m\u00f3dokat adjanak a mindennapi \u00e9letben felmer\u00fcl\u0151 probl\u00e9m\u00e1kra. Ezek <strong>be\u00e9p\u00edthet\u0151k legyenek<\/strong> a mindennapi cselekv\u00e9sekbe, tev\u00e9kenys\u00e9gekbe, sikeresen haszn\u00e1lhat\u00f3k, alkalmazhat\u00f3k legyenek a probl\u00e9mahelyzetekben. C\u00e9lunk, hogy a hozz\u00e1nk j\u00e1r\u00f3k min\u00e9l hosszabb ideig megtarthass\u00e1k aktivit\u00e1sukat, \u00f6n\u00e1ll\u00f3s\u00e1gukat, \u00f6nell\u00e1t\u00f3 k\u00e9pess\u00e9g\u00fcket. Ennek eredm\u00e9nyek\u00e9nt t\u00e9nylegesen <strong>jav\u00edtsuk az \u00e9letmin\u0151s\u00e9get, a teljes\u00edt\u0151k\u00e9pess\u00e9get.<\/strong><\/p>\n<\/div>\n<h5>Tov\u00e1bbi programjaink:<\/h5>\n<ul>\n<li><a href=\"https:\/\/semmelweis.hu\/peto-development\/hu\/szolgaltatasok\/felnotteknek\/kozponti-idegrendszeri-serules\/\">K\u00f6zponti idegrendszeri s\u00e9r\u00fcl\u00e9s (CP)<\/a><\/li>\n<li><a href=\"https:\/\/semmelweis.hu\/peto-development\/hu\/szolgaltatasok\/felnotteknek\/stroke-hu\/\" target=\"_blank\" rel=\"noopener\">Stroke<\/a><\/li>\n<li><a href=\"https:\/\/semmelweis.hu\/peto-development\/hu\/szolgaltatasok\/felnotteknek\/sclerosis-multiplex\/\">Sclerosis Multiplex<\/a><\/li>\n<\/ul>\n\r\n        [slb_exclude]\r\n        <div class=\"row galeria-wrapper mx-0 h-auto\">\r\n            <div class=\"col-9 pl-0 pr-2\">\r\n            <span class=\"gallery-item frame\">\r\n\t\t\t\t<div class=\"galeria-left-img\"><a href=\"https:\/\/semmelweis.hu\/peto-development\/files\/2024\/10\/image0-4-scaled.jpeg\"><img src=https:\/\/semmelweis.hu\/peto-development\/files\/2024\/10\/image0-4-scaled.jpeg  \r\n                            alt=\"\" \r\n                            class=\"attachment-sote-gallery-big size-sote-gallery-big\" \r\n                            srcset=\"https:\/\/semmelweis.hu\/peto-development\/files\/2024\/10\/image0-4-300x400.jpeg 300w, https:\/\/semmelweis.hu\/peto-development\/files\/2024\/10\/image0-4-768x1024.jpeg 768w, https:\/\/semmelweis.hu\/peto-development\/files\/2024\/10\/image0-4-1152x1536.jpeg 1152w, https:\/\/semmelweis.hu\/peto-development\/files\/2024\/10\/image0-4-1536x2048.jpeg 1536w, https:\/\/semmelweis.hu\/peto-development\/files\/2024\/10\/image0-4-753x1004.jpeg 753w, https:\/\/semmelweis.hu\/peto-development\/files\/2024\/10\/image0-4-scaled.jpeg 1920w\" ><\/a><\/div>\r\n            <\/span>\r\n\r\n            <\/div>\r\n\r\n\t\t\t<div class=\"col-3 pl-0 pr-0\">\r\n\t\t\t\t<div class=\"galeria-right-img d-flex justify-content-between flex-column h-100 w-100 px-0 mx-0 \">\r\n                <div class=\"galeria-box\">\r\n\t\t\t\t\t<h3 class=\"galeria-title\">Gallery<\/h3>\r\n\t\t\t\t\t<div class=\"galeria-subtitle\">\r\n\r\n\t\t\t\t\t\t<div class=\"galeria-page-counter\"><span>7<\/span>images<\/div>\r\n                    <\/div> <\/div>\r\n                    <span class=\"gallery-item frame d-none d-md-flex\">\r\n\t\t\t\t\t<div class=\"galeria-small-img mt-0\"><a href=\"https:\/\/semmelweis.hu\/peto-development\/files\/2023\/05\/IMG_1714-scaled.jpg\"><img src=https:\/\/semmelweis.hu\/peto-development\/files\/2023\/05\/IMG_1714-scaled.jpg \r\n                                alt=\"\"  \r\n                                class=\"attachment-sote-gallery-small size-sote-gallery-small\" \r\n                                srcset=\"https:\/\/semmelweis.hu\/peto-development\/files\/2023\/05\/IMG_1714-400x300.jpg 400w, https:\/\/semmelweis.hu\/peto-development\/files\/2023\/05\/IMG_1714-1024x768.jpg 1024w, https:\/\/semmelweis.hu\/peto-development\/files\/2023\/05\/IMG_1714-768x576.jpg 768w, https:\/\/semmelweis.hu\/peto-development\/files\/2023\/05\/IMG_1714-1536x1152.jpg 1536w, https:\/\/semmelweis.hu\/peto-development\/files\/2023\/05\/IMG_1714-2048x1536.jpg 2048w, https:\/\/semmelweis.hu\/peto-development\/files\/2023\/05\/IMG_1714-753x565.jpg 753w\" ><\/a><\/div>\r\n                    <\/span>\r\n                    <span class=\"gallery-item frame d-none d-md-flex\">\r\n\t\t\t\t\t<div class=\"galeria-small-img mt-0\"><a href=\"https:\/\/semmelweis.hu\/peto-development\/files\/2023\/05\/IMG_1719-scaled.jpg\"><img src=https:\/\/semmelweis.hu\/peto-development\/files\/2023\/05\/IMG_1719-scaled.jpg \r\n                                alt=\"\" \r\n                                class=\"attachment-sote-gallery-small size-sote-gallery-small\" \r\n                                srcset=\"https:\/\/semmelweis.hu\/peto-development\/files\/2023\/05\/IMG_1719-400x300.jpg 400w, https:\/\/semmelweis.hu\/peto-development\/files\/2023\/05\/IMG_1719-1024x768.jpg 1024w, https:\/\/semmelweis.hu\/peto-development\/files\/2023\/05\/IMG_1719-768x576.jpg 768w, https:\/\/semmelweis.hu\/peto-development\/files\/2023\/05\/IMG_1719-1536x1152.jpg 1536w, https:\/\/semmelweis.hu\/peto-development\/files\/2023\/05\/IMG_1719-2048x1536.jpg 2048w, https:\/\/semmelweis.hu\/peto-development\/files\/2023\/05\/IMG_1719-753x565.jpg 753w\" ><\/a><\/div>\r\n                    <\/span>\r\n\r\n                <\/div>\r\n\r\n            <\/div>\r\n\r\n            <span class=\"gallery-item\"><div class=\"hidden\"><a href=\"https:\/\/semmelweis.hu\/peto-development\/files\/2023\/05\/IMG_1766-scaled.jpg\">\r\n        <img src=https:\/\/semmelweis.hu\/peto-development\/files\/2023\/05\/IMG_1766-scaled.jpg alt=\"\" class=\"attachment-sote-gallery-big size-sote-gallery-big\" srcset=\"https:\/\/semmelweis.hu\/peto-development\/files\/2023\/05\/IMG_1766-400x300.jpg 400w, https:\/\/semmelweis.hu\/peto-development\/files\/2023\/05\/IMG_1766-1024x768.jpg 1024w, https:\/\/semmelweis.hu\/peto-development\/files\/2023\/05\/IMG_1766-768x576.jpg 768w, https:\/\/semmelweis.hu\/peto-development\/files\/2023\/05\/IMG_1766-1536x1152.jpg 1536w, https:\/\/semmelweis.hu\/peto-development\/files\/2023\/05\/IMG_1766-2048x1536.jpg 2048w, https:\/\/semmelweis.hu\/peto-development\/files\/2023\/05\/IMG_1766-753x565.jpg 753w\" >\r\n        <\/a><\/div><\/span><span class=\"gallery-item\"><div class=\"hidden\"><a href=\"https:\/\/semmelweis.hu\/peto-development\/files\/2024\/10\/image6-2-scaled.jpeg\">\r\n        <img src=https:\/\/semmelweis.hu\/peto-development\/files\/2024\/10\/image6-2-scaled.jpeg alt=\"\" class=\"attachment-sote-gallery-big size-sote-gallery-big\" srcset=\"https:\/\/semmelweis.hu\/peto-development\/files\/2024\/10\/image6-2-300x400.jpeg 300w, https:\/\/semmelweis.hu\/peto-development\/files\/2024\/10\/image6-2-768x1024.jpeg 768w, https:\/\/semmelweis.hu\/peto-development\/files\/2024\/10\/image6-2-1152x1536.jpeg 1152w, https:\/\/semmelweis.hu\/peto-development\/files\/2024\/10\/image6-2-1536x2048.jpeg 1536w, https:\/\/semmelweis.hu\/peto-development\/files\/2024\/10\/image6-2-753x1004.jpeg 753w, https:\/\/semmelweis.hu\/peto-development\/files\/2024\/10\/image6-2-scaled.jpeg 1920w\" >\r\n        <\/a><\/div><\/span><span class=\"gallery-item\"><div class=\"hidden\"><a href=\"https:\/\/semmelweis.hu\/peto-development\/files\/2024\/10\/image2-2-scaled.jpeg\">\r\n        <img src=https:\/\/semmelweis.hu\/peto-development\/files\/2024\/10\/image2-2-scaled.jpeg alt=\"\" class=\"attachment-sote-gallery-big size-sote-gallery-big\" srcset=\"https:\/\/semmelweis.hu\/peto-development\/files\/2024\/10\/image2-2-300x400.jpeg 300w, https:\/\/semmelweis.hu\/peto-development\/files\/2024\/10\/image2-2-768x1024.jpeg 768w, https:\/\/semmelweis.hu\/peto-development\/files\/2024\/10\/image2-2-1152x1536.jpeg 1152w, https:\/\/semmelweis.hu\/peto-development\/files\/2024\/10\/image2-2-1536x2048.jpeg 1536w, https:\/\/semmelweis.hu\/peto-development\/files\/2024\/10\/image2-2-753x1004.jpeg 753w, https:\/\/semmelweis.hu\/peto-development\/files\/2024\/10\/image2-2-scaled.jpeg 1920w\" >\r\n        <\/a><\/div><\/span><span class=\"gallery-item\"><div class=\"hidden\"><a href=\"https:\/\/semmelweis.hu\/peto-development\/files\/2024\/10\/image3-2-scaled.jpeg\">\r\n        <img src=https:\/\/semmelweis.hu\/peto-development\/files\/2024\/10\/image3-2-scaled.jpeg alt=\"\" class=\"attachment-sote-gallery-big size-sote-gallery-big\" srcset=\"https:\/\/semmelweis.hu\/peto-development\/files\/2024\/10\/image3-2-300x400.jpeg 300w, https:\/\/semmelweis.hu\/peto-development\/files\/2024\/10\/image3-2-768x1024.jpeg 768w, https:\/\/semmelweis.hu\/peto-development\/files\/2024\/10\/image3-2-1152x1536.jpeg 1152w, https:\/\/semmelweis.hu\/peto-development\/files\/2024\/10\/image3-2-1536x2048.jpeg 1536w, https:\/\/semmelweis.hu\/peto-development\/files\/2024\/10\/image3-2-753x1004.jpeg 753w, https:\/\/semmelweis.hu\/peto-development\/files\/2024\/10\/image3-2-scaled.jpeg 1920w\" >\r\n        <\/a><\/div><\/span>\r\n            <\/div>\r\n\r\n            [\/slb_exclude]\r\n\t\n<p>&nbsp;<\/p>\n","protected":false},"excerpt":{"rendered":"<p>Parkinson A Parkinson-k\u00f3r komplex kezel\u00e9s\u00e9ben a gy\u00f3gyszeres kezel\u00e9s mellett, vil\u00e1gszerte fontos szerepet kap a k\u00fcl\u00f6nb\u00f6z\u0151 szakemberek \u00e1ltal ir\u00e1ny\u00edtott mozg\u00e1sfejleszt\u00e9s. Az Eur\u00f3pai Parkinson T\u00e1rsas\u00e1g (EPDA) magyar nyelven is el\u00e9rhet\u0151, a betegek sz\u00e1m\u00e1ra kiadott kiadv\u00e1nyaiban is t\u00f6bb helyen hangs\u00falyozz\u00e1k a testmozg\u00e1s fontoss\u00e1g\u00e1t, el\u0151nyeit, mi t\u00f6bb, aj\u00e1nlj\u00e1k a diagn\u00f3zis fel\u00e1ll\u00edt\u00e1sa ut\u00e1n miel\u0151bb megkezdett mozg\u00e1sos ter\u00e1pi\u00e1k alkalmaz\u00e1s\u00e1t. A Parkinson-k\u00f3r &hellip;<\/p>\n","protected":false},"author":102184,"featured_media":0,"parent":437,"menu_order":4,"comment_status":"closed","ping_status":"closed","template":"","meta":{"_acf_changed":false,"footnotes":""},"categories":[],"tags":[],"class_list":["post-486","page","type-page","status-publish","hentry"],"acf":[],"_links":{"self":[{"href":"https:\/\/semmelweis.hu\/peto-development\/wp-json\/wp\/v2\/pages\/486","targetHints":{"allow":["GET"]}}],"collection":[{"href":"https:\/\/semmelweis.hu\/peto-development\/wp-json\/wp\/v2\/pages"}],"about":[{"href":"https:\/\/semmelweis.hu\/peto-development\/wp-json\/wp\/v2\/types\/page"}],"author":[{"embeddable":true,"href":"https:\/\/semmelweis.hu\/peto-development\/wp-json\/wp\/v2\/users\/102184"}],"replies":[{"embeddable":true,"href":"https:\/\/semmelweis.hu\/peto-development\/wp-json\/wp\/v2\/comments?post=486"}],"version-history":[{"count":10,"href":"https:\/\/semmelweis.hu\/peto-development\/wp-json\/wp\/v2\/pages\/486\/revisions"}],"predecessor-version":[{"id":2262,"href":"https:\/\/semmelweis.hu\/peto-development\/wp-json\/wp\/v2\/pages\/486\/revisions\/2262"}],"up":[{"embeddable":true,"href":"https:\/\/semmelweis.hu\/peto-development\/wp-json\/wp\/v2\/pages\/437"}],"wp:attachment":[{"href":"https:\/\/semmelweis.hu\/peto-development\/wp-json\/wp\/v2\/media?parent=486"}],"wp:term":[{"taxonomy":"category","embeddable":true,"href":"https:\/\/semmelweis.hu\/peto-development\/wp-json\/wp\/v2\/categories?post=486"},{"taxonomy":"post_tag","embeddable":true,"href":"https:\/\/semmelweis.hu\/peto-development\/wp-json\/wp\/v2\/tags?post=486"}],"curies":[{"name":"wp","href":"https:\/\/api.w.org\/{rel}","templated":true}]}}