{"id":482,"date":"2023-04-14T12:31:58","date_gmt":"2023-04-14T10:31:58","guid":{"rendered":"https:\/\/semmelweis.hu\/peto-development\/?page_id=482"},"modified":"2025-03-18T17:18:17","modified_gmt":"2025-03-18T16:18:17","slug":"kozponti-idegrendszeri-serules","status":"publish","type":"page","link":"https:\/\/semmelweis.hu\/peto-development\/hu\/szolgaltatasok\/felnotteknek\/kozponti-idegrendszeri-serules\/","title":{"rendered":"K\u00f6zponti idegrendszeri s\u00e9r\u00fcl\u00e9s (CP)"},"content":{"rendered":"<h1>K\u00f6zponti idegrendszeri s\u00e9r\u00fcl\u00e9s (CP)<\/h1>\n<p>\nA feln\u0151tt CP programban \u00e1ltal\u00e1nos c\u00e9lk\u00e9nt defini\u00e1ljuk az <strong>\u00e9letmin\u0151s\u00e9g jav\u00edt\u00e1s\u00e1t<\/strong>. Az elvesztett k\u00e9pess\u00e9gek, k\u00e9szs\u00e9gek komplex m\u00f3don, tanul\u00e1ssal t\u00f6rt\u00e9n\u0151 helyre\u00e1ll\u00edt\u00e1s\u00e1t, a megl\u00e9v\u0151 <strong>k\u00e9pess\u00e9gek<\/strong> lehet\u0151 leghosszabb ideig t\u00f6rt\u00e9n\u0151 <strong>fenntart\u00e1s\u00e1t<\/strong>. Fontosnak tartjuk a tanult mozg\u00e1sok, mozg\u00e1sform\u00e1k elsaj\u00e1t\u00edt\u00e1s\u00e1t, gyakorl\u00e1ssal, alkalmaz\u00e1ssal val\u00f3 automatikuss\u00e1 t\u00e9tel\u00e9t a mindennapi tev\u00e9kenys\u00e9gek sor\u00e1n.<\/p>\n<h5 style=\"text-align: center\"><span style=\"text-align: center;font-size: 14pt\">Magyar \u00e1llampolg\u00e1roknak:<\/span><\/h5>\n<p style=\"text-align: center\"><a class=\"btn btn-secondary\" href=\"https:\/\/semmelweis.hu\/peto-development\/hu\/jelentkezes\/jelentkezes-felnott-magyar-allampolgaroknak\/\" target=\"null\" rel=\"noopener\">Jelentkez\u00e9s<\/a><\/p>\n<h5 style=\"text-align: center\"><span style=\"text-align: center;font-size: 14pt\">K\u00fclf\u00f6ldi \u00e1llampolg\u00e1roknak:<\/span><\/h5>\n<p style=\"text-align: center\"><a class=\"btn btn-secondary\" href=\"https:\/\/semmelweis.hu\/peto-development\/jelentkezes\/jelentkezesi-lap-felnott\/\" target=\"null\" rel=\"noopener\">Jelentkez\u00e9s<\/a><\/p>\n<div class=\"keretes w-100\">\n<p>Nagyon fontosnak tartjuk az \u00f6nbizalom er\u0151s\u00edt\u00e9s\u00e9t, valamint a <strong>csal\u00e1d \u00e9s a k\u00f6zvetlen k\u00f6rnyezet akt\u00edv bevon\u00e1s\u00e1t<\/strong> a fejleszt\u00e9si folyamatba.<\/p>\n<\/div>\n<h5>Tov\u00e1bbi programjaink:<\/h5>\n<ul style=\"list-style-type: square\">\n<li><a href=\"https:\/\/semmelweis.hu\/peto-development\/hu\/szolgaltatasok\/felnotteknek\/sclerosis-multiplex\/\">Sclerosis multiplex (SM)\u00a0<\/a><\/li>\n<li style=\"text-align: left\"><a href=\"https:\/\/semmelweis.hu\/peto-development\/hu\/szolgaltatasok\/felnotteknek\/stroke-hu\/\" target=\"_blank\" rel=\"noopener\">Stroke\u00a0<\/a><\/li>\n<li style=\"text-align: left\"><a href=\"https:\/\/semmelweis.hu\/peto-development\/hu\/szolgaltatasok\/felnotteknek\/parkinson\/\" target=\"_blank\" rel=\"noopener\">Parkinson<\/a><\/li>\n<\/ul>\n<p style=\"text-align: center\"><img loading=\"lazy\" decoding=\"async\" class=\"aligncenter wp-image-579 size-large\" style=\"text-align: left\" src=\"https:\/\/semmelweis.hu\/peto-development\/files\/2023\/05\/IMG_1304_1-1024x768.jpg\" alt=\"\" width=\"753\" height=\"565\" srcset=\"https:\/\/semmelweis.hu\/peto-development\/files\/2023\/05\/IMG_1304_1-1024x768.jpg 1024w, https:\/\/semmelweis.hu\/peto-development\/files\/2023\/05\/IMG_1304_1-400x300.jpg 400w, https:\/\/semmelweis.hu\/peto-development\/files\/2023\/05\/IMG_1304_1-768x576.jpg 768w, https:\/\/semmelweis.hu\/peto-development\/files\/2023\/05\/IMG_1304_1-1536x1152.jpg 1536w, https:\/\/semmelweis.hu\/peto-development\/files\/2023\/05\/IMG_1304_1-2048x1536.jpg 2048w, https:\/\/semmelweis.hu\/peto-development\/files\/2023\/05\/IMG_1304_1-753x565.jpg 753w\" sizes=\"auto, (max-width: 753px) 100vw, 753px\" \/><\/p>\n","protected":false},"excerpt":{"rendered":"<p>K\u00f6zponti idegrendszeri s\u00e9r\u00fcl\u00e9s (CP) A feln\u0151tt CP programban \u00e1ltal\u00e1nos c\u00e9lk\u00e9nt defini\u00e1ljuk az \u00e9letmin\u0151s\u00e9g jav\u00edt\u00e1s\u00e1t. Az elvesztett k\u00e9pess\u00e9gek, k\u00e9szs\u00e9gek komplex m\u00f3don, tanul\u00e1ssal t\u00f6rt\u00e9n\u0151 helyre\u00e1ll\u00edt\u00e1s\u00e1t, a megl\u00e9v\u0151 k\u00e9pess\u00e9gek lehet\u0151 leghosszabb ideig t\u00f6rt\u00e9n\u0151 fenntart\u00e1s\u00e1t. Fontosnak tartjuk a tanult mozg\u00e1sok, mozg\u00e1sform\u00e1k elsaj\u00e1t\u00edt\u00e1s\u00e1t, gyakorl\u00e1ssal, alkalmaz\u00e1ssal val\u00f3 automatikuss\u00e1 t\u00e9tel\u00e9t a mindennapi tev\u00e9kenys\u00e9gek sor\u00e1n. Magyar \u00e1llampolg\u00e1roknak: <a class=\"btn btn-secondary\" href=\"https:\/\/semmelweis.hu\/peto-development\/hu\/jelentkezes\/jelentkezes-felnott-magyar-allampolgaroknak\/\" target=\"null\" rel=\"noopener\">Jelentkez\u00e9s<\/a> K\u00fclf\u00f6ldi \u00e1llampolg\u00e1roknak: <a class=\"btn btn-secondary\" href=\"https:\/\/semmelweis.hu\/peto-development\/jelentkezes\/jelentkezesi-lap-felnott\/\" target=\"null\" rel=\"noopener\">Jelentkez\u00e9s<\/a> Nagyon fontosnak tartjuk az &hellip;<\/p>\n","protected":false},"author":102184,"featured_media":0,"parent":437,"menu_order":1,"comment_status":"closed","ping_status":"closed","template":"","meta":{"_acf_changed":false,"footnotes":""},"categories":[],"tags":[],"class_list":["post-482","page","type-page","status-publish","hentry"],"acf":[],"_links":{"self":[{"href":"https:\/\/semmelweis.hu\/peto-development\/wp-json\/wp\/v2\/pages\/482","targetHints":{"allow":["GET"]}}],"collection":[{"href":"https:\/\/semmelweis.hu\/peto-development\/wp-json\/wp\/v2\/pages"}],"about":[{"href":"https:\/\/semmelweis.hu\/peto-development\/wp-json\/wp\/v2\/types\/page"}],"author":[{"embeddable":true,"href":"https:\/\/semmelweis.hu\/peto-development\/wp-json\/wp\/v2\/users\/102184"}],"replies":[{"embeddable":true,"href":"https:\/\/semmelweis.hu\/peto-development\/wp-json\/wp\/v2\/comments?post=482"}],"version-history":[{"count":10,"href":"https:\/\/semmelweis.hu\/peto-development\/wp-json\/wp\/v2\/pages\/482\/revisions"}],"predecessor-version":[{"id":2259,"href":"https:\/\/semmelweis.hu\/peto-development\/wp-json\/wp\/v2\/pages\/482\/revisions\/2259"}],"up":[{"embeddable":true,"href":"https:\/\/semmelweis.hu\/peto-development\/wp-json\/wp\/v2\/pages\/437"}],"wp:attachment":[{"href":"https:\/\/semmelweis.hu\/peto-development\/wp-json\/wp\/v2\/media?parent=482"}],"wp:term":[{"taxonomy":"category","embeddable":true,"href":"https:\/\/semmelweis.hu\/peto-development\/wp-json\/wp\/v2\/categories?post=482"},{"taxonomy":"post_tag","embeddable":true,"href":"https:\/\/semmelweis.hu\/peto-development\/wp-json\/wp\/v2\/tags?post=482"}],"curies":[{"name":"wp","href":"https:\/\/api.w.org\/{rel}","templated":true}]}}