{"id":333,"date":"2023-04-03T11:35:51","date_gmt":"2023-04-03T09:35:51","guid":{"rendered":"https:\/\/semmelweis.hu\/peto-development\/?page_id=333"},"modified":"2023-09-12T10:00:34","modified_gmt":"2023-09-12T08:00:34","slug":"specialis-ws","status":"publish","type":"page","link":"https:\/\/semmelweis.hu\/peto-development\/hu\/workshop-hu\/specialis-ws\/","title":{"rendered":"Speci\u00e1lis workshopok"},"content":{"rendered":"<h1>Speci\u00e1lis workshopok<\/h1>\n<p><span style=\"font-weight: 400\">A professzion\u00e1lis tov\u00e1bbk\u00e9pz\u00e9sek <strong>specifikusan egy t\u00e9mak\u00f6rre f\u00f3kusz\u00e1lnak<\/strong> a r\u00e9sztvev\u0151k \u00e9rdekl\u0151d\u00e9se alapj\u00e1n. A v\u00e1lasztott t\u00e9m\u00e1t r\u00e9szletesen k\u00f6r\u00fclj\u00e1rva, <strong>t\u00f6mb\u00f6s\u00edtett form\u00e1ban<\/strong> oktatjuk. Az \u00f3rasz\u00e1m v\u00e1ltozhat az adott t\u00e9mak\u00f6rt\u0151l f\u00fcgg\u0151en.\u00a0<\/span><\/p>\n<p><span style=\"font-weight: 400\">A speci\u00e1lis workshopok el\u00e9rhet\u0151ek m\u00e1r v\u00e9gzett konduktoroknak, illetve m\u00e1s ter\u00fcleten dolgoz\u00f3 szakembereknek szakmai tud\u00e1suk friss\u00edt\u00e9se c\u00e9lj\u00e1b\u00f3l.\u00a0<\/span><\/p>\n<div class=\"keretes w-100\">\n<p style=\"text-align: center\">B\u0151vebb inform\u00e1ci\u00f3 \u00e9s jelentkez\u00e9s: <strong><a href=\"mailto:pak.ce@semmelweis.hu\">pak.ce@semmelweis.hu<\/a><\/strong><\/p>\n<\/div>\n<p><a href=\"https:\/\/semmelweis.hu\/peto-development\/files\/2023\/05\/RS126389_C19A0823-scr.jpg\"><img loading=\"lazy\" decoding=\"async\" class=\"aligncenter wp-image-792 size-large\" src=\"https:\/\/semmelweis.hu\/peto-development\/files\/2023\/05\/RS126389_C19A0823-scr-1024x683.jpg\" alt=\"\" width=\"753\" height=\"502\" srcset=\"https:\/\/semmelweis.hu\/peto-development\/files\/2023\/05\/RS126389_C19A0823-scr-1024x683.jpg 1024w, https:\/\/semmelweis.hu\/peto-development\/files\/2023\/05\/RS126389_C19A0823-scr-400x267.jpg 400w, https:\/\/semmelweis.hu\/peto-development\/files\/2023\/05\/RS126389_C19A0823-scr-768x512.jpg 768w, https:\/\/semmelweis.hu\/peto-development\/files\/2023\/05\/RS126389_C19A0823-scr-753x502.jpg 753w, https:\/\/semmelweis.hu\/peto-development\/files\/2023\/05\/RS126389_C19A0823-scr-203x135.jpg 203w, https:\/\/semmelweis.hu\/peto-development\/files\/2023\/05\/RS126389_C19A0823-scr.jpg 1200w\" sizes=\"auto, (max-width: 753px) 100vw, 753px\" \/><\/a><\/p>\n<p>&nbsp;<\/p>\n","protected":false},"excerpt":{"rendered":"<p>Speci\u00e1lis workshopok<br \/>\nA professzion\u00e1lis tov\u00e1bbk\u00e9pz\u00e9sek specifikusan egy t\u00e9mak\u00f6rre f\u00f3kusz\u00e1lnak a r\u00e9sztvev\u0151k \u00e9rdekl\u0151d\u00e9se alapj\u00e1n. A v\u00e1lasztott t\u00e9m\u00e1t r\u00e9szletesen k\u00f6r\u00fclj\u00e1rva, t\u00f6mb\u00f6s\u00edtett form\u00e1ban oktatjuk. Az \u00f3rasz\u00e1m v\u00e1ltozhat az adott t\u00e9mak\u00f6rt\u0151l f\u00fcgg\u0151en.\u00a0<br \/>\nA speci\u00e1lis workshopok el\u00e9rhet\u0151ek m\u00e1r v\u00e9gzett konduktoroknak, illetve m\u00e1s ter\u00fcleten dolgoz\u00f3 szakembereknek szakmai tud\u00e1suk friss\u00edt\u00e9se c\u00e9lj\u00e1b\u00f3l.\u00a0<\/p>\n<p>B\u0151vebb inform\u00e1ci\u00f3 \u00e9s jelentkez\u00e9s: <a href=\"mailto:pak.ce@semmelweis.hu\">pak.ce@semmelweis.hu<\/a><\/p>\n<p><a href=\"https:\/\/semmelweis.hu\/peto-development\/files\/2023\/05\/RS126389_C19A0823-scr.jpg\"><\/a><br \/>\n&nbsp;<\/p>\n","protected":false},"author":102184,"featured_media":0,"parent":84,"menu_order":3,"comment_status":"closed","ping_status":"closed","template":"","meta":{"_acf_changed":false,"footnotes":""},"categories":[],"tags":[],"class_list":["post-333","page","type-page","status-publish","hentry"],"acf":[],"_links":{"self":[{"href":"https:\/\/semmelweis.hu\/peto-development\/wp-json\/wp\/v2\/pages\/333","targetHints":{"allow":["GET"]}}],"collection":[{"href":"https:\/\/semmelweis.hu\/peto-development\/wp-json\/wp\/v2\/pages"}],"about":[{"href":"https:\/\/semmelweis.hu\/peto-development\/wp-json\/wp\/v2\/types\/page"}],"author":[{"embeddable":true,"href":"https:\/\/semmelweis.hu\/peto-development\/wp-json\/wp\/v2\/users\/102184"}],"replies":[{"embeddable":true,"href":"https:\/\/semmelweis.hu\/peto-development\/wp-json\/wp\/v2\/comments?post=333"}],"version-history":[{"count":10,"href":"https:\/\/semmelweis.hu\/peto-development\/wp-json\/wp\/v2\/pages\/333\/revisions"}],"predecessor-version":[{"id":1662,"href":"https:\/\/semmelweis.hu\/peto-development\/wp-json\/wp\/v2\/pages\/333\/revisions\/1662"}],"up":[{"embeddable":true,"href":"https:\/\/semmelweis.hu\/peto-development\/wp-json\/wp\/v2\/pages\/84"}],"wp:attachment":[{"href":"https:\/\/semmelweis.hu\/peto-development\/wp-json\/wp\/v2\/media?parent=333"}],"wp:term":[{"taxonomy":"category","embeddable":true,"href":"https:\/\/semmelweis.hu\/peto-development\/wp-json\/wp\/v2\/categories?post=333"},{"taxonomy":"post_tag","embeddable":true,"href":"https:\/\/semmelweis.hu\/peto-development\/wp-json\/wp\/v2\/tags?post=333"}],"curies":[{"name":"wp","href":"https:\/\/api.w.org\/{rel}","templated":true}]}}