{"id":2832,"date":"2026-05-11T20:51:17","date_gmt":"2026-05-11T18:51:17","guid":{"rendered":"https:\/\/semmelweis.hu\/peto-development\/?page_id=2832"},"modified":"2026-05-11T20:51:17","modified_gmt":"2026-05-11T18:51:17","slug":"julius-turnus","status":"publish","type":"page","link":"https:\/\/semmelweis.hu\/peto-development\/hu\/programok\/kisiskolas-program\/julius-turnus\/","title":{"rendered":"J\u00falius Turnus"},"content":{"rendered":"<h1 data-start=\"0\" data-end=\"235\">Kisiskol\u00e1s Program<\/h1>\n<h6>D\u00e1tum: 2026. j\u00falius 5-17.<\/h6>\n<h6>Id\u0151beoszt\u00e1s: F\u00e9lnapos program (09:00\u201313:00)<\/h6>\n<p data-start=\"0\" data-end=\"235\"><img loading=\"lazy\" decoding=\"async\" class=\"alignright size-medium wp-image-2833\" src=\"https:\/\/semmelweis.hu\/peto-development\/files\/2026\/05\/Web-page-facebook-mintak-3-400x286.png\" alt=\"\" width=\"400\" height=\"286\" srcset=\"https:\/\/semmelweis.hu\/peto-development\/files\/2026\/05\/Web-page-facebook-mintak-3-400x286.png 400w, https:\/\/semmelweis.hu\/peto-development\/files\/2026\/05\/Web-page-facebook-mintak-3-1024x732.png 1024w, https:\/\/semmelweis.hu\/peto-development\/files\/2026\/05\/Web-page-facebook-mintak-3-768x549.png 768w, https:\/\/semmelweis.hu\/peto-development\/files\/2026\/05\/Web-page-facebook-mintak-3-1536x1097.png 1536w, https:\/\/semmelweis.hu\/peto-development\/files\/2026\/05\/Web-page-facebook-mintak-3-753x538.png 753w, https:\/\/semmelweis.hu\/peto-development\/files\/2026\/05\/Web-page-facebook-mintak-3.png 2000w\" sizes=\"auto, (max-width: 400px) 100vw, 400px\" \/>Szeretettel v\u00e1rjuk a 6\u201312 \u00e9ves, cerebr\u00e1lis paresissel (CP), szerzett agyi vagy gerincvel\u0151-s\u00e9r\u00fcl\u00e9ssel, illetve egy\u00e9b k\u00f6zponti idegrendszeri k\u00e1rosod\u00e1ssal \u00e9l\u0151 gyermekeket (GMFCS II\u2013III) intenz\u00edv, csoportos kondukt\u00edv nevel\u00e9si programunkba.<\/p>\n<p data-start=\"237\" data-end=\"473\">Programunk c\u00e9lja a szem\u00e9lyre szabott, tapasztalati tanul\u00e1sra \u00e9p\u00fcl\u0151, komplex kondukt\u00edv nevel\u00e9s biztos\u00edt\u00e1sa struktur\u00e1lt \u00e9s t\u00e1mogat\u00f3 k\u00f6rnyezetben, el\u0151seg\u00edtve a mozg\u00e1sfunkci\u00f3k, az \u00f6nell\u00e1t\u00e1s, az \u00f6n\u00e1ll\u00f3s\u00e1g \u00e9s a szoci\u00e1lis k\u00e9szs\u00e9gek fejl\u0151d\u00e9s\u00e9t.<\/p>\n<p data-start=\"475\" data-end=\"501\"><strong data-start=\"475\" data-end=\"501\">Fejleszt\u00e9si ter\u00fcletek:<\/strong><\/p>\n<ul data-start=\"502\" data-end=\"1434\">\n<li data-section-id=\"1c0cu3r\" data-start=\"502\" data-end=\"627\"><strong data-start=\"504\" data-end=\"525\">Mozg\u00e1sfejleszt\u00e9s:<\/strong> Nagy- \u00e9s finommozg\u00e1sok koordin\u00e1ci\u00f3j\u00e1nak fejleszt\u00e9se j\u00e1t\u00e9kos, funkcion\u00e1lis tev\u00e9kenys\u00e9geken kereszt\u00fcl<\/li>\n<li data-section-id=\"134blpu\" data-start=\"628\" data-end=\"766\"><strong data-start=\"630\" data-end=\"658\">Testtart\u00e1s \u00e9s egyens\u00faly:<\/strong> A testhelyzetek tudatos kontrollj\u00e1nak \u00e9s stabilit\u00e1s\u00e1nak t\u00e1mogat\u00e1sa k\u00fcl\u00f6nb\u00f6z\u0151 funkcion\u00e1lis feladatok sor\u00e1n<\/li>\n<li data-section-id=\"chi4qi\" data-start=\"767\" data-end=\"887\"><strong data-start=\"769\" data-end=\"814\">Iskolai r\u00e9szv\u00e9telhez sz\u00fcks\u00e9ges k\u00e9szs\u00e9gek:<\/strong> Az iskolai bevon\u00f3d\u00e1st \u00e9s akt\u00edv r\u00e9szv\u00e9telt seg\u00edt\u0151 k\u00e9szs\u00e9gek fejleszt\u00e9se<\/li>\n<li data-section-id=\"uaew9g\" data-start=\"888\" data-end=\"1005\"><strong data-start=\"890\" data-end=\"908\">Finommotorika:<\/strong> A k\u00e9zfunkci\u00f3 \u00e9s finommotoros k\u00e9szs\u00e9gek fejleszt\u00e9se c\u00e9lzott, \u00f6r\u00f6mteli tev\u00e9kenys\u00e9geken kereszt\u00fcl<\/li>\n<li data-section-id=\"1cy67oi\" data-start=\"1006\" data-end=\"1127\"><strong data-start=\"1008\" data-end=\"1048\">Kommunik\u00e1ci\u00f3 \u00e9s szoci\u00e1lis k\u00e9szs\u00e9gek:<\/strong> A verb\u00e1lis \u00e9s nonverb\u00e1lis kommunik\u00e1ci\u00f3, valamint az egy\u00fcttm\u0171k\u00f6d\u00e9s t\u00e1mogat\u00e1sa<\/li>\n<li data-section-id=\"ue82gr\" data-start=\"1128\" data-end=\"1281\"><strong data-start=\"1130\" data-end=\"1179\">\u00d6nell\u00e1t\u00e1s \u00e9s mindennapi \u00e9letviteli k\u00e9szs\u00e9gek:<\/strong> \u00d6nkiszolg\u00e1l\u00e1si tev\u00e9kenys\u00e9gek t\u00e1mogat\u00e1sa, p\u00e9ld\u00e1ul \u00f6lt\u00f6zk\u00f6d\u00e9s, \u00e9tkez\u00e9s \u00e9s szem\u00e9lyes higi\u00e9n\u00e9 ter\u00fclet\u00e9n<\/li>\n<li data-section-id=\"1czffkt\" data-start=\"1282\" data-end=\"1434\"><strong data-start=\"1284\" data-end=\"1307\">Kognit\u00edv k\u00e9szs\u00e9gek:<\/strong> A figyelem, a munkamem\u00f3ria \u00e9s a probl\u00e9mamegold\u00f3 gondolkod\u00e1s fejleszt\u00e9se \u00e9lm\u00e9nyalap\u00fa, aktivit\u00e1sk\u00f6zpont\u00fa tanul\u00e1si helyzetekben<\/li>\n<\/ul>\n<p data-start=\"1436\" data-end=\"1565\">A program minden esetben egy\u00e9ni konzult\u00e1ci\u00f3val \u00e9s kondukt\u00edv felm\u00e9r\u00e9ssel indul, a szem\u00e9lyre szabott c\u00e9lok meghat\u00e1roz\u00e1sa \u00e9rdek\u00e9ben.<\/p>\n<h6 data-start=\"1365\" data-end=\"1426\">Tov\u00e1bbi inform\u00e1ci\u00f3\u00e9rt k\u00e9rj\u00fck, vegye fel vel\u00fcnk a kapcsolatot!<\/h6>\n<div class=\"keretes w-100\">\n<p style=\"text-align: left\">Jelentkez\u00e9s emailben: <a href=\"mailto:pak.ce@semmelweis.hu\"><strong>pak.ce@semmelweis<\/strong><strong>.hu<\/strong><\/a>\u00a0 \u00a0 \u00a0 \u00a0<\/p>\n<p style=\"text-align: left\"><span data-teams=\"true\">Jelentkez\u00e9si lap kit\u00f6lt\u00e9se: <a class=\"button\" href=\"https:\/\/semmelweis.hu\/peto-development\/hu\/jelentkezes\/jelentkezesi-lap-gyermek\/\" target=\"_blank\" rel=\"noopener\">APPLY<\/a><\/span><\/p>\n<\/div>\n","protected":false},"excerpt":{"rendered":"<p>Kisiskol\u00e1s Program D\u00e1tum: 2026. j\u00falius 5-17. Id\u0151beoszt\u00e1s: F\u00e9lnapos program (09:00\u201313:00) Szeretettel v\u00e1rjuk a 6\u201312 \u00e9ves, cerebr\u00e1lis paresissel (CP), szerzett agyi vagy gerincvel\u0151-s\u00e9r\u00fcl\u00e9ssel, illetve egy\u00e9b k\u00f6zponti idegrendszeri k\u00e1rosod\u00e1ssal \u00e9l\u0151 gyermekeket (GMFCS II\u2013III) intenz\u00edv, csoportos kondukt\u00edv nevel\u00e9si programunkba. Programunk c\u00e9lja a szem\u00e9lyre szabott, tapasztalati tanul\u00e1sra \u00e9p\u00fcl\u0151, komplex kondukt\u00edv nevel\u00e9s biztos\u00edt\u00e1sa struktur\u00e1lt \u00e9s t\u00e1mogat\u00f3 k\u00f6rnyezetben, el\u0151seg\u00edtve a mozg\u00e1sfunkci\u00f3k, &hellip;<\/p>\n","protected":false},"author":102594,"featured_media":0,"parent":2785,"menu_order":1,"comment_status":"closed","ping_status":"closed","template":"","meta":{"_acf_changed":false,"footnotes":""},"categories":[],"tags":[],"class_list":["post-2832","page","type-page","status-publish","hentry"],"acf":[],"_links":{"self":[{"href":"https:\/\/semmelweis.hu\/peto-development\/wp-json\/wp\/v2\/pages\/2832","targetHints":{"allow":["GET"]}}],"collection":[{"href":"https:\/\/semmelweis.hu\/peto-development\/wp-json\/wp\/v2\/pages"}],"about":[{"href":"https:\/\/semmelweis.hu\/peto-development\/wp-json\/wp\/v2\/types\/page"}],"author":[{"embeddable":true,"href":"https:\/\/semmelweis.hu\/peto-development\/wp-json\/wp\/v2\/users\/102594"}],"replies":[{"embeddable":true,"href":"https:\/\/semmelweis.hu\/peto-development\/wp-json\/wp\/v2\/comments?post=2832"}],"version-history":[{"count":1,"href":"https:\/\/semmelweis.hu\/peto-development\/wp-json\/wp\/v2\/pages\/2832\/revisions"}],"predecessor-version":[{"id":2834,"href":"https:\/\/semmelweis.hu\/peto-development\/wp-json\/wp\/v2\/pages\/2832\/revisions\/2834"}],"up":[{"embeddable":true,"href":"https:\/\/semmelweis.hu\/peto-development\/wp-json\/wp\/v2\/pages\/2785"}],"wp:attachment":[{"href":"https:\/\/semmelweis.hu\/peto-development\/wp-json\/wp\/v2\/media?parent=2832"}],"wp:term":[{"taxonomy":"category","embeddable":true,"href":"https:\/\/semmelweis.hu\/peto-development\/wp-json\/wp\/v2\/categories?post=2832"},{"taxonomy":"post_tag","embeddable":true,"href":"https:\/\/semmelweis.hu\/peto-development\/wp-json\/wp\/v2\/tags?post=2832"}],"curies":[{"name":"wp","href":"https:\/\/api.w.org\/{rel}","templated":true}]}}