{"id":2063,"date":"2024-06-25T15:46:12","date_gmt":"2024-06-25T13:46:12","guid":{"rendered":"https:\/\/semmelweis.hu\/peto-development\/?page_id=2063"},"modified":"2025-04-26T19:41:24","modified_gmt":"2025-04-26T17:41:24","slug":"gyor","status":"publish","type":"page","link":"https:\/\/semmelweis.hu\/peto-development\/hu\/karrier\/gyor\/","title":{"rendered":"Gy\u0151r"},"content":{"rendered":"<h5>\u00c1ll\u00e1slehet\u0151s\u00e9g a Gy\u0151ri Pet\u0151 Pontn\u00e1l \u2013 Konduktort keres\u00fcnk!\u00a0<\/h5>\n<p>A Pet\u0151 Int\u00e9zet gy\u0151ri kihelyezett k\u00f6zpontja, a Gy\u0151ri Pet\u0151 Pont elhivatott \u00e9s lelkes konduktort keres teljes munkaid\u0151ben!<\/p>\n<p><strong>Amit k\u00edn\u00e1lunk:<\/strong><\/p>\n<ul>\n<li>Stabil, hossz\u00fa t\u00e1v\u00fa munkalehet\u0151s\u00e9g egy szakmailag elismert int\u00e9zm\u00e9nyben<\/li>\n<li>V\u00e1ltozatos munkav\u00e9gz\u00e9s gyermekekkel \u00e9s csal\u00e1djaikkal<\/li>\n<li>Szakmai fejl\u0151d\u00e9si lehet\u0151s\u00e9g, k\u00e9pz\u00e9sek, tov\u00e1bbk\u00e9pz\u00e9sek<\/li>\n<li>Emberk\u00f6zpont\u00fa, t\u00e1mogat\u00f3 munkak\u00f6rnyezet<\/li>\n<\/ul>\n<p><strong>F\u0151bb feladatok:<\/strong><\/p>\n<ul>\n<li>Komplex kondukt\u00edv nevel\u00e9si programok tervez\u00e9se \u00e9s vezet\u00e9se<\/li>\n<li>Egy\u00e9ni \u00e9s csoportos foglalkoz\u00e1sok lebonyol\u00edt\u00e1sa<\/li>\n<li>Szoros egy\u00fcttm\u0171k\u00f6d\u00e9s a csal\u00e1dokkal \u00e9s m\u00e1s szakemberekkel<\/li>\n<li>A gyermekek fejl\u0151d\u00e9s\u00e9nek dokument\u00e1l\u00e1sa \u00e9s nyomon k\u00f6vet\u00e9se<\/li>\n<\/ul>\n<p><strong>Elv\u00e1r\u00e1sok:<\/strong><\/p>\n<ul>\n<li>Konduktori v\u00e9gzetts\u00e9g<\/li>\n<li>Elhivatotts\u00e1g a s\u00e9r\u00fclt gyermekek fejleszt\u00e9se ir\u00e1nt<\/li>\n<li>J\u00f3 kommunik\u00e1ci\u00f3s k\u00e9szs\u00e9g, emp\u00e1tia<\/li>\n<li>Rugalmass\u00e1g \u00e9s csapatmunk\u00e1ra val\u00f3 k\u00e9pess\u00e9g<\/li>\n<\/ul>\n<p><strong>El\u0151ny:<\/strong><\/p>\n<ul>\n<li>Hasonl\u00f3 ter\u00fcleten szerzett tapasztalat<\/li>\n<\/ul>\n<div class=\"keretes w-100\">\n<p><strong>Jelentkez\u00e9s:<\/strong> K\u00e9rj\u00fck, f\u00e9nyk\u00e9pes \u00f6n\u00e9letrajzodat \u00e9s motiv\u00e1ci\u00f3s leveledet k\u00fcldd el az al\u00e1bbi e-mail c\u00edmre: <a href=\"mailto:csuka.pal@semmelweis.hu\">csuka.pal@semmelweis.hu<\/a><\/p>\n<\/div>\n\r\n        [slb_exclude]\r\n        <div class=\"row galeria-wrapper mx-0 h-auto\">\r\n            <div class=\"col-9 pl-0 pr-2\">\r\n            <span class=\"gallery-item frame\">\r\n\t\t\t\t<div class=\"galeria-left-img\"><a href=\"https:\/\/semmelweis.hu\/peto-development\/files\/2025\/04\/petopontgyor1.jpeg\"><img src=https:\/\/semmelweis.hu\/peto-development\/files\/2025\/04\/petopontgyor1.jpeg  \r\n                            alt=\"\" \r\n                            class=\"attachment-sote-gallery-big size-sote-gallery-big\" \r\n                            srcset=\"https:\/\/semmelweis.hu\/peto-development\/files\/2025\/04\/petopontgyor1-300x400.jpeg 300w, https:\/\/semmelweis.hu\/peto-development\/files\/2025\/04\/petopontgyor1-768x1023.jpeg 768w, https:\/\/semmelweis.hu\/peto-development\/files\/2025\/04\/petopontgyor1-1153x1536.jpeg 1153w, https:\/\/semmelweis.hu\/peto-development\/files\/2025\/04\/petopontgyor1-1537x2048.jpeg 1537w, https:\/\/semmelweis.hu\/peto-development\/files\/2025\/04\/petopontgyor1-753x1003.jpeg 753w, https:\/\/semmelweis.hu\/peto-development\/files\/2025\/04\/petopontgyor1.jpeg 1816w\" ><\/a><\/div>\r\n            <\/span>\r\n\r\n            <\/div>\r\n\r\n\t\t\t<div class=\"col-3 pl-0 pr-0\">\r\n\t\t\t\t<div class=\"galeria-right-img d-flex justify-content-between flex-column h-100 w-100 px-0 mx-0 \">\r\n                <div class=\"galeria-box\">\r\n\t\t\t\t\t<h3 class=\"galeria-title\">Gallery<\/h3>\r\n\t\t\t\t\t<div class=\"galeria-subtitle\">\r\n\r\n\t\t\t\t\t\t<div class=\"galeria-page-counter\"><span>4<\/span>images<\/div>\r\n                    <\/div> <\/div>\r\n                    <span class=\"gallery-item frame d-none d-md-flex\">\r\n\t\t\t\t\t<div class=\"galeria-small-img mt-0\"><a href=\"https:\/\/semmelweis.hu\/peto-development\/files\/2025\/04\/petopontgyor2.jpeg\"><img src=https:\/\/semmelweis.hu\/peto-development\/files\/2025\/04\/petopontgyor2.jpeg \r\n                                alt=\"\"  \r\n                                class=\"attachment-sote-gallery-small size-sote-gallery-small\" \r\n                                srcset=\"https:\/\/semmelweis.hu\/peto-development\/files\/2025\/04\/petopontgyor2-300x400.jpeg 300w, https:\/\/semmelweis.hu\/peto-development\/files\/2025\/04\/petopontgyor2-768x1023.jpeg 768w, https:\/\/semmelweis.hu\/peto-development\/files\/2025\/04\/petopontgyor2-1153x1536.jpeg 1153w, https:\/\/semmelweis.hu\/peto-development\/files\/2025\/04\/petopontgyor2-1537x2048.jpeg 1537w, https:\/\/semmelweis.hu\/peto-development\/files\/2025\/04\/petopontgyor2-753x1003.jpeg 753w, https:\/\/semmelweis.hu\/peto-development\/files\/2025\/04\/petopontgyor2.jpeg 1816w\" ><\/a><\/div>\r\n                    <\/span>\r\n                    <span class=\"gallery-item frame d-none d-md-flex\">\r\n\t\t\t\t\t<div class=\"galeria-small-img mt-0\"><a href=\"https:\/\/semmelweis.hu\/peto-development\/files\/2025\/04\/petopontgyor3.jpeg\"><img src=https:\/\/semmelweis.hu\/peto-development\/files\/2025\/04\/petopontgyor3.jpeg \r\n                                alt=\"\" \r\n                                class=\"attachment-sote-gallery-small size-sote-gallery-small\" \r\n                                srcset=\"https:\/\/semmelweis.hu\/peto-development\/files\/2025\/04\/petopontgyor3-300x400.jpeg 300w, https:\/\/semmelweis.hu\/peto-development\/files\/2025\/04\/petopontgyor3-768x1023.jpeg 768w, https:\/\/semmelweis.hu\/peto-development\/files\/2025\/04\/petopontgyor3-1153x1536.jpeg 1153w, https:\/\/semmelweis.hu\/peto-development\/files\/2025\/04\/petopontgyor3-1537x2048.jpeg 1537w, https:\/\/semmelweis.hu\/peto-development\/files\/2025\/04\/petopontgyor3-753x1003.jpeg 753w, https:\/\/semmelweis.hu\/peto-development\/files\/2025\/04\/petopontgyor3.jpeg 1816w\" ><\/a><\/div>\r\n                    <\/span>\r\n\r\n                <\/div>\r\n\r\n            <\/div>\r\n\r\n            <span class=\"gallery-item\"><div class=\"hidden\"><a href=\"https:\/\/semmelweis.hu\/peto-development\/files\/2025\/04\/petopontgyor4.jpeg\">\r\n        <img src=https:\/\/semmelweis.hu\/peto-development\/files\/2025\/04\/petopontgyor4.jpeg alt=\"\" class=\"attachment-sote-gallery-big size-sote-gallery-big\" srcset=\"https:\/\/semmelweis.hu\/peto-development\/files\/2025\/04\/petopontgyor4-300x400.jpeg 300w, https:\/\/semmelweis.hu\/peto-development\/files\/2025\/04\/petopontgyor4-768x1023.jpeg 768w, https:\/\/semmelweis.hu\/peto-development\/files\/2025\/04\/petopontgyor4-1153x1536.jpeg 1153w, https:\/\/semmelweis.hu\/peto-development\/files\/2025\/04\/petopontgyor4-1537x2048.jpeg 1537w, https:\/\/semmelweis.hu\/peto-development\/files\/2025\/04\/petopontgyor4-753x1003.jpeg 753w, https:\/\/semmelweis.hu\/peto-development\/files\/2025\/04\/petopontgyor4.jpeg 1816w\" >\r\n        <\/a><\/div><\/span>\r\n            <\/div>\r\n\r\n            [\/slb_exclude]\r\n\t\n","protected":false},"excerpt":{"rendered":"<p>\u00c1ll\u00e1slehet\u0151s\u00e9g a Gy\u0151ri Pet\u0151 Pontn\u00e1l \u2013 Konduktort keres\u00fcnk!\u00a0 A Pet\u0151 Int\u00e9zet gy\u0151ri kihelyezett k\u00f6zpontja, a Gy\u0151ri Pet\u0151 Pont elhivatott \u00e9s lelkes konduktort keres teljes munkaid\u0151ben! Amit k\u00edn\u00e1lunk: Stabil, hossz\u00fa t\u00e1v\u00fa munkalehet\u0151s\u00e9g egy szakmailag elismert int\u00e9zm\u00e9nyben V\u00e1ltozatos munkav\u00e9gz\u00e9s gyermekekkel \u00e9s csal\u00e1djaikkal Szakmai fejl\u0151d\u00e9si lehet\u0151s\u00e9g, k\u00e9pz\u00e9sek, tov\u00e1bbk\u00e9pz\u00e9sek Emberk\u00f6zpont\u00fa, t\u00e1mogat\u00f3 munkak\u00f6rnyezet F\u0151bb feladatok: Komplex kondukt\u00edv nevel\u00e9si programok tervez\u00e9se &hellip;<\/p>\n","protected":false},"author":102184,"featured_media":0,"parent":1815,"menu_order":2,"comment_status":"closed","ping_status":"closed","template":"","meta":{"_acf_changed":false,"footnotes":""},"categories":[],"tags":[],"class_list":["post-2063","page","type-page","status-publish","hentry"],"acf":[],"_links":{"self":[{"href":"https:\/\/semmelweis.hu\/peto-development\/wp-json\/wp\/v2\/pages\/2063","targetHints":{"allow":["GET"]}}],"collection":[{"href":"https:\/\/semmelweis.hu\/peto-development\/wp-json\/wp\/v2\/pages"}],"about":[{"href":"https:\/\/semmelweis.hu\/peto-development\/wp-json\/wp\/v2\/types\/page"}],"author":[{"embeddable":true,"href":"https:\/\/semmelweis.hu\/peto-development\/wp-json\/wp\/v2\/users\/102184"}],"replies":[{"embeddable":true,"href":"https:\/\/semmelweis.hu\/peto-development\/wp-json\/wp\/v2\/comments?post=2063"}],"version-history":[{"count":7,"href":"https:\/\/semmelweis.hu\/peto-development\/wp-json\/wp\/v2\/pages\/2063\/revisions"}],"predecessor-version":[{"id":2292,"href":"https:\/\/semmelweis.hu\/peto-development\/wp-json\/wp\/v2\/pages\/2063\/revisions\/2292"}],"up":[{"embeddable":true,"href":"https:\/\/semmelweis.hu\/peto-development\/wp-json\/wp\/v2\/pages\/1815"}],"wp:attachment":[{"href":"https:\/\/semmelweis.hu\/peto-development\/wp-json\/wp\/v2\/media?parent=2063"}],"wp:term":[{"taxonomy":"category","embeddable":true,"href":"https:\/\/semmelweis.hu\/peto-development\/wp-json\/wp\/v2\/categories?post=2063"},{"taxonomy":"post_tag","embeddable":true,"href":"https:\/\/semmelweis.hu\/peto-development\/wp-json\/wp\/v2\/tags?post=2063"}],"curies":[{"name":"wp","href":"https:\/\/api.w.org\/{rel}","templated":true}]}}