{"id":1743,"date":"2024-03-04T12:56:41","date_gmt":"2024-03-04T11:56:41","guid":{"rendered":"https:\/\/semmelweis.hu\/peto-development\/?page_id=1743"},"modified":"2024-03-13T11:02:37","modified_gmt":"2024-03-13T10:02:37","slug":"%d0%bf%d1%80%d0%be%d0%b5%d0%ba%d1%82%d1%8b-%d0%ba%d0%b0%d1%80%d0%bf%d0%b0%d1%82%d1%81%d0%ba%d0%be%d0%b3%d0%be-%d0%b1%d0%b0%d1%81%d1%81%d0%b5%d0%b9%d0%bd%d0%b0","status":"publish","type":"page","link":"https:\/\/semmelweis.hu\/peto-development\/ru\/%d0%be-%d0%bd%d0%b0%d1%81\/%d0%bf%d1%80%d0%be%d0%b5%d0%ba%d1%82%d1%8b-%d0%ba%d0%b0%d1%80%d0%bf%d0%b0%d1%82%d1%81%d0%ba%d0%be%d0%b3%d0%be-%d0%b1%d0%b0%d1%81%d1%81%d0%b5%d0%b9%d0%bd%d0%b0\/","title":{"rendered":"\u041f\u0440\u043e\u0435\u043a\u0442\u044b \u0432 \u041a\u0430\u0440\u043f\u0430\u0442\u0441\u043a\u043e\u043c \u0431\u0430\u0441\u0441\u0435\u0439\u043d\u0435"},"content":{"rendered":"<h1>\u041f\u0420\u041e\u0415\u041a\u0422\u042b \u041a\u0410\u0420\u041f\u0410\u0422\u0421\u041a\u041e\u0413\u041e \u0411\u0410\u0421\u0421\u0415\u0419\u041d\u0410<\/h1>\n<p>\n\u041d\u0430\u0448\u0430 \u043f\u0440\u043e\u0433\u0440\u0430\u043c\u043c\u0430 \u0440\u0430\u0437\u0432\u0438\u0442\u0438\u044f, \u043a\u043e\u0442\u043e\u0440\u0430\u044f \u0431\u0435\u0441\u043f\u043b\u0430\u0442\u043d\u043e \u043f\u0440\u0435\u0434\u043e\u0441\u0442\u0430\u0432\u043b\u044f\u0435\u0442\u0441\u044f \u0432\u0435\u043d\u0433\u0440\u0430\u043c \u0432 \u041a\u0430\u0440\u043f\u0430\u0442\u0441\u043a\u043e\u043c \u0431\u0430\u0441\u0441\u0435\u0439\u043d\u0435, \u0431\u044b\u043b\u0430 \u0437\u0430\u043f\u0443\u0449\u0435\u043d\u0430 \u0432 2014 \u0433\u043e\u0434\u0443 \u043f\u0440\u0438 \u043f\u043e\u0434\u0434\u0435\u0440\u0436\u043a\u0435 \u0413\u043e\u0441\u0443\u0434\u0430\u0440\u0441\u0442\u0432\u0435\u043d\u043d\u043e\u0433\u043e \u0441\u0435\u043a\u0440\u0435\u0442\u0430\u0440\u0438\u0430\u0442\u0430 \u043f\u043e \u043d\u0430\u0446\u0438\u043e\u043d\u0430\u043b\u044c\u043d\u043e\u0439 \u043f\u043e\u043b\u0438\u0442\u0438\u043a\u0435.<\/p>\n<p><img loading=\"lazy\" decoding=\"async\" class=\" wp-image-1423 aligncenter\" src=\"https:\/\/semmelweis.hu\/peto-development\/files\/2023\/08\/bethlen-400x355.jpg\" alt=\"\" width=\"270\" height=\"239\" srcset=\"https:\/\/semmelweis.hu\/peto-development\/files\/2023\/08\/bethlen-400x355.jpg 400w, https:\/\/semmelweis.hu\/peto-development\/files\/2023\/08\/bethlen-1024x910.jpg 1024w, https:\/\/semmelweis.hu\/peto-development\/files\/2023\/08\/bethlen-768x682.jpg 768w, https:\/\/semmelweis.hu\/peto-development\/files\/2023\/08\/bethlen-753x669.jpg 753w, https:\/\/semmelweis.hu\/peto-development\/files\/2023\/08\/bethlen.jpg 1500w\" sizes=\"auto, (max-width: 270px) 100vw, 270px\" \/><\/p>\n<p><img loading=\"lazy\" decoding=\"async\" class=\" wp-image-1422 aligncenter\" src=\"https:\/\/semmelweis.hu\/peto-development\/files\/2023\/08\/bethlen2-400x392.png\" alt=\"\" width=\"270\" height=\"264\" srcset=\"https:\/\/semmelweis.hu\/peto-development\/files\/2023\/08\/bethlen2-400x392.png 400w, https:\/\/semmelweis.hu\/peto-development\/files\/2023\/08\/bethlen2.png 618w\" sizes=\"auto, (max-width: 270px) 100vw, 270px\" \/><\/p>\n<p>\n\u041f\u0440\u043e\u0435\u043a\u0442 \u0441\u0442\u0430\u0440\u0442\u043e\u0432\u0430\u043b \u0432 \u0417\u0430\u043a\u0430\u0440\u043f\u0430\u0442\u044c\u0435, \u0430 \u0441\u0435\u0439\u0447\u0430\u0441 \u0443 \u043d\u0430\u0441 \u0435\u0441\u0442\u044c \u043f\u0440\u043e\u0435\u043a\u0442\u044b \u0432 \u0421\u043b\u043e\u0432\u0430\u043a\u0438\u0438, \u0425\u043e\u0440\u0432\u0430\u0442\u0438\u0438, \u0420\u0443\u043c\u044b\u043d\u0438\u0438, \u0421\u0435\u0440\u0431\u0438\u0438 \u0438 \u0432 \u043d\u0430\u0441\u0435\u043b\u0435\u043d\u043d\u044b\u0445 \u0432\u0435\u043d\u0433\u0440\u0430\u043c\u0438 \u0447\u0430\u0441\u0442\u044f\u0445 \u0423\u043a\u0440\u0430\u0438\u043d\u044b, \u0432 \u043e\u0431\u0449\u0435\u0439 \u0441\u043b\u043e\u0436\u043d\u043e\u0441\u0442\u0438 \u0432 18 \u0433\u043e\u0440\u043e\u0434\u0430\u0445. \u0412 \u0442\u0435\u0447\u0435\u043d\u0438\u0435 3-\u043d\u0435\u0434\u0435\u043b\u044c\u043d\u044b\u0445 \u043f\u0435\u0440\u0438\u043e\u0434\u043e\u0432 \u0440\u0430\u0437\u0432\u0438\u0442\u0438\u044f \u043b\u044e\u0434\u0438, \u0436\u0438\u0432\u0443\u0449\u0438\u0435 \u0441 \u0446\u0435\u0440\u0435\u0431\u0440\u0430\u043b\u044c\u043d\u044b\u043c \u043f\u0430\u0440\u0430\u043b\u0438\u0447\u043e\u043c, \u043f\u043e\u043b\u0443\u0447\u0430\u044e\u0442 \u0432\u043e\u0437\u043c\u043e\u0436\u043d\u043e\u0441\u0442\u044c \u0443\u0447\u0430\u0441\u0442\u0432\u043e\u0432\u0430\u0442\u044c \u0432 \u043d\u0430\u0448\u0438\u0445 \u0440\u0430\u0437\u0432\u0438\u0432\u0430\u044e\u0449\u0438\u0445 \u043f\u0440\u043e\u0433\u0440\u0430\u043c\u043c\u0430\u0445, \u043f\u043e\u043b\u0443\u0447\u0430\u044f \u043f\u0440\u0438 \u044d\u0442\u043e\u043c \u043d\u0430\u0438\u0431\u043e\u043b\u0435\u0435 \u043f\u043e\u0434\u0445\u043e\u0434\u044f\u0449\u0438\u0439 \u0434\u043b\u044f \u043d\u0438\u0445 \u0443\u0445\u043e\u0434. \u041e\u0434\u043d\u0430 \u0438\u0437 \u0433\u043b\u0430\u0432\u043d\u044b\u0445 \u0446\u0435\u043b\u0435\u0439 \u043a\u043e\u043d\u0434\u0443\u043a\u0442\u0438\u0432\u043d\u043e\u0433\u043e \u043e\u0431\u0443\u0447\u0435\u043d\u0438\u044f &#8211; \u043f\u043e\u043c\u043e\u0447\u044c \u043f\u0430\u0446\u0438\u0435\u043d\u0442\u0430\u043c \u0432\u0435\u0441\u0442\u0438 \u0430\u043a\u0442\u0438\u0432\u043d\u0443\u044e \u0441\u0430\u043c\u043e\u0441\u0442\u043e\u044f\u0442\u0435\u043b\u044c\u043d\u0443\u044e \u0436\u0438\u0437\u043d\u044c, \u043a\u043e\u043d\u0434\u0443\u043a\u0442\u043e\u0440\u044b \u0442\u0430\u043a\u0436\u0435 \u043f\u0440\u0435\u0434\u043e\u0441\u0442\u0430\u0432\u043b\u044f\u044e\u0442 \u0441\u0435\u043c\u044c\u044f\u043c \u043d\u0435\u043e\u0431\u0445\u043e\u0434\u0438\u043c\u044b\u0435 \u043a\u043e\u043d\u0441\u0443\u043b\u044c\u0442\u0430\u0446\u0438\u0438 \u043d\u0430 \u043f\u0435\u0440\u0438\u043e\u0434 \u043c\u0435\u0436\u0434\u0443 \u0434\u0432\u0443\u043c\u044f \u043f\u0440\u043e\u0433\u0440\u0430\u043c\u043c\u0430\u043c\u0438.<\/p>\n<p><strong>\u0420\u0430\u0437\u0432\u0438\u0442\u0438\u0435 \u0434\u043e\u0441\u0442\u0443\u043f\u043d\u043e \u0434\u043b\u044f \u043b\u044e\u0434\u0435\u0439 \u0441 \u043e\u0433\u0440\u0430\u043d\u0438\u0447\u0435\u043d\u043d\u044b\u043c\u0438 \u0432\u043e\u0437\u043c\u043e\u0436\u043d\u043e\u0441\u0442\u044f\u043c\u0438 \u0432 \u0432\u043e\u0437\u0440\u0430\u0441\u0442\u0435 \u043e\u0442 0 \u0434\u043e 99 \u043b\u0435\u0442.<\/strong><\/p>\n<p>\u041a\u043e\u043d\u0442\u0430\u043a\u0442:<\/p>\n<table>\n<tbody>\n<tr>\n<td><strong>Illyefalva\/Ilieni<\/strong><\/td>\n<td>Kat\u00f3 Ibolya<\/td>\n<td>kida.iroda@gmail.com<\/td>\n<\/tr>\n<tr>\n<td><strong>Kolozsv\u00e1r\/Cluj-Napoca<\/strong><\/td>\n<td>dr Heged\u0171s Lajos<\/td>\n<td>hegeduslalo@yahoo.com<\/td>\n<\/tr>\n<tr>\n<td><strong>Nagyv\u00e1rad\/Oradea<\/strong><\/td>\n<td>Ghitea-Szab\u00f3 J\u00f3zsef Levente<\/td>\n<td>missio.kre@gmail.com<\/td>\n<\/tr>\n<tr>\n<td>&nbsp;<\/td>\n<td>D\u00e9nes \u00c9va<\/td>\n<td>dakoniaoradea@yahoo.com<\/td>\n<\/tr>\n<tr>\n<td><strong>Szatm\u00e1rn\u00e9meti\/Satu-Mare<\/strong><\/td>\n<td>Moln\u00e1r Csilla<\/td>\n<td>esperesihivatalszatmar@gmail.com<\/td>\n<\/tr>\n<tr>\n<td>\n<p>&nbsp;<\/p>\n<\/td>\n<td>Szil\u00e1gyi Levente<\/td>\n<td>szilagyi.levente@yahoo.com<\/td>\n<\/tr>\n<tr>\n<td>\n<p><strong>R\u00e9vkom\u00e1rom\/Kom\u00e1rno<\/strong><\/p>\n<\/td>\n<td>Fekete Ir\u00e9n<\/td>\n<td>elnok.szmpsz@gmail.com<\/td>\n<\/tr>\n<tr>\n<td><strong>Kassa\/Kosice<\/strong><\/td>\n<td>G\u00e9resi R\u00f3bert<\/td>\n<td>geresi.robi@gmail.com<\/td>\n<\/tr>\n<tr>\n<td><strong>Szabadka\/Subotica<\/strong><\/td>\n<td>&nbsp;<\/td>\n<td>kepzes@vm4k.org.rs<\/td>\n<\/tr>\n<tr>\n<td><strong>Beregsz\u00e1sz\/Berehove<\/strong><\/td>\n<td>Makuk J\u00e1nos<\/td>\n<td>makuk@malta.uz.ua<\/td>\n<\/tr>\n<tr>\n<td>&nbsp;<\/td>\n<td>Kov\u00e1cs Katalin<\/td>\n<td>kovacs.kati.malta@gmail.com<\/td>\n<\/tr>\n<tr>\n<td>\n<p><strong>Esz\u00e9k \u2013 Kop\u00e1cs\/Osijek<\/strong><\/p>\n<\/td>\n<td>P\u00e1link\u00e1s Kriszti\u00e1n<\/td>\n<td>kristian.palinkas@gmail.com<\/td>\n<\/tr>\n<tr>\n<td>\n<p><strong>Sz\u00e9kelyudvarhely<\/strong><\/p>\n<\/td>\n<td>\n<p>Orsoly\u00e1k Anna<br \/>\n+36305577958<\/p>\n<p>Sarkadi Zolt\u00e1n<br \/>\n+40746918793<\/p>\n<\/td>\n<td>jelentkezesekpeto@gmail.com<\/td>\n<\/tr>\n<tr>\n<td>\n<p><strong>B\u00e9ly<\/strong><\/p>\n<\/td>\n<td>\n<p>Fuksz S\u00e1ndor<br \/>\n+36709078918<\/p>\n<p>Csuka Erzs\u00e9bet<br \/>\n+3620 2562575<\/p>\n<\/td>\n<td>fukszsandor@gmail.com<\/td>\n<\/tr>\n<\/tbody>\n<\/table>\n","protected":false},"excerpt":{"rendered":"<p>\u041f\u0420\u041e\u0415\u041a\u0422\u042b \u041a\u0410\u0420\u041f\u0410\u0422\u0421\u041a\u041e\u0413\u041e \u0411\u0410\u0421\u0421\u0415\u0419\u041d\u0410 \u041d\u0430\u0448\u0430 \u043f\u0440\u043e\u0433\u0440\u0430\u043c\u043c\u0430 \u0440\u0430\u0437\u0432\u0438\u0442\u0438\u044f, \u043a\u043e\u0442\u043e\u0440\u0430\u044f \u0431\u0435\u0441\u043f\u043b\u0430\u0442\u043d\u043e \u043f\u0440\u0435\u0434\u043e\u0441\u0442\u0430\u0432\u043b\u044f\u0435\u0442\u0441\u044f \u0432\u0435\u043d\u0433\u0440\u0430\u043c \u0432 \u041a\u0430\u0440\u043f\u0430\u0442\u0441\u043a\u043e\u043c \u0431\u0430\u0441\u0441\u0435\u0439\u043d\u0435, \u0431\u044b\u043b\u0430 \u0437\u0430\u043f\u0443\u0449\u0435\u043d\u0430 \u0432 2014 \u0433\u043e\u0434\u0443 \u043f\u0440\u0438 \u043f\u043e\u0434\u0434\u0435\u0440\u0436\u043a\u0435 \u0413\u043e\u0441\u0443\u0434\u0430\u0440\u0441\u0442\u0432\u0435\u043d\u043d\u043e\u0433\u043e \u0441\u0435\u043a\u0440\u0435\u0442\u0430\u0440\u0438\u0430\u0442\u0430 \u043f\u043e \u043d\u0430\u0446\u0438\u043e\u043d\u0430\u043b\u044c\u043d\u043e\u0439 \u043f\u043e\u043b\u0438\u0442\u0438\u043a\u0435. \u041f\u0440\u043e\u0435\u043a\u0442 \u0441\u0442\u0430\u0440\u0442\u043e\u0432\u0430\u043b \u0432 \u0417\u0430\u043a\u0430\u0440\u043f\u0430\u0442\u044c\u0435, \u0430 \u0441\u0435\u0439\u0447\u0430\u0441 \u0443 \u043d\u0430\u0441 \u0435\u0441\u0442\u044c \u043f\u0440\u043e\u0435\u043a\u0442\u044b \u0432 \u0421\u043b\u043e\u0432\u0430\u043a\u0438\u0438, \u0425\u043e\u0440\u0432\u0430\u0442\u0438\u0438, \u0420\u0443\u043c\u044b\u043d\u0438\u0438, \u0421\u0435\u0440\u0431\u0438\u0438 \u0438 \u0432 \u043d\u0430\u0441\u0435\u043b\u0435\u043d\u043d\u044b\u0445 \u0432\u0435\u043d\u0433\u0440\u0430\u043c\u0438 \u0447\u0430\u0441\u0442\u044f\u0445 \u0423\u043a\u0440\u0430\u0438\u043d\u044b, \u0432 \u043e\u0431\u0449\u0435\u0439 \u0441\u043b\u043e\u0436\u043d\u043e\u0441\u0442\u0438 \u0432 18 \u0433\u043e\u0440\u043e\u0434\u0430\u0445. \u0412 \u0442\u0435\u0447\u0435\u043d\u0438\u0435 3-\u043d\u0435\u0434\u0435\u043b\u044c\u043d\u044b\u0445 &hellip;<\/p>\n","protected":false},"author":102184,"featured_media":0,"parent":1726,"menu_order":2,"comment_status":"closed","ping_status":"closed","template":"","meta":{"_acf_changed":false,"footnotes":""},"categories":[],"tags":[],"class_list":["post-1743","page","type-page","status-publish","hentry"],"acf":[],"_links":{"self":[{"href":"https:\/\/semmelweis.hu\/peto-development\/wp-json\/wp\/v2\/pages\/1743","targetHints":{"allow":["GET"]}}],"collection":[{"href":"https:\/\/semmelweis.hu\/peto-development\/wp-json\/wp\/v2\/pages"}],"about":[{"href":"https:\/\/semmelweis.hu\/peto-development\/wp-json\/wp\/v2\/types\/page"}],"author":[{"embeddable":true,"href":"https:\/\/semmelweis.hu\/peto-development\/wp-json\/wp\/v2\/users\/102184"}],"replies":[{"embeddable":true,"href":"https:\/\/semmelweis.hu\/peto-development\/wp-json\/wp\/v2\/comments?post=1743"}],"version-history":[{"count":5,"href":"https:\/\/semmelweis.hu\/peto-development\/wp-json\/wp\/v2\/pages\/1743\/revisions"}],"predecessor-version":[{"id":1921,"href":"https:\/\/semmelweis.hu\/peto-development\/wp-json\/wp\/v2\/pages\/1743\/revisions\/1921"}],"up":[{"embeddable":true,"href":"https:\/\/semmelweis.hu\/peto-development\/wp-json\/wp\/v2\/pages\/1726"}],"wp:attachment":[{"href":"https:\/\/semmelweis.hu\/peto-development\/wp-json\/wp\/v2\/media?parent=1743"}],"wp:term":[{"taxonomy":"category","embeddable":true,"href":"https:\/\/semmelweis.hu\/peto-development\/wp-json\/wp\/v2\/categories?post=1743"},{"taxonomy":"post_tag","embeddable":true,"href":"https:\/\/semmelweis.hu\/peto-development\/wp-json\/wp\/v2\/tags?post=1743"}],"curies":[{"name":"wp","href":"https:\/\/api.w.org\/{rel}","templated":true}]}}