{"id":1597,"date":"2023-09-05T09:05:55","date_gmt":"2023-09-05T07:05:55","guid":{"rendered":"https:\/\/semmelweis.hu\/peto-development\/?page_id=1597"},"modified":"2023-09-05T09:08:13","modified_gmt":"2023-09-05T07:08:13","slug":"faq-2","status":"publish","type":"page","link":"https:\/\/semmelweis.hu\/peto-development\/es\/faq-2\/","title":{"rendered":"FAQ"},"content":{"rendered":"            <div class=\"qae-faqs-container qae-faqs-toggle-container\">\n\t\t\t\t<h3 class=\"qe-faqs-group-title\">Preguntas frecuentes (FAQ)<\/h3>\t\t<div id=\"qaef-1596\" class=\"qe-faq-toggle preguntas-frecuentes-faq\">\n\t\t\t<div class=\"qe-toggle-title\">\n\t\t\t\t<h4>\n\t\t\t\t\t<i class=\"fa fa-minus-circle\"><\/i> \u00bfPara qu\u00e9 tipo de discapacidad se recomienda la educaci\u00f3n conductiva?\t\t\t\t<\/h4>\n\t\t\t<\/div>\n\t\t\t<div class=\"qe-toggle-content\">\n\t\t\t\t<p>La educaci\u00f3n conductiva puede ser \u00fatil para cualquier persona con trastornos motores de origen neurol\u00f3gico. Aunque la condici\u00f3n m\u00e1s com\u00fan es la par\u00e1lisis cerebral, puede ser \u00fatil para ni\u00f1os con retraso en el desarrollo, trastornos gen\u00e9ticos, etc. Uno de los principios de la educaci\u00f3n conductiva es que el aprendizaje es un proceso activo, por lo tanto, las personas deben tener un nivel de capacidad cognitiva para beneficiarse de la educaci\u00f3n conductiva.<\/p>\n\t\t\t<\/div>\n\t\t<\/div>\n\t\t\t\t<div id=\"qaef-1595\" class=\"qe-faq-toggle preguntas-frecuentes-faq\">\n\t\t\t<div class=\"qe-toggle-title\">\n\t\t\t\t<h4>\n\t\t\t\t\t<i class=\"fa fa-minus-circle\"><\/i> \u00bfC\u00f3mo funciona la educaci\u00f3n conductiva en la vida cotidiana?\t\t\t\t<\/h4>\n\t\t\t<\/div>\n\t\t\t<div class=\"qe-toggle-content\">\n\t\t\t\t<p>La educaci\u00f3n conductiva no se trata solamente de ejercicios f\u00edsicos, sino que es una forma de vivir. La educaci\u00f3n conductiva permite a los pacientes aprender habilidades para la vida, que se pueden transferir a su rutina diaria e implementar en su entorno familiar.<\/p>\n\t\t\t<\/div>\n\t\t<\/div>\n\t\t\t\t<div id=\"qaef-1594\" class=\"qe-faq-toggle preguntas-frecuentes-faq\">\n\t\t\t<div class=\"qe-toggle-title\">\n\t\t\t\t<h4>\n\t\t\t\t\t<i class=\"fa fa-minus-circle\"><\/i> \u00bfTengo que quedarme con mi hijo durante todo el d\u00eda?\t\t\t\t<\/h4>\n\t\t\t<\/div>\n\t\t\t<div class=\"qe-toggle-content\">\n\t\t\t\t<p>La participaci\u00f3n de los padres en el grupo se define por los conductores despu\u00e9s de la primera consulta, seg\u00fan las necesidades del menor y de su familia. Los padres que no acompa\u00f1ar\u00e1n a sus hijos en las sesiones, pueden participar en una jornada de puertas abiertas.<\/p>\n\t\t\t<\/div>\n\t\t<\/div>\n\t\t\t\t<div id=\"qaef-1593\" class=\"qe-faq-toggle preguntas-frecuentes-faq\">\n\t\t\t<div class=\"qe-toggle-title\">\n\t\t\t\t<h4>\n\t\t\t\t\t<i class=\"fa fa-minus-circle\"><\/i> \u00bfD\u00f3nde puedo comer?\t\t\t\t<\/h4>\n\t\t\t<\/div>\n\t\t\t<div class=\"qe-toggle-content\">\n\t\t\t\t<p>En el edificio contamos con un restaurante y una cafeter\u00eda.<\/p>\n\t\t\t<\/div>\n\t\t<\/div>\n\t\t\t\t<div id=\"qaef-1592\" class=\"qe-faq-toggle preguntas-frecuentes-faq\">\n\t\t\t<div class=\"qe-toggle-title\">\n\t\t\t\t<h4>\n\t\t\t\t\t<i class=\"fa fa-minus-circle\"><\/i> \u00bfC\u00f3mo es una primera consulta?\t\t\t\t<\/h4>\n\t\t\t<\/div>\n\t\t\t<div class=\"qe-toggle-content\">\n\t\t\t\t<p>Durante la evaluaci\u00f3n inicial, nuestros especialistas en neurorrehabilitaci\u00f3n (llamados conductores) observan las habilidades f\u00edsicas, cognitivas y sociales de los pacientes en un ambiente distendido. Los especialistas discuten con los padres la informaci\u00f3n b\u00e1sica del menor y toman una decisi\u00f3n sobre cu\u00e1l grupo es el m\u00e1s adecuado para \u00e9ste. Se ofrecer\u00e1n dos semanas de prueba a cada paciente para ver si la educaci\u00f3n conductiva es beneficiosa para ellos.<\/p>\n\t\t\t<\/div>\n\t\t<\/div>\n\t\t\t\t<div id=\"qaef-1590\" class=\"qe-faq-toggle preguntas-frecuentes-faq\">\n\t\t\t<div class=\"qe-toggle-title\">\n\t\t\t\t<h4>\n\t\t\t\t\t<i class=\"fa fa-minus-circle\"><\/i> \u00bfC\u00f3mo efectuar el pago?\t\t\t\t<\/h4>\n\t\t\t<\/div>\n\t\t\t<div class=\"qe-toggle-content\">\n\t\t\t\t<p>Una vez realizada la evaluaci\u00f3n, Usted puede pagar su valor en efectivo en la caja de nuestro Instituto (en HUF, EURO, USD) o con tarjeta de cr\u00e9dito. Se aceptan las tarjetas de cr\u00e9dito edc Maestro, Eurocard\/Mastercard, JCB Cards, Visa y Visa Electron. La conversi\u00f3n del costo de evaluaci\u00f3n en forint h\u00fangaro se realiza seg\u00fan la tasa de cambio del momento del Banco de Comercio Exterior de Hungr\u00eda.<\/p>\n\t\t\t<\/div>\n\t\t<\/div>\n\t\t<h3 class=\"qe-faqs-group-title\">Gyakran Ism\u00e9telt K\u00e9rd\u00e9sek (GYIK)<\/h3>\t\t<div id=\"qaef-749\" class=\"qe-faq-toggle gyik\">\n\t\t\t<div class=\"qe-toggle-title\">\n\t\t\t\t<h4>\n\t\t\t\t\t<i class=\"fa fa-minus-circle\"><\/i> Hol tal\u00e1lom a fejleszt\u00e9sek \u00e1r\u00e1r\u00f3l val\u00f3 t\u00e1j\u00e9koztat\u00e1st?\t\t\t\t<\/h4>\n\t\t\t<\/div>\n\t\t\t<div class=\"qe-toggle-content\">\n\t\t\t\t<p>Az \u00e1rakr\u00f3l b\u0151vebb t\u00e1j\u00e9koztat\u00e1st emailben tudunk adni. B\u00e1tran keressenek minket a <a href=\"mailto:ce@semmelweis-univ.hu\">pak.ce@semmelweis.hu<\/a> email c\u00edmen, ha b\u00e1rmilyen k\u00e9rd\u00e9s\u00fck mer\u00fclne fel!<\/p>\n\t\t\t<\/div>\n\t\t<\/div>\n\t\t\t\t<div id=\"qaef-748\" class=\"qe-faq-toggle gyik\">\n\t\t\t<div class=\"qe-toggle-title\">\n\t\t\t\t<h4>\n\t\t\t\t\t<i class=\"fa fa-minus-circle\"><\/i> Bej\u00f6het-e a sz\u00fcl\u0151 a foglalkoz\u00e1sokra?\t\t\t\t<\/h4>\n\t\t\t<\/div>\n\t\t\t<div class=\"qe-toggle-content\">\n\t\t\t\t<p>Foglalkoz\u00e1saink egyik fontos eleme a sz\u00fcl\u0151k tan\u00edt\u00e1sa, hogy az fejleszt\u00e9sen tanultakat az otthoni k\u00f6rnyezetben is tudj\u00e1k haszn\u00e1lni, ez\u00e9rt k\u00fcl\u00f6n\u00f6sen kisgyermekkorban javasoljuk, hogy a gyerekek a sz\u00fcl\u0151vel egy\u00fctt vegyenek r\u00e9szt a foglalkoz\u00e1sokon. Nagyobb, \u00f6n\u00e1ll\u00f3bb gyerekekn\u00e9l a sz\u00fcl\u0151knek nem sz\u00fcks\u00e9ges bent maradni a fejleszt\u00e9sen. Az els\u0151 vizsg\u00e1laton tapasztaltak alapj\u00e1n ezt is megbesz\u00e9lj\u00fck a csal\u00e1ddal.<\/p>\n\t\t\t<\/div>\n\t\t<\/div>\n\t\t\t\t<div id=\"qaef-747\" class=\"qe-faq-toggle gyik\">\n\t\t\t<div class=\"qe-toggle-title\">\n\t\t\t\t<h4>\n\t\t\t\t\t<i class=\"fa fa-minus-circle\"><\/i> H\u00e1ny \u00f3r\u00e1s fejleszt\u00e9st \u00e9rdemes v\u00e1lasztanom a gyerekemnek?\t\t\t\t<\/h4>\n\t\t\t<\/div>\n\t\t\t<div class=\"qe-toggle-content\">\n\t\t\t\t<p>A k\u00f6z\u00f6s munk\u00e1t mindig egy m\u00e1sf\u00e9l \u00f3r\u00e1s felv\u00e9teli vizsg\u00e1lat el\u0151zi meg. Ennek eredm\u00e9ny\u00e9t l\u00e1tva a konduktorok \u00e9s a sz\u00fcl\u0151, vagy p\u00e1ciens k\u00f6z\u00f6sen d\u00f6ntik el, hogy mi lenne a legmegfelel\u0151bb foglalkoztat\u00e1si forma (egy\u00e9ni vagy csoportos), tov\u00e1bb\u00e1, hogy a fejleszt\u00e9s h\u00e1ny \u00f3r\u00e1ban lenne ide\u00e1lis a gyermek vagy feln\u0151tt sz\u00e1m\u00e1ra.<\/p>\n\t\t\t<\/div>\n\t\t<\/div>\n\t\t\t\t<div id=\"qaef-746\" class=\"qe-faq-toggle gyik\">\n\t\t\t<div class=\"qe-toggle-title\">\n\t\t\t\t<h4>\n\t\t\t\t\t<i class=\"fa fa-minus-circle\"><\/i> Sz\u00fcks\u00e9ges-e beutal\u00f3 a fejleszt\u00e9sre?\t\t\t\t<\/h4>\n\t\t\t<\/div>\n\t\t\t<div class=\"qe-toggle-content\">\n\t\t\t\t<p>Fejleszt\u00e9seinkre nem sz\u00fcks\u00e9ges beutal\u00f3, de k\u00e9rj\u00fck, hogy az els\u0151 vizsg\u00e1latra hozz\u00e1k magukkal gyermek\u00fck relev\u00e1ns orvosi pap\u00edrjait, pedag\u00f3giai szakv\u00e9lem\u00e9ny\u00e9t, ha van.<\/p>\n\t\t\t<\/div>\n\t\t<\/div>\n\t\t\t\t<div id=\"qaef-745\" class=\"qe-faq-toggle gyik\">\n\t\t\t<div class=\"qe-toggle-title\">\n\t\t\t\t<h4>\n\t\t\t\t\t<i class=\"fa fa-minus-circle\"><\/i> Hogyan jelentkezhetek az int\u00e9zetbe?\t\t\t\t<\/h4>\n\t\t\t<\/div>\n\t\t\t<div class=\"qe-toggle-content\">\n\t\t\t\t<p>Ha szeretne jelentkezni, hozz\u00e1nk k\u00e9rj\u00fck t\u00f6ltse ki a honlapunkon tal\u00e1lhat\u00f3 jelentkez\u00e9si lapunkat.<\/p>\n<ul>\n<li><a href=\"https:\/\/semmelweis.hu\/peto-development\/hu\/jelentkezes\/jelentkezesi-lap-gyermek\/\">Jelentkez\u00e9si lap gyermekek sz\u00e1m\u00e1ra<\/a><\/li>\n<li><a href=\"https:\/\/semmelweis.hu\/peto-development\/hu\/jelentkezes\/jelentkezesi-lap-felnott\/\">Jelentkez\u00e9si lap feln\u0151ttek sz\u00e1m\u00e1ra<\/a><\/li>\n<\/ul>\n<p>Ha k\u00e9rd\u00e9se van keressen minket a <a href=\"mailto:ce@semmelweis-univ.hu\">pak.ce@semmelweis.hu<\/a> email c\u00edmen vagy telefonon a +36 1 224 1500; +36 1 459 1500 telefonsz\u00e1mon, a 62451-es mell\u00e9ket h\u00edvva.<\/p>\n\t\t\t<\/div>\n\t\t<\/div>\n\t\t<h3 class=\"qe-faqs-group-title\">Frequently Asked Questions (FAQ)<\/h3>\t\t<div id=\"qaef-185\" class=\"qe-faq-toggle faq\">\n\t\t\t<div class=\"qe-toggle-title\">\n\t\t\t\t<h4>\n\t\t\t\t\t<i class=\"fa fa-minus-circle\"><\/i> How to effect payment?\t\t\t\t<\/h4>\n\t\t\t<\/div>\n\t\t\t<div class=\"qe-toggle-content\">\n\t\t\t\t<p><span style=\"font-weight: 400\">Following the assessment you are kindly requested to pay the assessment fee at our Institute\u2019s cash desk in cash (HUF, EURO, USD) or by credit card. The following credit cards are accepted: edc Maestro, Eurocard\/Mastercard, JCB Cards, Visa, Visa Electron. The Forint equivalent of the assessment fee is always calculated according to the current rate of exchange of the Hungarian Foreign Trade Bank.<\/span><\/p>\n<p>&nbsp;<\/p>\n\t\t\t<\/div>\n\t\t<\/div>\n\t\t\t\t<div id=\"qaef-184\" class=\"qe-faq-toggle faq\">\n\t\t\t<div class=\"qe-toggle-title\">\n\t\t\t\t<h4>\n\t\t\t\t\t<i class=\"fa fa-minus-circle\"><\/i> How does a first consultation look like?\t\t\t\t<\/h4>\n\t\t\t<\/div>\n\t\t\t<div class=\"qe-toggle-content\">\n\t\t\t\t<p><span style=\"font-weight: 400\">During\u00a0 the\u00a0 initial\u00a0 assessment,\u00a0 conductors\u00a0 observe\u00a0 the\u00a0 patients\u2019\u00a0 physical,\u00a0 cognitive\u00a0 and\u00a0 social\u00a0 skills\u00a0 within\u00a0 a\u00a0 nice\u00a0 environment.\u00a0 With\u00a0 the\u00a0 parents, conductors\u00a0 discuss\u00a0 basic\u00a0 information\u00a0 about\u00a0 the\u00a0 child\u00a0 and\u00a0 make a decision\u00a0 about\u00a0 which\u00a0 group\u00a0 setting\u00a0 is\u00a0 the\u00a0 most\u00a0 suitable\u00a0 for\u00a0 the\u00a0 child.\u00a0 Two\u00a0 weeks\u00a0 trial\u00a0 will\u00a0 be\u00a0 offered\u00a0 for\u00a0 each\u00a0 patient\u00a0 to\u00a0 see\u00a0 whether\u00a0 conductive education is beneficial for them or not.\u00a0<\/span><\/p>\n\t\t\t<\/div>\n\t\t<\/div>\n\t\t\t\t<div id=\"qaef-183\" class=\"qe-faq-toggle faq\">\n\t\t\t<div class=\"qe-toggle-title\">\n\t\t\t\t<h4>\n\t\t\t\t\t<i class=\"fa fa-minus-circle\"><\/i> Where can I eat?\t\t\t\t<\/h4>\n\t\t\t<\/div>\n\t\t\t<div class=\"qe-toggle-content\">\n\t\t\t\t<p><span style=\"font-weight: 400\">There\u00a0 is\u00a0 a restaurant and\u00a0 a\u00a0 buffet\u00a0 in the\u00a0 building.\u00a0\u00a0<\/span><\/p>\n\t\t\t<\/div>\n\t\t<\/div>\n\t\t\t\t<div id=\"qaef-182\" class=\"qe-faq-toggle faq\">\n\t\t\t<div class=\"qe-toggle-title\">\n\t\t\t\t<h4>\n\t\t\t\t\t<i class=\"fa fa-minus-circle\"><\/i> Do I have to stay with my child for the whole day program?\t\t\t\t<\/h4>\n\t\t\t<\/div>\n\t\t\t<div class=\"qe-toggle-content\">\n\t\t\t\t<p><span style=\"font-weight: 400\">After\u00a0 the\u00a0 first\u00a0 consultation\u00a0 based\u00a0 on\u00a0 the\u00a0 child\u2019s\/family\u2019s\u00a0 needs\u00a0 the\u00a0 decision\u00a0 will\u00a0 be\u00a0 made\u00a0 by\u00a0 the\u00a0 conductors\u00a0 whether\u00a0 parents\u00a0 can\u00a0 stay\u00a0 in\u00a0 the\u00a0 group\u00a0 or\u00a0 not.\u00a0 Also,\u00a0 there\u00a0 is a possibility\u00a0 for those parents who didn\u2019t participate in the program to have an open day.\u00a0<\/span><\/p>\n\t\t\t<\/div>\n\t\t<\/div>\n\t\t\t\t<div id=\"qaef-181\" class=\"qe-faq-toggle faq\">\n\t\t\t<div class=\"qe-toggle-title\">\n\t\t\t\t<h4>\n\t\t\t\t\t<i class=\"fa fa-minus-circle\"><\/i> How does conductive education work in everyday life?\t\t\t\t<\/h4>\n\t\t\t<\/div>\n\t\t\t<div class=\"qe-toggle-content\">\n\t\t\t\t<p><span style=\"font-weight: 400\">Conductive\u00a0 education\u00a0 is\u00a0 not\u00a0 just\u00a0 about\u00a0 physical\u00a0 exercises\u00a0 but\u00a0 it\u00a0 is\u00a0 a\u00a0 way\u00a0 of\u00a0 life.\u00a0 By\u00a0 teaching\u00a0 CE\u00a0 enables\u00a0 the\u00a0 patients\u00a0 to\u00a0 learn\u00a0 life\u00a0 skills.\u00a0 These\u00a0 skills\u00a0 can\u00a0 be\u00a0 transferred\u00a0 into\u00a0 their\u00a0 daily\u00a0 routine and implemented into their home environment.\u00a0<\/span><\/p>\n\t\t\t<\/div>\n\t\t<\/div>\n\t\t\t\t<div id=\"qaef-180\" class=\"qe-faq-toggle faq\">\n\t\t\t<div class=\"qe-toggle-title\">\n\t\t\t\t<h4>\n\t\t\t\t\t<i class=\"fa fa-minus-circle\"><\/i> What type of disability is conductive education recommended for?\t\t\t\t<\/h4>\n\t\t\t<\/div>\n\t\t\t<div class=\"qe-toggle-content\">\n\t\t\t\t<p><span style=\"font-weight: 400\">Conductive\u00a0 education\u00a0 can\u00a0 be\u00a0 helpful\u00a0 for\u00a0 anybody\u00a0 with neurological\u00a0 movement\u00a0 disorders.\u00a0 Cerebral\u00a0 palsy\u00a0 is\u00a0 the\u00a0 most\u00a0 common\u00a0 condition\u00a0 however;\u00a0 it\u00a0 can\u00a0 be\u00a0 useful\u00a0 for\u00a0 children\u00a0 with\u00a0 developmental\u00a0 delay,\u00a0 genetic\u00a0 disorders,\u00a0 etc.\u00a0 One\u00a0 of\u00a0 the\u00a0 principles\u00a0 of\u00a0 CE\u00a0 is\u00a0 that\u00a0 learning\u00a0 is\u00a0 an\u00a0 active\u00a0 process\u00a0 therefore,\u00a0 individuals\u00a0 need\u00a0 to\u00a0 have\u00a0 a\u00a0 level\u00a0 of\u00a0 cognitive\u00a0 ability to benefit from CE.<\/span><\/p>\n\t\t\t<\/div>\n\t\t<\/div>\n\t\t            <\/div>\n\t\t\n","protected":false},"excerpt":{"rendered":"","protected":false},"author":102184,"featured_media":0,"parent":0,"menu_order":0,"comment_status":"closed","ping_status":"closed","template":"","meta":{"_acf_changed":false,"footnotes":""},"categories":[],"tags":[],"class_list":["post-1597","page","type-page","status-publish","hentry"],"acf":[],"_links":{"self":[{"href":"https:\/\/semmelweis.hu\/peto-development\/wp-json\/wp\/v2\/pages\/1597","targetHints":{"allow":["GET"]}}],"collection":[{"href":"https:\/\/semmelweis.hu\/peto-development\/wp-json\/wp\/v2\/pages"}],"about":[{"href":"https:\/\/semmelweis.hu\/peto-development\/wp-json\/wp\/v2\/types\/page"}],"author":[{"embeddable":true,"href":"https:\/\/semmelweis.hu\/peto-development\/wp-json\/wp\/v2\/users\/102184"}],"replies":[{"embeddable":true,"href":"https:\/\/semmelweis.hu\/peto-development\/wp-json\/wp\/v2\/comments?post=1597"}],"version-history":[{"count":2,"href":"https:\/\/semmelweis.hu\/peto-development\/wp-json\/wp\/v2\/pages\/1597\/revisions"}],"predecessor-version":[{"id":1600,"href":"https:\/\/semmelweis.hu\/peto-development\/wp-json\/wp\/v2\/pages\/1597\/revisions\/1600"}],"wp:attachment":[{"href":"https:\/\/semmelweis.hu\/peto-development\/wp-json\/wp\/v2\/media?parent=1597"}],"wp:term":[{"taxonomy":"category","embeddable":true,"href":"https:\/\/semmelweis.hu\/peto-development\/wp-json\/wp\/v2\/categories?post=1597"},{"taxonomy":"post_tag","embeddable":true,"href":"https:\/\/semmelweis.hu\/peto-development\/wp-json\/wp\/v2\/tags?post=1597"}],"curies":[{"name":"wp","href":"https:\/\/api.w.org\/{rel}","templated":true}]}}