{"id":1504,"date":"2023-08-29T11:26:33","date_gmt":"2023-08-29T09:26:33","guid":{"rendered":"https:\/\/semmelweis.hu\/peto-development\/?page_id=1504"},"modified":"2023-09-12T10:47:14","modified_gmt":"2023-09-12T08:47:14","slug":"talleres-especiales","status":"publish","type":"page","link":"https:\/\/semmelweis.hu\/peto-development\/es\/talleres\/talleres-especiales\/","title":{"rendered":"Talleres especiales"},"content":{"rendered":"<h1>TALLERES ESPECIALES<\/h1>\n<p>Nuestros cursos de educaci\u00f3n continua profesional se enfocan espec\u00edficamente en una tem\u00e1tica, en funci\u00f3n de los intereses de los participantes. La tem\u00e1tica elegida se desarrolla en detalle y se ense\u00f1a en un formato de bloque. El n\u00famero de horas puede variar dependiendo del tema<\/p>\n<p>Los talleres especiales est\u00e1n disponibles para especialistas en neurorrehabilitaci\u00f3n (conductores) ya graduados, as\u00ed como para profesionales de otras \u00e1reas que deseen actualizar sus conocimientos.<\/p>\n<div class=\"keretes w-100\">\n<p>Mayor informaci\u00f3n y solicitudes: <strong><a href=\"mailto:pak.ce@semmelweis.hu\">pak.ce@semmelweis.hu<\/a><\/strong><\/p>\n<\/div>\n<p><img loading=\"lazy\" decoding=\"async\" class=\" wp-image-792 aligncenter\" src=\"https:\/\/semmelweis.hu\/peto-development\/files\/2023\/05\/RS126389_C19A0823-scr-400x267.jpg\" alt=\"\" width=\"701\" height=\"468\" srcset=\"https:\/\/semmelweis.hu\/peto-development\/files\/2023\/05\/RS126389_C19A0823-scr-400x267.jpg 400w, https:\/\/semmelweis.hu\/peto-development\/files\/2023\/05\/RS126389_C19A0823-scr-1024x683.jpg 1024w, https:\/\/semmelweis.hu\/peto-development\/files\/2023\/05\/RS126389_C19A0823-scr-768x512.jpg 768w, https:\/\/semmelweis.hu\/peto-development\/files\/2023\/05\/RS126389_C19A0823-scr-753x502.jpg 753w, https:\/\/semmelweis.hu\/peto-development\/files\/2023\/05\/RS126389_C19A0823-scr-203x135.jpg 203w, https:\/\/semmelweis.hu\/peto-development\/files\/2023\/05\/RS126389_C19A0823-scr.jpg 1200w\" sizes=\"auto, (max-width: 701px) 100vw, 701px\" \/><\/p>\n<p>&nbsp;<\/p>\n","protected":false},"excerpt":{"rendered":"<p>TALLERES ESPECIALES Nuestros cursos de educaci\u00f3n continua profesional se enfocan espec\u00edficamente en una tem\u00e1tica, en funci\u00f3n de los intereses de los participantes. La tem\u00e1tica elegida se desarrolla en detalle y se ense\u00f1a en un formato de bloque. El n\u00famero de horas puede variar dependiendo del tema Los talleres especiales est\u00e1n disponibles para especialistas en neurorrehabilitaci\u00f3n &hellip;<\/p>\n","protected":false},"author":102184,"featured_media":0,"parent":1498,"menu_order":3,"comment_status":"closed","ping_status":"closed","template":"","meta":{"_acf_changed":false,"footnotes":""},"categories":[],"tags":[],"class_list":["post-1504","page","type-page","status-publish","hentry"],"acf":[],"_links":{"self":[{"href":"https:\/\/semmelweis.hu\/peto-development\/wp-json\/wp\/v2\/pages\/1504","targetHints":{"allow":["GET"]}}],"collection":[{"href":"https:\/\/semmelweis.hu\/peto-development\/wp-json\/wp\/v2\/pages"}],"about":[{"href":"https:\/\/semmelweis.hu\/peto-development\/wp-json\/wp\/v2\/types\/page"}],"author":[{"embeddable":true,"href":"https:\/\/semmelweis.hu\/peto-development\/wp-json\/wp\/v2\/users\/102184"}],"replies":[{"embeddable":true,"href":"https:\/\/semmelweis.hu\/peto-development\/wp-json\/wp\/v2\/comments?post=1504"}],"version-history":[{"count":7,"href":"https:\/\/semmelweis.hu\/peto-development\/wp-json\/wp\/v2\/pages\/1504\/revisions"}],"predecessor-version":[{"id":1670,"href":"https:\/\/semmelweis.hu\/peto-development\/wp-json\/wp\/v2\/pages\/1504\/revisions\/1670"}],"up":[{"embeddable":true,"href":"https:\/\/semmelweis.hu\/peto-development\/wp-json\/wp\/v2\/pages\/1498"}],"wp:attachment":[{"href":"https:\/\/semmelweis.hu\/peto-development\/wp-json\/wp\/v2\/media?parent=1504"}],"wp:term":[{"taxonomy":"category","embeddable":true,"href":"https:\/\/semmelweis.hu\/peto-development\/wp-json\/wp\/v2\/categories?post=1504"},{"taxonomy":"post_tag","embeddable":true,"href":"https:\/\/semmelweis.hu\/peto-development\/wp-json\/wp\/v2\/tags?post=1504"}],"curies":[{"name":"wp","href":"https:\/\/api.w.org\/{rel}","templated":true}]}}