{"id":1482,"date":"2023-08-29T11:18:23","date_gmt":"2023-08-29T09:18:23","guid":{"rendered":"https:\/\/semmelweis.hu\/peto-development\/?page_id=1482"},"modified":"2025-11-10T11:16:30","modified_gmt":"2025-11-10T10:16:30","slug":"enfermedad-de-parkinson","status":"publish","type":"page","link":"https:\/\/semmelweis.hu\/peto-development\/es\/servicios-2\/servicios-para-grupos-de-adultos-2\/enfermedad-de-parkinson\/","title":{"rendered":"Enfermedad de Parkinson"},"content":{"rendered":"<h1>ENFERMEDAD DE PARKINSON<\/h1>\n<p>La reducci\u00f3n en los niveles de dopamina es el causante de los s\u00edntomas de la enfermedad de Parkinson. La dopamina es un neurotransmisor que es la base del flujo de informaci\u00f3n entre las c\u00e9lulas nerviosas.<\/p>\n<div class=\"keretes w-100\">\n<p>Aplicar: <a href=\"mailto:pak.ce@semmelweis.hu\">pak.ce@semmelweis.hu<\/a><\/p>\n<\/div>\n<p><strong>Sus consecuencias a largo plazo:<img loading=\"lazy\" decoding=\"async\" class=\"size-medium wp-image-611 alignright\" src=\"https:\/\/semmelweis.hu\/peto-development\/files\/2023\/05\/IMG_1719-400x300.jpg\" alt=\"\" width=\"400\" height=\"300\" srcset=\"https:\/\/semmelweis.hu\/peto-development\/files\/2023\/05\/IMG_1719-400x300.jpg 400w, https:\/\/semmelweis.hu\/peto-development\/files\/2023\/05\/IMG_1719-1024x768.jpg 1024w, https:\/\/semmelweis.hu\/peto-development\/files\/2023\/05\/IMG_1719-768x576.jpg 768w, https:\/\/semmelweis.hu\/peto-development\/files\/2023\/05\/IMG_1719-1536x1152.jpg 1536w, https:\/\/semmelweis.hu\/peto-development\/files\/2023\/05\/IMG_1719-2048x1536.jpg 2048w, https:\/\/semmelweis.hu\/peto-development\/files\/2023\/05\/IMG_1719-753x565.jpg 753w\" sizes=\"auto, (max-width: 400px) 100vw, 400px\" \/><\/strong><br \/>\n\u25cf enlentecimiento de los movimientos, el movimiento inicial es dif\u00edcil,<br \/>\n\u25cf los cambios r\u00e1pidos de direcci\u00f3n, levantarse, sentarse y girar se vuelven dif\u00edciles, tambi\u00e9n es com\u00fan el fen\u00f3meno de bloqueo,<br \/>\n\u25cf trastornos de la coordinaci\u00f3n de movimiento y del equilibrio,<br \/>\n\u25cf rigidez muscular,<br \/>\n\u25cf temblores (temblor es estado de reposo),<br \/>\n\u25cf trastorno del habla, trastorno de la degluci\u00f3n,<br \/>\n\u25cf deterioro cognitivo, depresi\u00f3n, ansiedad.<\/p>\n<p>La educaci\u00f3n conductiva apoya y gu\u00eda al paciente en aprender a moverse de una manera \u00f3ptima, corrigiendo sus movimientos y proporcionando soluciones individuales para trabajar movimientos desafiantes.<\/p>\n<p>&nbsp;<\/p>\n","protected":false},"excerpt":{"rendered":"<p>ENFERMEDAD DE PARKINSON La reducci\u00f3n en los niveles de dopamina es el causante de los s\u00edntomas de la enfermedad de Parkinson. La dopamina es un neurotransmisor que es la base del flujo de informaci\u00f3n entre las c\u00e9lulas nerviosas. Aplicar: <a href=\"mailto:pak.ce@semmelweis.hu\">pak.ce@semmelweis.hu<\/a> Sus consecuencias a largo plazo: \u25cf enlentecimiento de los movimientos, el movimiento inicial es dif\u00edcil, \u25cf &hellip;<\/p>\n","protected":false},"author":102184,"featured_media":0,"parent":1474,"menu_order":4,"comment_status":"closed","ping_status":"closed","template":"","meta":{"_acf_changed":false,"footnotes":""},"categories":[],"tags":[],"class_list":["post-1482","page","type-page","status-publish","hentry"],"acf":[],"_links":{"self":[{"href":"https:\/\/semmelweis.hu\/peto-development\/wp-json\/wp\/v2\/pages\/1482","targetHints":{"allow":["GET"]}}],"collection":[{"href":"https:\/\/semmelweis.hu\/peto-development\/wp-json\/wp\/v2\/pages"}],"about":[{"href":"https:\/\/semmelweis.hu\/peto-development\/wp-json\/wp\/v2\/types\/page"}],"author":[{"embeddable":true,"href":"https:\/\/semmelweis.hu\/peto-development\/wp-json\/wp\/v2\/users\/102184"}],"replies":[{"embeddable":true,"href":"https:\/\/semmelweis.hu\/peto-development\/wp-json\/wp\/v2\/comments?post=1482"}],"version-history":[{"count":6,"href":"https:\/\/semmelweis.hu\/peto-development\/wp-json\/wp\/v2\/pages\/1482\/revisions"}],"predecessor-version":[{"id":2341,"href":"https:\/\/semmelweis.hu\/peto-development\/wp-json\/wp\/v2\/pages\/1482\/revisions\/2341"}],"up":[{"embeddable":true,"href":"https:\/\/semmelweis.hu\/peto-development\/wp-json\/wp\/v2\/pages\/1474"}],"wp:attachment":[{"href":"https:\/\/semmelweis.hu\/peto-development\/wp-json\/wp\/v2\/media?parent=1482"}],"wp:term":[{"taxonomy":"category","embeddable":true,"href":"https:\/\/semmelweis.hu\/peto-development\/wp-json\/wp\/v2\/categories?post=1482"},{"taxonomy":"post_tag","embeddable":true,"href":"https:\/\/semmelweis.hu\/peto-development\/wp-json\/wp\/v2\/tags?post=1482"}],"curies":[{"name":"wp","href":"https:\/\/api.w.org\/{rel}","templated":true}]}}