{"id":1466,"date":"2023-08-29T11:10:27","date_gmt":"2023-08-29T09:10:27","guid":{"rendered":"https:\/\/semmelweis.hu\/peto-development\/?page_id=1466"},"modified":"2025-11-10T11:12:40","modified_gmt":"2025-11-10T10:12:40","slug":"adolescentes","status":"publish","type":"page","link":"https:\/\/semmelweis.hu\/peto-development\/es\/servicios-2\/servicios-para-grupos-de-ninos\/adolescentes\/","title":{"rendered":"Adolescentes"},"content":{"rendered":"<h1>ADOLESCENTES (14-18 A\u00d1OS)<\/h1>\n<p>\nEste grupo est\u00e1 dise\u00f1ado para satisfacer las necesidades de ni\u00f1os en edad escolar y adultos durante todo el a\u00f1o. En un per\u00edodo de unas semanas, se enfocan en mejorar sus habilidades motoras y de la vida diaria, incorpor\u00e1ndolas en su rutina en el hogar de la <strong>manera m\u00e1s independiente posible<\/strong>. Son los mismos pacientes que deben establecer objetivos apropiados en los que quieren trabajar a lo largo de estas semanas y el equipo de conductores les ayuda a lograr mayores niveles de aprendizaje f\u00edsico. Los pacientes <strong>trabajan en grupos<\/strong>, de manera de animarse y motivarse mutuamente, as\u00ed como mejorar sus habilidades sociales.<\/p>\n<div class=\"fontos_div\">\n<p>Solicar: <a href=\"mailto:pak.ce@semmelweis.hu\">pak.ce@semmelweis.hu<\/a><\/p>\n<\/div>\n<p><strong>\u00bfBusca otro grupo de edad?<\/strong><\/p>\n<ul style=\"list-style-type: square\">\n<li><a href=\"https:\/\/semmelweis.hu\/peto-development\/es\/desarrollo-infantil-temprano-2\/\">Desarrollo Infantil Temprano<\/a><\/li>\n<li><a href=\"https:\/\/semmelweis.hu\/peto-development\/es\/parvulos\/\">P\u00e1rvulos<\/a><\/li>\n<li><a href=\"https:\/\/semmelweis.hu\/peto-development\/es\/escolares\/\">Escolares<\/a><\/li>\n<\/ul>\n<p><img loading=\"lazy\" decoding=\"async\" class=\" wp-image-579 aligncenter\" src=\"https:\/\/semmelweis.hu\/peto-development\/files\/2023\/05\/IMG_1304_1-400x300.jpg\" alt=\"\" width=\"540\" height=\"405\" srcset=\"https:\/\/semmelweis.hu\/peto-development\/files\/2023\/05\/IMG_1304_1-400x300.jpg 400w, https:\/\/semmelweis.hu\/peto-development\/files\/2023\/05\/IMG_1304_1-1024x768.jpg 1024w, https:\/\/semmelweis.hu\/peto-development\/files\/2023\/05\/IMG_1304_1-768x576.jpg 768w, https:\/\/semmelweis.hu\/peto-development\/files\/2023\/05\/IMG_1304_1-1536x1152.jpg 1536w, https:\/\/semmelweis.hu\/peto-development\/files\/2023\/05\/IMG_1304_1-2048x1536.jpg 2048w, https:\/\/semmelweis.hu\/peto-development\/files\/2023\/05\/IMG_1304_1-753x565.jpg 753w\" sizes=\"auto, (max-width: 540px) 100vw, 540px\" \/><\/p>\n","protected":false},"excerpt":{"rendered":"<p>ADOLESCENTES (14-18 A\u00d1OS) Este grupo est\u00e1 dise\u00f1ado para satisfacer las necesidades de ni\u00f1os en edad escolar y adultos durante todo el a\u00f1o. En un per\u00edodo de unas semanas, se enfocan en mejorar sus habilidades motoras y de la vida diaria, incorpor\u00e1ndolas en su rutina en el hogar de la manera m\u00e1s independiente posible. Son los &hellip;<\/p>\n","protected":false},"author":102184,"featured_media":0,"parent":1447,"menu_order":4,"comment_status":"closed","ping_status":"closed","template":"","meta":{"_acf_changed":false,"footnotes":""},"categories":[],"tags":[],"class_list":["post-1466","page","type-page","status-publish","hentry"],"acf":[],"_links":{"self":[{"href":"https:\/\/semmelweis.hu\/peto-development\/wp-json\/wp\/v2\/pages\/1466","targetHints":{"allow":["GET"]}}],"collection":[{"href":"https:\/\/semmelweis.hu\/peto-development\/wp-json\/wp\/v2\/pages"}],"about":[{"href":"https:\/\/semmelweis.hu\/peto-development\/wp-json\/wp\/v2\/types\/page"}],"author":[{"embeddable":true,"href":"https:\/\/semmelweis.hu\/peto-development\/wp-json\/wp\/v2\/users\/102184"}],"replies":[{"embeddable":true,"href":"https:\/\/semmelweis.hu\/peto-development\/wp-json\/wp\/v2\/comments?post=1466"}],"version-history":[{"count":6,"href":"https:\/\/semmelweis.hu\/peto-development\/wp-json\/wp\/v2\/pages\/1466\/revisions"}],"predecessor-version":[{"id":2337,"href":"https:\/\/semmelweis.hu\/peto-development\/wp-json\/wp\/v2\/pages\/1466\/revisions\/2337"}],"up":[{"embeddable":true,"href":"https:\/\/semmelweis.hu\/peto-development\/wp-json\/wp\/v2\/pages\/1447"}],"wp:attachment":[{"href":"https:\/\/semmelweis.hu\/peto-development\/wp-json\/wp\/v2\/media?parent=1466"}],"wp:term":[{"taxonomy":"category","embeddable":true,"href":"https:\/\/semmelweis.hu\/peto-development\/wp-json\/wp\/v2\/categories?post=1466"},{"taxonomy":"post_tag","embeddable":true,"href":"https:\/\/semmelweis.hu\/peto-development\/wp-json\/wp\/v2\/tags?post=1466"}],"curies":[{"name":"wp","href":"https:\/\/api.w.org\/{rel}","templated":true}]}}