{"id":1447,"date":"2023-08-29T11:03:12","date_gmt":"2023-08-29T09:03:12","guid":{"rendered":"https:\/\/semmelweis.hu\/peto-development\/?page_id=1447"},"modified":"2023-09-12T10:45:20","modified_gmt":"2023-09-12T08:45:20","slug":"servicios-para-grupos-de-ninos","status":"publish","type":"page","link":"https:\/\/semmelweis.hu\/peto-development\/es\/servicios-2\/servicios-para-grupos-de-ninos\/","title":{"rendered":"Servicios para grupos de ni\u00f1os"},"content":{"rendered":"<h1>Servicios para ni\u00f1os<\/h1>\n<h5>Grupo de beb\u00e9s y padres, Grupo de p\u00e1rvulos<\/h5>\n<p>Ofrece una oportunidad para que los ni\u00f1os trabajen dentro de un grupo. El enfoque principal del programa es mejorar las habilidades motoras de los ni\u00f1os, as\u00ed como sus <strong>habilidades para la vida diaria<\/strong>, como comunicarse, vestirse, ir al ba\u00f1o, comer, beber y jugar. El programa es muy <strong>complejo<\/strong> y se hace lo m\u00e1s colorido posible. Se priorizan los sentidos, la vista, el o\u00eddo y la mejora de la concentraci\u00f3n. Las sesiones son <strong>l\u00fadicas<\/strong> e <strong>inspiradoras<\/strong> para ayudar a los ni\u00f1os a adquirir informaci\u00f3n con facilidad.<\/p>\n<p>Los ni\u00f1os participan en las sesiones con o sin sus padres, en funci\u00f3n de las observaciones de los conductores.<\/p>\n<p>El objetivo <strong>del grupo de padres con hijos<\/strong> es ense\u00f1ar a los padres c\u00f3mo apoyar a sus hijos en su progreso f\u00edsico, social y emocional. En este grupo, uno de los padres permanece con el menor en todo momento y trabaja directamente con los conductores bajo las instrucciones del supervisor del grupo.<\/p>\n<p><strong>Seg\u00fan la edad<\/strong><\/p>\n<ul style=\"list-style-type: square\">\n<li><a href=\"https:\/\/semmelweis.hu\/peto-development\/es\/desarrollo-infantil-temprano-2\/\">Desarrollo Infantil Temprano<\/a><\/li>\n<li><a href=\"https:\/\/semmelweis.hu\/peto-development\/es\/parvulos\/\">P\u00e1rvulos<\/a><\/li>\n<li><a href=\"https:\/\/semmelweis.hu\/peto-development\/es\/escolares-7-14-anos\/\">Escolares<\/a><\/li>\n<li><a href=\"https:\/\/semmelweis.hu\/peto-development\/es\/adolescentes-14-18-anos\/\">Adolescentes<\/a><\/li>\n<\/ul>\n<p>&nbsp;<\/p>\n<p><img loading=\"lazy\" decoding=\"async\" class=\" wp-image-721 aligncenter\" src=\"https:\/\/semmelweis.hu\/peto-development\/files\/2023\/05\/RS64865_KA-20170721-KA__9789-scr-400x267.jpg\" alt=\"\" width=\"674\" height=\"450\" srcset=\"https:\/\/semmelweis.hu\/peto-development\/files\/2023\/05\/RS64865_KA-20170721-KA__9789-scr-400x267.jpg 400w, https:\/\/semmelweis.hu\/peto-development\/files\/2023\/05\/RS64865_KA-20170721-KA__9789-scr-768x512.jpg 768w, https:\/\/semmelweis.hu\/peto-development\/files\/2023\/05\/RS64865_KA-20170721-KA__9789-scr-753x502.jpg 753w, https:\/\/semmelweis.hu\/peto-development\/files\/2023\/05\/RS64865_KA-20170721-KA__9789-scr-203x135.jpg 203w, https:\/\/semmelweis.hu\/peto-development\/files\/2023\/05\/RS64865_KA-20170721-KA__9789-scr.jpg 950w\" sizes=\"auto, (max-width: 674px) 100vw, 674px\" \/><\/p>\n","protected":false},"excerpt":{"rendered":"<p>Servicios para ni\u00f1os Grupo de beb\u00e9s y padres, Grupo de p\u00e1rvulos Ofrece una oportunidad para que los ni\u00f1os trabajen dentro de un grupo. El enfoque principal del programa es mejorar las habilidades motoras de los ni\u00f1os, as\u00ed como sus habilidades para la vida diaria, como comunicarse, vestirse, ir al ba\u00f1o, comer, beber y jugar. El &hellip;<\/p>\n","protected":false},"author":102184,"featured_media":0,"parent":1440,"menu_order":2,"comment_status":"closed","ping_status":"closed","template":"","meta":{"_acf_changed":false,"footnotes":""},"categories":[],"tags":[],"class_list":["post-1447","page","type-page","status-publish","hentry"],"acf":[],"_links":{"self":[{"href":"https:\/\/semmelweis.hu\/peto-development\/wp-json\/wp\/v2\/pages\/1447","targetHints":{"allow":["GET"]}}],"collection":[{"href":"https:\/\/semmelweis.hu\/peto-development\/wp-json\/wp\/v2\/pages"}],"about":[{"href":"https:\/\/semmelweis.hu\/peto-development\/wp-json\/wp\/v2\/types\/page"}],"author":[{"embeddable":true,"href":"https:\/\/semmelweis.hu\/peto-development\/wp-json\/wp\/v2\/users\/102184"}],"replies":[{"embeddable":true,"href":"https:\/\/semmelweis.hu\/peto-development\/wp-json\/wp\/v2\/comments?post=1447"}],"version-history":[{"count":7,"href":"https:\/\/semmelweis.hu\/peto-development\/wp-json\/wp\/v2\/pages\/1447\/revisions"}],"predecessor-version":[{"id":1667,"href":"https:\/\/semmelweis.hu\/peto-development\/wp-json\/wp\/v2\/pages\/1447\/revisions\/1667"}],"up":[{"embeddable":true,"href":"https:\/\/semmelweis.hu\/peto-development\/wp-json\/wp\/v2\/pages\/1440"}],"wp:attachment":[{"href":"https:\/\/semmelweis.hu\/peto-development\/wp-json\/wp\/v2\/media?parent=1447"}],"wp:term":[{"taxonomy":"category","embeddable":true,"href":"https:\/\/semmelweis.hu\/peto-development\/wp-json\/wp\/v2\/categories?post=1447"},{"taxonomy":"post_tag","embeddable":true,"href":"https:\/\/semmelweis.hu\/peto-development\/wp-json\/wp\/v2\/tags?post=1447"}],"curies":[{"name":"wp","href":"https:\/\/api.w.org\/{rel}","templated":true}]}}