{"id":1432,"date":"2023-08-29T10:48:08","date_gmt":"2023-08-29T08:48:08","guid":{"rendered":"https:\/\/semmelweis.hu\/peto-development\/?page_id=1432"},"modified":"2023-09-05T09:59:21","modified_gmt":"2023-09-05T07:59:21","slug":"la-pedagogia-conductiva","status":"publish","type":"page","link":"https:\/\/semmelweis.hu\/peto-development\/es\/sobre-nosotros-2\/la-pedagogia-conductiva\/","title":{"rendered":"La Pedagog\u00eda conductiva"},"content":{"rendered":"<h1>PEDAGOG\u00cdA CONDUCTIVA<\/h1>\n<p>La pedagog\u00eda conductiva es <strong>un sistema educativo<\/strong> y pedag\u00f3gico basado en el trabajo del profesor h\u00fangaro Andr\u00e1s Pet\u0151, desarrollado espec\u00edficamente pensando en<strong> ni\u00f1os<\/strong> y <strong>adultos<\/strong> con trastornos motores de origen neurol\u00f3gico, como par\u00e1lisis cerebral, espina b\u00edfida, esclerosis m\u00faltiple, enfermedad de Parkinson y lesi\u00f3n cerebral adquirida (p.ej.: accidente cerebrovascular, traumatismo craneal). Es un m\u00e9todo integral de habilitaci\u00f3n\/rehabilitaci\u00f3n que utiliza el aprendizaje activo y la ciencia de la neuroplasticidad para reducir los efectos f\u00edsicos de diversas lesiones del sistema nervioso central.<\/p>\n<p><strong>La educaci\u00f3n conductiva<\/strong> combina actividades f\u00edsicas con tareas cognitivas, con especial \u00e9nfasis en la comunicaci\u00f3n. Por lo general, se realiza en formato grupal con el fin de optimizar la participaci\u00f3n activa y la interacci\u00f3n social.<\/p>\n<p><strong>Focaliza en el desarrollo de la persona en su totalidad y utiliza un programa complejo para desarrollar:<\/strong><br \/>\n\u25cf la motricidad gruesa,<br \/>\n\u25cf la motricidad fina,<br \/>\n\u25cf la comunicaci\u00f3n,<br \/>\n\u25cf las habilidades sociales,<br \/>\n\u25cf integradas en actividades de la vida diaria.<\/p>\n<p>La caracter\u00edstica clave del m\u00e9todo de educaci\u00f3n conductiva es su enfoque hol\u00edstico que aborda las necesidades f\u00edsicas, intelectuales y emocionales del individuo, y lo hace particularmente atractivo para aquellas familias que desean preparar a sus hijos para la vida independiente.<\/p>\n<h5>Servicios<\/h5>\n<ul>\n<li class=\"page_item page-item-1447 page_item_has_children\"><a href=\"https:\/\/semmelweis.hu\/peto-development\/es\/servicios-2\/servicios-para-grupos-de-ninos\/\">Servicios para grupos de ni\u00f1os<\/a>\n<ul class=\"children\">\n<li class=\"page_item page-item-1464\"><a href=\"https:\/\/semmelweis.hu\/peto-development\/es\/servicios-2\/servicios-para-grupos-de-ninos\/desarrollo-infantil-temprano-2\/\">Desarrollo Infantil Temprano<\/a><\/li>\n<li class=\"page_item page-item-1456\"><a href=\"https:\/\/semmelweis.hu\/peto-development\/es\/servicios-2\/servicios-para-grupos-de-ninos\/parvulos\/\">P\u00e1rvulos<\/a><\/li>\n<li class=\"page_item page-item-1462\"><a href=\"https:\/\/semmelweis.hu\/peto-development\/es\/servicios-2\/servicios-para-grupos-de-ninos\/escolares\/\">Escolares<\/a><\/li>\n<li class=\"page_item page-item-1466\"><a href=\"https:\/\/semmelweis.hu\/peto-development\/es\/servicios-2\/servicios-para-grupos-de-ninos\/adolescentes\/\">Adolescentes<\/a><\/li>\n<\/ul>\n<\/li>\n<li>Servicios para grupos de adultos \n<ul class=\"children\">\n<li class=\"page_item page-item-1476\"><a href=\"https:\/\/semmelweis.hu\/peto-development\/es\/servicios-2\/servicios-para-grupos-de-adultos-2\/paralisis-cerebral-pc\/\">Par\u00e1lisis Cerebral (PC)<\/a><\/li>\n<li class=\"page_item page-item-1478\"><a href=\"https:\/\/semmelweis.hu\/peto-development\/es\/servicios-2\/servicios-para-grupos-de-adultos-2\/accidente-cerebrovascular-acv\/\">Accidente cerebrovascular (ACV)<\/a><\/li>\n<li class=\"page_item page-item-1480\"><a href=\"https:\/\/semmelweis.hu\/peto-development\/es\/servicios-2\/servicios-para-grupos-de-adultos-2\/esclerosis-multiple-em\/\">Esclerosis M\u00faltiple (EM)<\/a><\/li>\n<li class=\"page_item page-item-1482\"><a href=\"https:\/\/semmelweis.hu\/peto-development\/es\/servicios-2\/servicios-para-grupos-de-adultos-2\/enfermedad-de-parkinson\/\">Enfermedad de Parkinson<\/a><\/li>\n<\/ul>\n<\/li>\n<\/ul>\n<p>&nbsp;<\/p>\n\r\n        [slb_exclude]\r\n        <div class=\"row galeria-wrapper mx-0 h-auto\">\r\n            <div class=\"col-9 pl-0 pr-2\">\r\n            <span class=\"gallery-item frame\">\r\n\t\t\t\t<div class=\"galeria-left-img\"><a href=\"https:\/\/semmelweis.hu\/peto-development\/files\/2023\/05\/RS64829_KA-20170721-KA__9670-scr.jpg\"><img src=https:\/\/semmelweis.hu\/peto-development\/files\/2023\/05\/RS64829_KA-20170721-KA__9670-scr.jpg  \r\n                            alt=\"\" \r\n                            class=\"attachment-sote-gallery-big size-sote-gallery-big\" \r\n                            srcset=\"https:\/\/semmelweis.hu\/peto-development\/files\/2023\/05\/RS64829_KA-20170721-KA__9670-scr-400x267.jpg 400w, https:\/\/semmelweis.hu\/peto-development\/files\/2023\/05\/RS64829_KA-20170721-KA__9670-scr-768x512.jpg 768w, https:\/\/semmelweis.hu\/peto-development\/files\/2023\/05\/RS64829_KA-20170721-KA__9670-scr-753x502.jpg 753w, https:\/\/semmelweis.hu\/peto-development\/files\/2023\/05\/RS64829_KA-20170721-KA__9670-scr-203x135.jpg 203w, https:\/\/semmelweis.hu\/peto-development\/files\/2023\/05\/RS64829_KA-20170721-KA__9670-scr.jpg 950w\" ><\/a><\/div>\r\n            <\/span>\r\n\r\n            <\/div>\r\n\r\n\t\t\t<div class=\"col-3 pl-0 pr-0\">\r\n\t\t\t\t<div class=\"galeria-right-img d-flex justify-content-between flex-column h-100 w-100 px-0 mx-0 \">\r\n                <div class=\"galeria-box\">\r\n\t\t\t\t\t<h3 class=\"galeria-title\">Gallery<\/h3>\r\n\t\t\t\t\t<div class=\"galeria-subtitle\">\r\n\r\n\t\t\t\t\t\t<div class=\"galeria-page-counter\"><span>5<\/span>images<\/div>\r\n                    <\/div> <\/div>\r\n                    <span class=\"gallery-item frame d-none d-md-flex\">\r\n\t\t\t\t\t<div class=\"galeria-small-img mt-0\"><a href=\"https:\/\/semmelweis.hu\/peto-development\/files\/2023\/05\/conductive-education.jpg\"><img src=https:\/\/semmelweis.hu\/peto-development\/files\/2023\/05\/conductive-education.jpg \r\n                                alt=\"\"  \r\n                                class=\"attachment-sote-gallery-small size-sote-gallery-small\" \r\n                                srcset=\"https:\/\/semmelweis.hu\/peto-development\/files\/2023\/05\/conductive-education-400x267.jpg 400w, https:\/\/semmelweis.hu\/peto-development\/files\/2023\/05\/conductive-education-768x512.jpg 768w, https:\/\/semmelweis.hu\/peto-development\/files\/2023\/05\/conductive-education-753x502.jpg 753w, https:\/\/semmelweis.hu\/peto-development\/files\/2023\/05\/conductive-education-203x135.jpg 203w, https:\/\/semmelweis.hu\/peto-development\/files\/2023\/05\/conductive-education.jpg 950w\" ><\/a><\/div>\r\n                    <\/span>\r\n                    <span class=\"gallery-item frame d-none d-md-flex\">\r\n\t\t\t\t\t<div class=\"galeria-small-img mt-0\"><a href=\"https:\/\/semmelweis.hu\/peto-development\/files\/2023\/05\/RS64843_KA-20170721-KA__9702-scr.jpg\"><img src=https:\/\/semmelweis.hu\/peto-development\/files\/2023\/05\/RS64843_KA-20170721-KA__9702-scr.jpg \r\n                                alt=\"\" \r\n                                class=\"attachment-sote-gallery-small size-sote-gallery-small\" \r\n                                srcset=\"https:\/\/semmelweis.hu\/peto-development\/files\/2023\/05\/RS64843_KA-20170721-KA__9702-scr-400x267.jpg 400w, https:\/\/semmelweis.hu\/peto-development\/files\/2023\/05\/RS64843_KA-20170721-KA__9702-scr-768x512.jpg 768w, https:\/\/semmelweis.hu\/peto-development\/files\/2023\/05\/RS64843_KA-20170721-KA__9702-scr-753x502.jpg 753w, https:\/\/semmelweis.hu\/peto-development\/files\/2023\/05\/RS64843_KA-20170721-KA__9702-scr-203x135.jpg 203w, https:\/\/semmelweis.hu\/peto-development\/files\/2023\/05\/RS64843_KA-20170721-KA__9702-scr.jpg 950w\" ><\/a><\/div>\r\n                    <\/span>\r\n\r\n                <\/div>\r\n\r\n            <\/div>\r\n\r\n            <span class=\"gallery-item\"><div class=\"hidden\"><a href=\"https:\/\/semmelweis.hu\/peto-development\/files\/2023\/05\/RS147963_C19A2921-scr.jpg\">\r\n        <img src=https:\/\/semmelweis.hu\/peto-development\/files\/2023\/05\/RS147963_C19A2921-scr.jpg alt=\"\" class=\"attachment-sote-gallery-big size-sote-gallery-big\" srcset=\"https:\/\/semmelweis.hu\/peto-development\/files\/2023\/05\/RS147963_C19A2921-scr-400x267.jpg 400w, https:\/\/semmelweis.hu\/peto-development\/files\/2023\/05\/RS147963_C19A2921-scr-1024x683.jpg 1024w, https:\/\/semmelweis.hu\/peto-development\/files\/2023\/05\/RS147963_C19A2921-scr-768x512.jpg 768w, https:\/\/semmelweis.hu\/peto-development\/files\/2023\/05\/RS147963_C19A2921-scr-753x502.jpg 753w, https:\/\/semmelweis.hu\/peto-development\/files\/2023\/05\/RS147963_C19A2921-scr-203x135.jpg 203w, https:\/\/semmelweis.hu\/peto-development\/files\/2023\/05\/RS147963_C19A2921-scr.jpg 1200w\" >\r\n        <\/a><\/div><\/span><span class=\"gallery-item\"><div class=\"hidden\"><a href=\"https:\/\/semmelweis.hu\/peto-development\/files\/2023\/05\/RS64837_KA-20170721-KA__9690-scr.jpg\">\r\n        <img src=https:\/\/semmelweis.hu\/peto-development\/files\/2023\/05\/RS64837_KA-20170721-KA__9690-scr.jpg alt=\"\" class=\"attachment-sote-gallery-big size-sote-gallery-big\" srcset=\"https:\/\/semmelweis.hu\/peto-development\/files\/2023\/05\/RS64837_KA-20170721-KA__9690-scr-400x267.jpg 400w, https:\/\/semmelweis.hu\/peto-development\/files\/2023\/05\/RS64837_KA-20170721-KA__9690-scr-768x512.jpg 768w, https:\/\/semmelweis.hu\/peto-development\/files\/2023\/05\/RS64837_KA-20170721-KA__9690-scr-753x502.jpg 753w, https:\/\/semmelweis.hu\/peto-development\/files\/2023\/05\/RS64837_KA-20170721-KA__9690-scr-203x135.jpg 203w, https:\/\/semmelweis.hu\/peto-development\/files\/2023\/05\/RS64837_KA-20170721-KA__9690-scr.jpg 950w\" >\r\n        <\/a><\/div><\/span>\r\n            <\/div>\r\n\r\n            [\/slb_exclude]\r\n\t\n<p>&nbsp;<\/p>\n","protected":false},"excerpt":{"rendered":"<p>La pedagog\u00eda conductiva es un sistema educativo y pedag\u00f3gico basado en el trabajo del profesor h\u00fangaro Andr\u00e1s Pet\u0151, desarrollado espec\u00edficamente pensando en ni\u00f1os y adultos con trastornos motores de origen neurol\u00f3gico, como par\u00e1lisis cerebral, espina b\u00edfida, esclerosis m\u00faltiple, enfermedad de Parkinson y lesi\u00f3n cerebral adquirida (p.ej.: accidente cerebrovascular, traumatismo craneal). Es un m\u00e9todo integral de habilitaci\u00f3n\/rehabilitaci\u00f3n que utiliza el aprendizaje activo y la ciencia de la neuroplasticidad para reducir los efectos f\u00edsicos de diversas lesiones del sistema nervioso central.<\/p>\n","protected":false},"author":102184,"featured_media":151,"parent":1430,"menu_order":1,"comment_status":"closed","ping_status":"closed","template":"","meta":{"_acf_changed":false,"footnotes":""},"categories":[],"tags":[],"class_list":["post-1432","page","type-page","status-publish","has-post-thumbnail","hentry"],"acf":[],"_links":{"self":[{"href":"https:\/\/semmelweis.hu\/peto-development\/wp-json\/wp\/v2\/pages\/1432","targetHints":{"allow":["GET"]}}],"collection":[{"href":"https:\/\/semmelweis.hu\/peto-development\/wp-json\/wp\/v2\/pages"}],"about":[{"href":"https:\/\/semmelweis.hu\/peto-development\/wp-json\/wp\/v2\/types\/page"}],"author":[{"embeddable":true,"href":"https:\/\/semmelweis.hu\/peto-development\/wp-json\/wp\/v2\/users\/102184"}],"replies":[{"embeddable":true,"href":"https:\/\/semmelweis.hu\/peto-development\/wp-json\/wp\/v2\/comments?post=1432"}],"version-history":[{"count":10,"href":"https:\/\/semmelweis.hu\/peto-development\/wp-json\/wp\/v2\/pages\/1432\/revisions"}],"predecessor-version":[{"id":1621,"href":"https:\/\/semmelweis.hu\/peto-development\/wp-json\/wp\/v2\/pages\/1432\/revisions\/1621"}],"up":[{"embeddable":true,"href":"https:\/\/semmelweis.hu\/peto-development\/wp-json\/wp\/v2\/pages\/1430"}],"wp:featuredmedia":[{"embeddable":true,"href":"https:\/\/semmelweis.hu\/peto-development\/wp-json\/wp\/v2\/media\/151"}],"wp:attachment":[{"href":"https:\/\/semmelweis.hu\/peto-development\/wp-json\/wp\/v2\/media?parent=1432"}],"wp:term":[{"taxonomy":"category","embeddable":true,"href":"https:\/\/semmelweis.hu\/peto-development\/wp-json\/wp\/v2\/categories?post=1432"},{"taxonomy":"post_tag","embeddable":true,"href":"https:\/\/semmelweis.hu\/peto-development\/wp-json\/wp\/v2\/tags?post=1432"}],"curies":[{"name":"wp","href":"https:\/\/api.w.org\/{rel}","templated":true}]}}