{"id":1002,"date":"2023-05-15T10:35:59","date_gmt":"2023-05-15T08:35:59","guid":{"rendered":"https:\/\/semmelweis.hu\/peto-development\/?page_id=1002"},"modified":"2025-12-17T08:48:40","modified_gmt":"2025-12-17T07:48:40","slug":"gyor-fejlesztes","status":"publish","type":"page","link":"https:\/\/semmelweis.hu\/peto-development\/hu\/gyor\/gyor-fejlesztes\/","title":{"rendered":"Fejleszt\u00e9s\/Rehabilit\u00e1ci\u00f3"},"content":{"rendered":"<h1 style=\"text-align: center\">Pet\u0151 pont &#8211; Gy\u0151r<\/h1>\n<div>\n<div class=\"keretes w-100\">\n<p>El\u00e9rhet\u0151s\u00e9gek: <br \/>\nE-mail c\u00edm: peto.gyor@semmelweis.hu <br \/>\nTel.: +36-30-877-2914<\/p>\n<\/div>\n<\/div>\n<div>\n<p>&nbsp;<\/p>\n<h5>Gyermekeknek<\/h5>\n<ul>\n<li><span style=\"font-size: 1rem\">H\u00e1ny \u00e9ves kort\u00f3l?<img loading=\"lazy\" decoding=\"async\" class=\"size-medium wp-image-2289 alignright\" src=\"https:\/\/semmelweis.hu\/peto-development\/files\/2025\/04\/petopontgyor2-300x400.jpeg\" alt=\"\" width=\"300\" height=\"400\" srcset=\"https:\/\/semmelweis.hu\/peto-development\/files\/2025\/04\/petopontgyor2-300x400.jpeg 300w, https:\/\/semmelweis.hu\/peto-development\/files\/2025\/04\/petopontgyor2-768x1023.jpeg 768w, https:\/\/semmelweis.hu\/peto-development\/files\/2025\/04\/petopontgyor2-1153x1536.jpeg 1153w, https:\/\/semmelweis.hu\/peto-development\/files\/2025\/04\/petopontgyor2-1537x2048.jpeg 1537w, https:\/\/semmelweis.hu\/peto-development\/files\/2025\/04\/petopontgyor2-753x1003.jpeg 753w, https:\/\/semmelweis.hu\/peto-development\/files\/2025\/04\/petopontgyor2.jpeg 1816w\" sizes=\"auto, (max-width: 300px) 100vw, 300px\" \/> <\/span>\n<ul>\n<li>M\u00e1r <strong>6<\/strong><strong>\u00a0h\u00f3napos kort\u00f3l<\/strong> lehet\u0151s\u00e9g van jelentkezni!<\/li>\n<\/ul>\n<\/li>\n<li><span style=\"font-size: 1rem\">Kiknek aj\u00e1nljuk?<\/span>\n<ul>\n<li>Megk\u00e9sett mozg\u00e1sfejl\u0151d\u00e9s\u0171,<\/li>\n<li>Elt\u00e9r\u0151 fejl\u0151d\u00e9smenet\u0171,<\/li>\n<li>Feszes vagy hypot\u00f3n izomt\u00f3nus\u00fa,<\/li>\n<li>Asszimmetrikus testtart\u00e1s\u00fa,<\/li>\n<li>Diagnosztiz\u00e1lt idegrendszeri s\u00e9r\u00fclt (tetrapl\u00e9gia\/quadripl\u00e9gia, dipl\u00e9gia, hemipl\u00e9gia, spina bifida, athetozis, ataxia stb.) gyermekeknek.<\/li>\n<\/ul>\n<\/li>\n<li><span style=\"font-size: 1rem\">Fejleszt\u00e9si ter\u00fcletek:<\/span>\n<ul>\n<li>Nagymozg\u00e1sok fejleszt\u00e9se<\/li>\n<li>Finommozg\u00e1sok fejleszt\u00e9se<\/li>\n<li>Kommunik\u00e1ci\u00f3 fejleszt\u00e9se<\/li>\n<li>Kognit\u00edv k\u00e9pess\u00e9gek fejleszt\u00e9se (figyelem, eml\u00e9kezet, gondolkod\u00e1s)<\/li>\n<li>Szenzoros fejleszt\u00e9s<\/li>\n<li>Szoci\u00e1lis k\u00e9szs\u00e9gek fejleszt\u00e9se<\/li>\n<\/ul>\n<\/li>\n<\/ul>\n<h5>Feln\u0151tteknek<\/h5>\n<ul>\n<li><span style=\"font-size: 1rem\">Mikort\u00f3l?<\/span>\n<ul>\n<li>A lehet\u0151 <strong>legkor\u00e1bban<\/strong> megkezdett rehabilit\u00e1ci\u00f3 a kulcsa a mozg\u00e1s, a besz\u00e9d \u00e9s kognit\u00edv k\u00e9pess\u00e9gek fejleszt\u00e9s\u00e9nek.<\/li>\n<\/ul>\n<\/li>\n<li><span style=\"font-size: 1rem\">Kiknek aj\u00e1nljuk?<\/span>\n<ul>\n<li>Feln\u0151tt k\u00f6zponti idegrendszeri (Cerebral Paresis) s\u00e9r\u00fclt,<\/li>\n<li>Stroke,<\/li>\n<li>Sclerosis Multiplex (SM),<\/li>\n<li>Parkinson k\u00f3rral diagnosztiz\u00e1lt feln\u0151tteknek.<\/li>\n<\/ul>\n<\/li>\n<li><span style=\"font-size: 1rem\">C\u00e9lunk<\/span>\n<ul>\n<li>j\u00e1r\u00e1smin\u0151s\u00e9g jav\u00edt\u00e1sa,<\/li>\n<li>mindk\u00e9t k\u00e9z bevon\u00e1sa a tev\u00e9kenys\u00e9gekbe,<\/li>\n<li>akt\u00edv \u00e9letvitel kialak\u00edt\u00e1sa \u00e9s megtart\u00e1sa,<\/li>\n<li>\u00f6nell\u00e1t\u00e1s el\u00e9r\u00e9se a mozg\u00e1s\u00e1llapothoz m\u00e9rten, valamint a besz\u00e9d \u00e9s a kommunik\u00e1ci\u00f3s technik\u00e1k fejleszt\u00e9se.<\/li>\n<\/ul>\n<\/li>\n<\/ul>\n<p>A kondukt\u00edv pedag\u00f3gi\u00e1ban c\u00e9ljainkat \u00fagy hat\u00e1rozzuk meg, hogy a foglalkoz\u00e1sokon tanultak megold\u00e1si m\u00f3dokat adjanak a mindennapi \u00e9letben felmer\u00fcl\u0151 probl\u00e9m\u00e1kra. Ezek be\u00e9p\u00edthet\u0151k legyenek a <strong>mindennapi cselekv\u00e9sekbe<\/strong>, tev\u00e9kenys\u00e9gekbe, sikeresen haszn\u00e1lhat\u00f3k, alkalmazhat\u00f3k legyenek a probl\u00e9mahelyzetekben. C\u00e9lunk, hogy a hozz\u00e1nk j\u00e1r\u00f3k min\u00e9l hosszabb ideig megtarthass\u00e1k aktivit\u00e1sukat, <strong>\u00f6n\u00e1ll\u00f3s\u00e1gukat<\/strong>, \u00f6nell\u00e1t\u00f3 k\u00e9pess\u00e9g\u00fcket. Ennek eredm\u00e9nyek\u00e9nt t\u00e9nylegesen jav\u00edtsuk az \u00e9letmin\u0151s\u00e9get, a teljes\u00edt\u0151k\u00e9pess\u00e9get.<\/p>\n<p>&nbsp;<\/p>\n<\/div>\n","protected":false},"excerpt":{"rendered":"<p>Pet\u0151 pont &#8211; Gy\u0151r El\u00e9rhet\u0151s\u00e9gek: E-mail c\u00edm: peto.gyor@semmelweis.hu Tel.: +36-30-877-2914 &nbsp; Gyermekeknek H\u00e1ny \u00e9ves kort\u00f3l? M\u00e1r 6\u00a0h\u00f3napos kort\u00f3l lehet\u0151s\u00e9g van jelentkezni! Kiknek aj\u00e1nljuk? Megk\u00e9sett mozg\u00e1sfejl\u0151d\u00e9s\u0171, Elt\u00e9r\u0151 fejl\u0151d\u00e9smenet\u0171, Feszes vagy hypot\u00f3n izomt\u00f3nus\u00fa, Asszimmetrikus testtart\u00e1s\u00fa, Diagnosztiz\u00e1lt idegrendszeri s\u00e9r\u00fclt (tetrapl\u00e9gia\/quadripl\u00e9gia, dipl\u00e9gia, hemipl\u00e9gia, spina bifida, athetozis, ataxia stb.) gyermekeknek. Fejleszt\u00e9si ter\u00fcletek: Nagymozg\u00e1sok fejleszt\u00e9se Finommozg\u00e1sok fejleszt\u00e9se Kommunik\u00e1ci\u00f3 fejleszt\u00e9se Kognit\u00edv k\u00e9pess\u00e9gek &hellip;<\/p>\n","protected":false},"author":102184,"featured_media":0,"parent":2041,"menu_order":1,"comment_status":"closed","ping_status":"closed","template":"","meta":{"_acf_changed":false,"footnotes":""},"categories":[],"tags":[],"class_list":["post-1002","page","type-page","status-publish","hentry"],"acf":[],"_links":{"self":[{"href":"https:\/\/semmelweis.hu\/peto-development\/wp-json\/wp\/v2\/pages\/1002","targetHints":{"allow":["GET"]}}],"collection":[{"href":"https:\/\/semmelweis.hu\/peto-development\/wp-json\/wp\/v2\/pages"}],"about":[{"href":"https:\/\/semmelweis.hu\/peto-development\/wp-json\/wp\/v2\/types\/page"}],"author":[{"embeddable":true,"href":"https:\/\/semmelweis.hu\/peto-development\/wp-json\/wp\/v2\/users\/102184"}],"replies":[{"embeddable":true,"href":"https:\/\/semmelweis.hu\/peto-development\/wp-json\/wp\/v2\/comments?post=1002"}],"version-history":[{"count":11,"href":"https:\/\/semmelweis.hu\/peto-development\/wp-json\/wp\/v2\/pages\/1002\/revisions"}],"predecessor-version":[{"id":2366,"href":"https:\/\/semmelweis.hu\/peto-development\/wp-json\/wp\/v2\/pages\/1002\/revisions\/2366"}],"up":[{"embeddable":true,"href":"https:\/\/semmelweis.hu\/peto-development\/wp-json\/wp\/v2\/pages\/2041"}],"wp:attachment":[{"href":"https:\/\/semmelweis.hu\/peto-development\/wp-json\/wp\/v2\/media?parent=1002"}],"wp:term":[{"taxonomy":"category","embeddable":true,"href":"https:\/\/semmelweis.hu\/peto-development\/wp-json\/wp\/v2\/categories?post=1002"},{"taxonomy":"post_tag","embeddable":true,"href":"https:\/\/semmelweis.hu\/peto-development\/wp-json\/wp\/v2\/tags?post=1002"}],"curies":[{"name":"wp","href":"https:\/\/api.w.org\/{rel}","templated":true}]}}