{"id":16,"date":"2012-01-29T15:41:31","date_gmt":"2012-01-29T15:41:31","guid":{"rendered":"http:\/\/semmelweis-egyetem.hu\/penzugy\/?page_id=16"},"modified":"2024-10-16T08:07:50","modified_gmt":"2024-10-16T06:07:50","slug":"szamviteli-osztaly","status":"publish","type":"page","link":"https:\/\/semmelweis.hu\/penzugy\/osztalyok\/szamviteli-osztaly\/","title":{"rendered":"Sz\u00e1mviteli Oszt\u00e1ly"},"content":{"rendered":"<div class=\"keretes w-100\">\n<p><strong>Sz\u00e1mviteli oszt\u00e1lyvezet\u0151: Erhartn\u00e9 Maurer \u00c1gnes<\/strong><\/p>\n<\/div>\n<h4><strong>A Sz\u00e1mviteli Oszt\u00e1lyhoz tartoz\u00f3 csoportok feladatai<\/strong><\/h4>\n<h5>Eszk\u00f6zanalitika Csoport<\/h5>\n<ul>\n<li>gondoskodik az egyetemi, MTA, valamint az Idegen tulajdon\u00fa eszk\u00f6z\u00f6k vagyonk\u00e9szlet\u00e9ben be\u00e1ll\u00f3 v\u00e1ltoz\u00e1sok id\u0151beni regisztr\u00e1l\u00e1s\u00e1r\u00f3l,<\/li>\n<li>adatszolg\u00e1ltat\u00e1s MTA fel\u00e9 a nyilv\u00e1ntartott eszk\u00f6zeir\u0151l,<\/li>\n<li>k\u00f6nyveli a kis\u00e9rt\u00e9k\u0171 vagyont\u00e1rgyakban be\u00e1ll\u00f3 v\u00e1ltoz\u00e1sokat, analitikusan,<\/li>\n<li>beruh\u00e1z\u00e1sok, befektetett eszk\u00f6z\u00f6k, kis\u00e9rt\u00e9k\u0171 t\u00e1rgyi eszk\u00f6z\u00f6k mennyis\u00e9gi \u00e9s \u00e9rt\u00e9kbeli nyilv\u00e1ntart\u00e1st vezet az AM modulban,<\/li>\n<li>elsz\u00e1mol\u00e1sa havonta az eszk\u00f6z\u00f6k \u00c9CS k\u00f6nyvel\u00e9se (futtat\u00e1sa),<\/li>\n<li>gondoskodik az egyez\u0151s\u00e9gr\u0151l a f\u0151k\u00f6nyvvel,<\/li>\n<\/ul>\n<ul>\n<li>negyed\u00e9vente a beruh\u00e1z\u00e1si statisztik\u00e1t elk\u00e9sz\u00edt,<\/li>\n<\/ul>\n<ul>\n<li>k\u00f6nyvvizsg\u00e1lattal kapcsolatos adatszolg\u00e1ltat\u00e1s dokumentumainak el\u0151k\u00e9sz\u00edt\u00e9se,<\/li>\n<li>ellen\u0151rz\u00f6tt adatot ad az Egyetem besz\u00e1mol\u00f3j\u00e1hoz, adatszolg\u00e1ltat\u00e1saihoz a k\u00e9rt form\u00e1ban \u00e9s tartalommal, hogy az hat\u00e1rid\u0151re teljes\u00edthet\u0151 legyen.<\/li>\n<\/ul>\n<h5>F\u0151k\u00f6nyvi K\u00f6nyvel\u00e9si Csoport<\/h5>\n<ul>\n<li>szerz\u0151d\u00e9sekhez tartoz\u00f3 k\u00f6z\u00e9rdek\u0171 adatok kezel\u00e9se,<\/li>\n<li>a sz\u00e1mvitellel kapcsolatos hat\u00e1lyos t\u00f6rv\u00e9nyek, rendeletek, utas\u00edt\u00e1sok betart\u00e1sa mellett az Egyetemi sz\u00e1mlat\u00fck\u00f6rnek, Sz\u00e1mviteli politika \u00e9s Sz\u00e1mlarend alapj\u00e1n biztos\u00edtja a gazdas\u00e1gi esem\u00e9nyek k\u00f6nyvel\u00e9s\u00e9t,<\/li>\n<li>napra pontosan vezeti az Egyetem sz\u00e1mlat\u00fckr\u00e9t,<\/li>\n<li>mindazon egyeztet\u00e9si feladatok v\u00e9grehajt\u00e1sa, amelyeket a t\u00e1rsoszt\u00e1lyok adataival kell \u00f6sszevetni, azok rendszeress\u00e9g\u00e9t a felmer\u00fcl\u0151 hib\u00e1k id\u0151beni rendez\u00e9s\u00e9t ellen\u0151rzi,<\/li>\n<li>az SAP modulj\u00e1hoz tartoz\u00f3 cikkt\u00f6rzs naprak\u00e9sz kezel\u00e9se,<\/li>\n<li>az SAP-ban r\u00f6gz\u00edtett szerz\u0151d\u00e9sekhez tartoz\u00f3 teljes\u00edt\u00e9sek, \u00e9s \u00faj szerz\u0151d\u00e9sek lev\u00e1logat\u00e1sa ig\u00e9ny szerint,<\/li>\n<li>sz\u00e1mviteli feladatot \u00e9rint\u0151 informatikai fejleszt\u00e9sek koordin\u00e1l\u00e1sa, a csoporthoz tartoz\u00f3 h\u00e1tt\u00e9rt\u00e1bl\u00e1k ellen\u0151rz\u00e9s, karbantart\u00e1sa, k\u00f6nyvel\u00e9shez sz\u00fcks\u00e9ges be\u00e1ll\u00edt\u00e1sok elv\u00e9gz\u00e9se,<\/li>\n<li>jogszab\u00e1lyv\u00e1ltoz\u00e1st k\u00f6vet\u0151en javaslatot tesz a sz\u00e1mviteli politika, sz\u00e1mlarend, sz\u00e1mlat\u00fck\u00f6r \u00e9s a hozz\u00e1 tartoz\u00f3 szab\u00e1lyzatok karbantart\u00e1sa jogszab\u00e1lyok v\u00e1ltoz\u00e1s\u00e1t k\u00f6vet\u0151 60 napon bel\u00fcl, de legk\u00e9s\u0151bb a szab\u00e1lyzat megjelen\u00e9s\u00e9t\u0151l sz\u00e1m\u00edtott 2 \u00e9ven bel\u00fcl,<\/li>\n<li>ellen\u0151rz\u00f6tt adatot ad az Egyetem besz\u00e1mol\u00f3j\u00e1hoz, adatszolg\u00e1ltat\u00e1saihoz a k\u00e9rt form\u00e1ban \u00e9s tartalommal, hogy az hat\u00e1rid\u0151re teljes\u00edthet\u0151 legyen.<\/li>\n<\/ul>\n<h5>Lelt\u00e1rellen\u0151rz\u00e9si Csoport<\/h5>\n<ul>\n<li>\u00e9ves lelt\u00e1rellen\u0151rz\u00e9si \u00fctemterv elk\u00e9sz\u00edt\u00e9se, j\u00f3v\u00e1hagyat\u00e1sa, a lelt\u00e1roz\u00e1sok elrendel\u00e9s\u00e9r\u0151l a szervezeti egys\u00e9g vezet\u0151inek ki\u00e9rtes\u00edt\u00e9se,<\/li>\n<li>besz\u00e1mol\u00e1si, adatszolg\u00e1ltat\u00e1si k\u00f6telezetts\u00e9g teljes\u00edt\u00e9se,<\/li>\n<li>a szervezeti egys\u00e9gek lelt\u00e1roz\u00e1si tev\u00e9kenys\u00e9g\u00e9nek koordin\u00e1l\u00e1sa, ellen\u0151rz\u00e9se,<\/li>\n<li>a szervezeti egys\u00e9gek saj\u00e1t hat\u00e1sk\u00f6rben v\u00e9gzett lelt\u00e1roz\u00e1sainak sz\u00e1mszaki \u00e9s tartalmi fel\u00fclvizsg\u00e1lata,<\/li>\n<li>lelt\u00e1rfelv\u00e9teli \u00f6sszes\u00edt\u0151k elk\u00e9sz\u00edt\u00e9se a bek\u00fcld\u00f6tt k\u00e9szletfelv\u00e9teli lapok alapj\u00e1n r\u00f6gz\u00edt\u00e9se a SAP rendszerben,<\/li>\n<li>a t\u00e9nyleges elt\u00e9r\u00e9sek meg\u00e1llap\u00edt\u00e1sa, elt\u00e9r\u00e9si kimutat\u00e1sok elk\u00e9sz\u00edt\u00e9se,<\/li>\n<li>az elt\u00e9r\u00e9sekre adott igazol\u00f3 jelent\u00e9s val\u00f3dis\u00e1g\u00e1nak fel\u00fclvizsg\u00e1lata,<\/li>\n<li>a lelt\u00e1rfelv\u00e9telek id\u0151szak\u00e1ban sz\u00far\u00f3pr\u00f3ba szer\u0171en a lelt\u00e1roz\u00e1sok ellen\u0151rz\u00e9se (allelt\u00e1rak k\u00e9szletfelv\u00e9telein val\u00f3 r\u00e9szv\u00e9tellel),<\/li>\n<li>a lelt\u00e1roz\u00e1s anyag\u00e1val, valamint az egyetemi tulajdon v\u00e9delm\u00e9t, nyilv\u00e1ntart\u00e1s\u00e1t \u00e9rint\u0151 rendelkez\u00e9sek v\u00e9grehajt\u00e1s\u00e1nak ellen\u0151rz\u00e9s\u00e9vel kapcsolatos meg\u00e1llap\u00edt\u00e1sokr\u00f3l a gazdas\u00e1gi vezet\u0151\/felel\u0151s sz\u00e1mad\u00f3 bevon\u00e1s\u00e1val a fel\u00fclvizsg\u00e1lati jegyz\u0151k\u00f6nyv elk\u00e9sz\u00edt\u00e9se,<\/li>\n<li>elrendelt c\u00e9l- \u00e9s t\u00e9mavizsg\u00e1latok v\u00e9grehajt\u00e1sa a megadott szempontok szerint, jegyz\u0151k\u00f6nyv k\u00e9sz\u00edt\u00e9se a lefolytatott vizsg\u00e1lat eredm\u00e9ny\u00e9r\u0151l \u00e9s meg\u00e1llap\u00edt\u00e1sair\u00f3l,<\/li>\n<li>k\u00f6zponti kezel\u00e9s\u0171 rakt\u00e1rak \u00e9s k\u00e9szletez\u0151 helyek k\u00e9szleteinek \u00e9venk\u00e9nti lelt\u00e1roz\u00e1sa,<\/li>\n<li>k\u00f6nyvt\u00e1r lelt\u00e1rak, selejtez\u00e9sek bizonylatainak (jegyz\u00e9kek) el\u0151k\u00e9sz\u00edt\u00e9se, z\u00e1rad\u00e9kol\u00e1s,<\/li>\n<li>a t\u00e1rgy\u00e9vben v\u00e9grehajtott lelt\u00e1roz\u00e1si feladatokr\u00f3l besz\u00e1mol\u00f3 k\u00e9sz\u00edt\u00e9se,<\/li>\n<\/ul>\n<ul>\n<li>ellen\u0151rz\u00f6tt adatot ad az Egyetem besz\u00e1mol\u00f3j\u00e1hoz, adatszolg\u00e1ltat\u00e1saihoz a k\u00e9rt form\u00e1ban \u00e9s tartalommal, hogy az hat\u00e1rid\u0151re teljes\u00edthet\u0151 legyen.<\/li>\n<\/ul>\n<h5>Iratt\u00e1r<\/h5>\n<ul>\n<li>gondoskodik a sz\u00e1mviteli bizonylatok meg\u0151rz\u00e9s\u00e9r\u0151l, iratt\u00e1roz\u00e1s\u00e1r\u00f3l, \u00e9s az iratkezel\u00e9si szab\u00e1lyzatnak megfelel\u0151en a selejtez\u00e9s v\u00e9grehajt\u00e1s\u00e1r\u00f3l,<\/li>\n<li>feladata a P\u00e9nz\u00fcgyi Igazgat\u00f3s\u00e1gon keletkezett valamennyi meg\u0151rizend\u0151 irat nyilv\u00e1ntart\u00e1sa,<\/li>\n<li>az iratt\u00e1r rendez\u00e9se, kezel\u00e9se,<\/li>\n<li>ellen\u0151rz\u00e9sekhez vagy adatszolg\u00e1ltat\u00e1sokhoz sz\u00fcks\u00e9ges dokumentumok kiszed\u00e9se, visszahelyez\u00e9se,<\/li>\n<li>selejtezend\u0151 dokumentumok el\u0151k\u00e9sz\u00edt\u00e9se.<\/li>\n<\/ul>\n","protected":false},"excerpt":{"rendered":"<p>Sz\u00e1mviteli oszt\u00e1lyvezet\u0151: Erhartn\u00e9 Maurer \u00c1gnes A Sz\u00e1mviteli Oszt\u00e1lyhoz tartoz\u00f3 csoportok feladatai Eszk\u00f6zanalitika Csoport gondoskodik az egyetemi, MTA, valamint az Idegen tulajdon\u00fa eszk\u00f6z\u00f6k vagyonk\u00e9szlet\u00e9ben be\u00e1ll\u00f3 v\u00e1ltoz\u00e1sok id\u0151beni regisztr\u00e1l\u00e1s\u00e1r\u00f3l, adatszolg\u00e1ltat\u00e1s MTA fel\u00e9 a nyilv\u00e1ntartott eszk\u00f6zeir\u0151l, k\u00f6nyveli a kis\u00e9rt\u00e9k\u0171 vagyont\u00e1rgyakban be\u00e1ll\u00f3 v\u00e1ltoz\u00e1sokat, analitikusan, beruh\u00e1z\u00e1sok, befektetett eszk\u00f6z\u00f6k, kis\u00e9rt\u00e9k\u0171 t\u00e1rgyi eszk\u00f6z\u00f6k mennyis\u00e9gi \u00e9s \u00e9rt\u00e9kbeli nyilv\u00e1ntart\u00e1st vezet az AM modulban, elsz\u00e1mol\u00e1sa &hellip;<\/p>\n","protected":false},"author":8,"featured_media":0,"parent":7,"menu_order":2,"comment_status":"open","ping_status":"open","template":"","meta":{"_acf_changed":false,"footnotes":""},"categories":[],"tags":[],"class_list":["post-16","page","type-page","status-publish","hentry"],"acf":[],"_links":{"self":[{"href":"https:\/\/semmelweis.hu\/penzugy\/wp-json\/wp\/v2\/pages\/16","targetHints":{"allow":["GET"]}}],"collection":[{"href":"https:\/\/semmelweis.hu\/penzugy\/wp-json\/wp\/v2\/pages"}],"about":[{"href":"https:\/\/semmelweis.hu\/penzugy\/wp-json\/wp\/v2\/types\/page"}],"author":[{"embeddable":true,"href":"https:\/\/semmelweis.hu\/penzugy\/wp-json\/wp\/v2\/users\/8"}],"replies":[{"embeddable":true,"href":"https:\/\/semmelweis.hu\/penzugy\/wp-json\/wp\/v2\/comments?post=16"}],"version-history":[{"count":6,"href":"https:\/\/semmelweis.hu\/penzugy\/wp-json\/wp\/v2\/pages\/16\/revisions"}],"predecessor-version":[{"id":1947,"href":"https:\/\/semmelweis.hu\/penzugy\/wp-json\/wp\/v2\/pages\/16\/revisions\/1947"}],"up":[{"embeddable":true,"href":"https:\/\/semmelweis.hu\/penzugy\/wp-json\/wp\/v2\/pages\/7"}],"wp:attachment":[{"href":"https:\/\/semmelweis.hu\/penzugy\/wp-json\/wp\/v2\/media?parent=16"}],"wp:term":[{"taxonomy":"category","embeddable":true,"href":"https:\/\/semmelweis.hu\/penzugy\/wp-json\/wp\/v2\/categories?post=16"},{"taxonomy":"post_tag","embeddable":true,"href":"https:\/\/semmelweis.hu\/penzugy\/wp-json\/wp\/v2\/tags?post=16"}],"curies":[{"name":"wp","href":"https:\/\/api.w.org\/{rel}","templated":true}]}}

Számviteli Osztály

<div class="keretes w-100">
<p><strong>Számviteli osztályvezető: Erhartné Maurer Ágnes</strong></p>
</div>
<h4><strong>A Számviteli Osztályhoz tartozó csoportok feladatai</strong></h4>
<h5>Eszközanalitika Csoport</h5>
<ul>
<li>gondoskodik az egyetemi, MTA, valamint az Idegen tulajdonú eszközök vagyonkészletében beálló változások időbeni regisztrálásáról,</li>
<li>adatszolgáltatás MTA felé a nyilvántartott eszközeiről,</li>
<li>könyveli a kisértékű vagyontárgyakban beálló változásokat, analitikusan,</li>
<li>beruházások, befektetett eszközök, kisértékű tárgyi eszközök mennyiségi és értékbeli nyilvántartást vezet az AM modulban,</li>
<li>elszámolása havonta az eszközök ÉCS könyvelése (futtatása),</li>
<li>gondoskodik az egyezőségről a főkönyvvel,</li>
</ul>
<ul>
<li>negyedévente a beruházási statisztikát elkészít,</li>
</ul>
<ul>
<li>könyvvizsgálattal kapcsolatos adatszolgáltatás dokumentumainak előkészítése,</li>
<li>ellenőrzött adatot ad az Egyetem beszámolójához, adatszolgáltatásaihoz a kért formában és tartalommal, hogy az határidőre teljesíthető legyen.</li>
</ul>
<h5>Főkönyvi Könyvelési Csoport</h5>
<ul>
<li>szerződésekhez tartozó közérdekű adatok kezelése,</li>
<li>a számvitellel kapcsolatos hatályos törvények, rendeletek, utasítások betartása mellett az Egyetemi számlatükörnek, Számviteli politika és Számlarend alapján biztosítja a gazdasági események könyvelését,</li>
<li>napra pontosan vezeti az Egyetem számlatükrét,</li>
<li>mindazon egyeztetési feladatok végrehajtása, amelyeket a társosztályok adataival kell összevetni, azok rendszerességét a felmerülő hibák időbeni rendezését ellenőrzi,</li>
<li>az SAP moduljához tartozó cikktörzs naprakész kezelése,</li>
<li>az SAP-ban rögzített szerződésekhez tartozó teljesítések, és új szerződések leválogatása igény szerint,</li>
<li>számviteli feladatot érintő informatikai fejlesztések koordinálása, a csoporthoz tartozó háttértáblák ellenőrzés, karbantartása, könyveléshez szükséges beállítások elvégzése,</li>
<li>jogszabályváltozást követően javaslatot tesz a számviteli politika, számlarend, számlatükör és a hozzá tartozó szabályzatok karbantartása jogszabályok változását követő 60 napon belül, de legkésőbb a szabályzat megjelenésétől számított 2 éven belül,</li>
<li>ellenőrzött adatot ad az Egyetem beszámolójához, adatszolgáltatásaihoz a kért formában és tartalommal, hogy az határidőre teljesíthető legyen.</li>
</ul>
<h5>Leltárellenőrzési Csoport</h5>
<ul>
<li>éves leltárellenőrzési ütemterv elkészítése, jóváhagyatása, a leltározások elrendeléséről a szervezeti egység vezetőinek kiértesítése,</li>
<li>beszámolási, adatszolgáltatási kötelezettség teljesítése,</li>
<li>a szervezeti egységek leltározási tevékenységének koordinálása, ellenőrzése,</li>
<li>a szervezeti egységek saját hatáskörben végzett leltározásainak számszaki és tartalmi felülvizsgálata,</li>
<li>leltárfelvételi összesítők elkészítése a beküldött készletfelvételi lapok alapján rögzítése a SAP rendszerben,</li>
<li>a tényleges eltérések megállapítása, eltérési kimutatások elkészítése,</li>
<li>az eltérésekre adott igazoló jelentés valódiságának felülvizsgálata,</li>
<li>a leltárfelvételek időszakában szúrópróba szerűen a leltározások ellenőrzése (alleltárak készletfelvételein való részvétellel),</li>
<li>a leltározás anyagával, valamint az egyetemi tulajdon védelmét, nyilvántartását érintő rendelkezések végrehajtásának ellenőrzésével kapcsolatos megállapításokról a gazdasági vezető/felelős számadó bevonásával a felülvizsgálati jegyzőkönyv elkészítése,</li>
<li>elrendelt cél- és témavizsgálatok végrehajtása a megadott szempontok szerint, jegyzőkönyv készítése a lefolytatott vizsgálat eredményéről és megállapításairól,</li>
<li>központi kezelésű raktárak és készletező helyek készleteinek évenkénti leltározása,</li>
<li>könyvtár leltárak, selejtezések bizonylatainak (jegyzékek) előkészítése, záradékolás,</li>
<li>a tárgyévben végrehajtott leltározási feladatokról beszámoló készítése,</li>
</ul>
<ul>
<li>ellenőrzött adatot ad az Egyetem beszámolójához, adatszolgáltatásaihoz a kért formában és tartalommal, hogy az határidőre teljesíthető legyen.</li>
</ul>
<h5>Irattár</h5>
<ul>
<li>gondoskodik a számviteli bizonylatok megőrzéséről, irattározásáról, és az iratkezelési szabályzatnak megfelelően a selejtezés végrehajtásáról,</li>
<li>feladata a Pénzügyi Igazgatóságon keletkezett valamennyi megőrizendő irat nyilvántartása,</li>
<li>az irattár rendezése, kezelése,</li>
<li>ellenőrzésekhez vagy adatszolgáltatásokhoz szükséges dokumentumok kiszedése, visszahelyezése,</li>
<li>selejtezendő dokumentumok előkészítése.</li>
</ul>

<p>Számviteli osztályvezető: Erhartné Maurer Ágnes A Számviteli Osztályhoz tartozó csoportok feladatai Eszközanalitika Csoport gondoskodik az egyetemi, MTA, valamint az Idegen tulajdonú eszközök vagyonkészletében beálló változások időbeni regisztrálásáról, adatszolgáltatás MTA felé a nyilvántartott eszközeiről, könyveli a kisértékű vagyontárgyakban beálló változásokat, analitikusan, beruházások, befektetett eszközök, kisértékű tárgyi eszközök mennyiségi és értékbeli nyilvántartást vezet az AM modulban, elszámolása &hellip;</p>
