{"id":1465,"date":"2023-10-04T14:18:23","date_gmt":"2023-10-04T12:18:23","guid":{"rendered":"https:\/\/semmelweis.hu\/penzugy\/?page_id=1465"},"modified":"2025-01-29T13:50:35","modified_gmt":"2025-01-29T12:50:35","slug":"gazdalkodas-tamogato-osztaly","status":"publish","type":"page","link":"https:\/\/semmelweis.hu\/penzugy\/osztalyok\/gazdalkodas-tamogato-osztaly\/","title":{"rendered":"Gazd\u00e1lkod\u00e1s T\u00e1mogat\u00f3 Oszt\u00e1ly"},"content":{"rendered":"<div class=\"keretes w-100\">\n<p><strong>Gazd\u00e1lkod\u00e1s T\u00e1mogat\u00f3 oszt\u00e1lyvezet\u0151: Koromn\u00e9 K\u00f6rm\u00f6ndi Krisztina<\/strong><\/p>\n<\/div>\n<h4><strong>Gazd\u00e1lkod\u00e1s T\u00e1mogat\u00f3 Oszt\u00e1ly<\/strong><\/h4>\n<h5>T\u00e1mogat\u00e1si-p\u00e1ly\u00e1zati Csoport<\/h5>\n<ul>\n<li>a be\u00e9rkezett t\u00e1mogat\u00e1si, p\u00e1ly\u00e1zati bev\u00e9telek, el\u0151legek k\u00f6nyvel\u00e9se,<\/li>\n<li>PST k\u00f3d \u00e9s p\u00e9nz\u00fcgyi k\u00f6zpont l\u00e9trehoz\u00e1sa a SAP rendszerben a szervezeti egys\u00e9gek ig\u00e9nyl\u00e9se alapj\u00e1n, t\u00e1mogat\u00e1sok egyedi nyilv\u00e1ntart\u00e1sa c\u00e9lj\u00e1b\u00f3l,<\/li>\n<li>keretk\u00e9pz\u0151 szab\u00e1ly l\u00e9trehoz\u00e1sa,<\/li>\n<li>p\u00e1ly\u00e1zatok, t\u00e1mogat\u00e1sok k\u00f6lts\u00e9gterv szerinti keret nyit\u00e1sa a SAP rendszerben,<\/li>\n<li>keret\u00e1tcsoportos\u00edt\u00e1sok v\u00e9grehajt\u00e1sa a p\u00e1ly\u00e1zatok, t\u00e1mogat\u00e1sok kereteinek k\u00f6lts\u00e9gnemei k\u00f6z\u00f6tt a projekt gazdas\u00e1gi vezet\u0151je k\u00e9r\u00e9s\u00e9re a t\u00e1mogat\u00e1si szerz\u0151d\u00e9sben meghat\u00e1rozott lehet\u0151s\u00e9gek szerint,<\/li>\n<li>p\u00e1ly\u00e1zatok, t\u00e1mogat\u00e1sok terh\u00e9re a PFB \u00e1ltal meghat\u00e1rozott \u00e1ltal\u00e1nos k\u00f6lts\u00e9g k\u00f6nyvel\u00e9se,<\/li>\n<li>elfogadott elsz\u00e1mol\u00e1sok alapj\u00e1n a k\u00f6telezetts\u00e9gek \u00e1tk\u00f6nyvel\u00e9se bev\u00e9teli f\u0151k\u00f6nyvi sz\u00e1ml\u00e1kra, kor\u00e1bbi eredm\u00e9nyszeml\u00e9let\u0171 bev\u00e9telek (elhat\u00e1rol\u00e1sok) felold\u00e1sa,<\/li>\n<li>t\u00e1mogat\u00e1sokhoz kapcsol\u00f3d\u00f3an felhatalmaz\u00f3 levelek k\u00e9sz\u00edt\u00e9se,<\/li>\n<li>t\u00e1mogat\u00e1si szerz\u0151d\u00e9sek kezel\u00e9se, nyilv\u00e1ntart\u00e1sa,<\/li>\n<li>OTKA EPR rendszerben \u00faj p\u00e1ly\u00e1zatok j\u00f3v\u00e1hagy\u00e1sa Int\u00e9zm\u00e9nyi p\u00e9nz\u00fcgyi referensk\u00e9nt,<\/li>\n<li>a p\u00e1ly\u00e1zatok, t\u00e1mogat\u00e1sok elsz\u00e1mol\u00e1sainak egyeztet\u00e9se a SAP rendszerben,<\/li>\n<li>adatszolg\u00e1ltat\u00e1sokhoz adatok biztos\u00edt\u00e1sa,<\/li>\n<li>lelt\u00e1rk\u00e9sz\u00edt\u00e9si feladatok lelt\u00e1roz\u00e1si \u00fctemterv szerint,<\/li>\n<li>t\u00e1mogat\u00e1sokkal \u00e9s p\u00e1ly\u00e1zatokkal kapcsolatos bev\u00e9tel \u00e9s k\u00f6lts\u00e9gelhat\u00e1rol\u00e1sok k\u00f6nyvel\u00e9se,<\/li>\n<li>k\u00f6nyvvizsg\u00e1lattal kapcsolatos adatszolg\u00e1ltat\u00e1s dokumentumainak el\u0151k\u00e9sz\u00edt\u00e9se,<\/li>\n<li>ellen\u0151rz\u00f6tt adatot ad az Egyetem besz\u00e1mol\u00f3j\u00e1hoz, adatszolg\u00e1ltat\u00e1saihoz a k\u00e9rt form\u00e1ban \u00e9s tartalommal, hogy az hat\u00e1rid\u0151re teljes\u00edthet\u0151 legyen.<\/li>\n<\/ul>\n<h5>Koordin\u00e1ci\u00f3s Csoport<\/h5>\n<ul>\n<li>adatszolg\u00e1ltat\u00e1sok elk\u00e9sz\u00edt\u00e9se (PM, MNB, OKF\u0150, NEAK, OTP),<\/li>\n<li>eseti adatszolg\u00e1ltat\u00e1sok elk\u00e9sz\u00edt\u00e9se,<\/li>\n<li>OSAP statisztik\u00e1k elk\u00e9sz\u00edt\u00e9se, ellen\u0151rz\u00e9se<\/li>\n<li>k\u00fcls\u0151 \u00e9s bels\u0151 ellen\u0151rz\u00e9sek elv\u00e9gz\u00e9se, \u00f6sszefog\u00e1sa,<\/li>\n<li>havi, negyed\u00e9ves, \u00e9ves z\u00e1r\u00e1s ellen\u0151rz\u00e9se,<\/li>\n<li>\u00e9ves besz\u00e1mol\u00f3hoz kapcsol\u00f3d\u00f3 feladatok elv\u00e9gz\u00e9se:\n<ul>\n<li>f\u0151k\u00f6nyvi egyez\u0151s\u00e9g biztos\u00edt\u00e1sa<\/li>\n<li>lelt\u00e1rak \u00f6ssze\u00e1ll\u00edt\u00e1sa,<\/li>\n<li>besz\u00e1mol\u00f3 \u00f6ssze\u00e1ll\u00edt\u00e1sa,<\/li>\n<\/ul>\n<\/li>\n<li>k\u00f6nyvvizsg\u00e1lattal kapcsolatos adatszolg\u00e1ltat\u00e1s dokumentumainak el\u0151k\u00e9sz\u00edt\u00e9se, kontrollja,<\/li>\n<li>napi likvidit\u00e1s kezel\u00e9se,<\/li>\n<li>megrendel\u00e9s \u00e1llom\u00e1ny figyelemmel k\u00eds\u00e9r\u00e9se,<\/li>\n<li>tagi k\u00f6lcs\u00f6n elhat\u00e1rol\u00e1s k\u00f6nyvel\u00e9se<\/li>\n<li>elhat\u00e1rol\u00e1sok kontrollja,<\/li>\n<li>f\u0151k\u00f6nyv ellen\u0151rz\u00e9se,<\/li>\n<li>tagi k\u00f6lcs\u00f6n\u00f6k kezel\u00e9se,<\/li>\n<li>transzfer\u00e1r nyilv\u00e1ntart\u00e1ssal kapcsolatos feladatok,<\/li>\n<li>az igazgat\u00f3s\u00e1got \u00e9rint\u0151 informatikai \u00e9s egy\u00e9b fejleszt\u00e9si feladatok \u00f6sszefog\u00e1sa,<\/li>\n<li>szab\u00e1lyzatok v\u00e9gleges\u00edt\u00e9s\u00e9re javaslatt\u00e9tel,<\/li>\n<li>munkab\u00e9rtartoz\u00e1s ellen\u0151rz\u00e9se, egyeztet\u00e9s,<\/li>\n<li>munkabalesetb\u0151l ered\u0151 fizet\u00e9si k\u00f6telezetts\u00e9gek koordin\u00e1l\u00e1sa,<\/li>\n<li>szem\u00e9lyi juttat\u00e1sokon k\u00edv\u00fcli ad\u00f3bevall\u00e1sok el\u0151k\u00e9sz\u00edt\u00e9se, beny\u00fajt\u00e1sa, k\u00f6nyvel\u00e9se, utal\u00e1sra val\u00f3 el\u0151k\u00e9sz\u00edt\u00e9se,<\/li>\n<li>ad\u00f3val kapcsolatos k\u00f6nyvel\u00e9si \u00e9s egyeztet\u00e9si feladatok (NAV, \u00f6nkorm\u00e1nyzatok),<\/li>\n<li>j\u00e1rul\u00e9kok egyeztet\u00e9se,<\/li>\n<li>NAV online fejleszt\u00e9s\u00e9vel kapcsolatos ellen\u0151rz\u00e9si feladatok,<\/li>\n<li>NAV ellen\u0151rz\u00e9sekhez adatszolg\u00e1ltat\u00e1s,<\/li>\n<li>v\u00e1melj\u00e1r\u00e1sokkal kapcsolatos fizet\u00e9si k\u00f6telezetts\u00e9gek koordin\u00e1l\u00e1sa,<\/li>\n<li>c\u00e9ltartal\u00e9k k\u00e9pz\u00e9s, felold\u00e1s, nyilv\u00e1ntart\u00e1s<\/li>\n<li>k\u00e1rt\u00e9r\u00edt\u00e9sek kifizet\u00e9s\u00e9vel kapcsolatos feladatok,<\/li>\n<li>megt\u00e9r\u00edtend\u0151 perk\u00f6lts\u00e9gek kezel\u00e9se,<\/li>\n<li>k\u00f6lts\u00e9gp\u00f3tl\u00f3 j\u00e1rad\u00e9kok utal\u00e1s\u00e1nak ind\u00edt\u00e1sa, nyilv\u00e1ntart\u00e1sa,<\/li>\n<li>szak\u00e9rt\u0151i el\u0151legek k\u00f6nyvel\u00e9se, utal\u00e1s ind\u00edt\u00e1sa<\/li>\n<li>munkabalesetek k\u00f6nyvel\u00e9se, utal\u00e1s ind\u00edt\u00e1sa<\/li>\n<li>elj\u00e1r\u00e1si d\u00edjak (MOKK) utal\u00e1s\u00e1nak el\u0151k\u00e9sz\u00edt\u00e9se<\/li>\n<li>\u00faj OTP \u00fczleti k\u00e1rty\u00e1k ig\u00e9nyl\u00e9se,<\/li>\n<li>\u00fczleti k\u00e1rty\u00e1k szerz\u0151d\u00e9s\u00e9vel kapcsolatos feladatok,<\/li>\n<li>OTP \u00e9s M\u00c1K szerz\u0151d\u00e9sek kezel\u00e9se,<\/li>\n<li>szerz\u0151d\u00e9sek szkennel\u00e9se, iratt\u00e1roz\u00e1sa, SAP egyez\u0151s\u00e9g megteremt\u00e9se.<\/li>\n<\/ul>\n","protected":false},"excerpt":{"rendered":"<p>Gazd\u00e1lkod\u00e1s T\u00e1mogat\u00f3 oszt\u00e1lyvezet\u0151: Koromn\u00e9 K\u00f6rm\u00f6ndi Krisztina Gazd\u00e1lkod\u00e1s T\u00e1mogat\u00f3 Oszt\u00e1ly T\u00e1mogat\u00e1si-p\u00e1ly\u00e1zati Csoport a be\u00e9rkezett t\u00e1mogat\u00e1si, p\u00e1ly\u00e1zati bev\u00e9telek, el\u0151legek k\u00f6nyvel\u00e9se, PST k\u00f3d \u00e9s p\u00e9nz\u00fcgyi k\u00f6zpont l\u00e9trehoz\u00e1sa a SAP rendszerben a szervezeti egys\u00e9gek ig\u00e9nyl\u00e9se alapj\u00e1n, t\u00e1mogat\u00e1sok egyedi nyilv\u00e1ntart\u00e1sa c\u00e9lj\u00e1b\u00f3l, keretk\u00e9pz\u0151 szab\u00e1ly l\u00e9trehoz\u00e1sa, p\u00e1ly\u00e1zatok, t\u00e1mogat\u00e1sok k\u00f6lts\u00e9gterv szerinti keret nyit\u00e1sa a SAP rendszerben, keret\u00e1tcsoportos\u00edt\u00e1sok v\u00e9grehajt\u00e1sa a p\u00e1ly\u00e1zatok, t\u00e1mogat\u00e1sok kereteinek k\u00f6lts\u00e9gnemei &hellip;<\/p>\n","protected":false},"author":101540,"featured_media":0,"parent":7,"menu_order":4,"comment_status":"closed","ping_status":"closed","template":"","meta":{"_acf_changed":false,"footnotes":""},"categories":[],"tags":[],"class_list":["post-1465","page","type-page","status-publish","hentry"],"acf":[],"_links":{"self":[{"href":"https:\/\/semmelweis.hu\/penzugy\/wp-json\/wp\/v2\/pages\/1465","targetHints":{"allow":["GET"]}}],"collection":[{"href":"https:\/\/semmelweis.hu\/penzugy\/wp-json\/wp\/v2\/pages"}],"about":[{"href":"https:\/\/semmelweis.hu\/penzugy\/wp-json\/wp\/v2\/types\/page"}],"author":[{"embeddable":true,"href":"https:\/\/semmelweis.hu\/penzugy\/wp-json\/wp\/v2\/users\/101540"}],"replies":[{"embeddable":true,"href":"https:\/\/semmelweis.hu\/penzugy\/wp-json\/wp\/v2\/comments?post=1465"}],"version-history":[{"count":7,"href":"https:\/\/semmelweis.hu\/penzugy\/wp-json\/wp\/v2\/pages\/1465\/revisions"}],"predecessor-version":[{"id":2060,"href":"https:\/\/semmelweis.hu\/penzugy\/wp-json\/wp\/v2\/pages\/1465\/revisions\/2060"}],"up":[{"embeddable":true,"href":"https:\/\/semmelweis.hu\/penzugy\/wp-json\/wp\/v2\/pages\/7"}],"wp:attachment":[{"href":"https:\/\/semmelweis.hu\/penzugy\/wp-json\/wp\/v2\/media?parent=1465"}],"wp:term":[{"taxonomy":"category","embeddable":true,"href":"https:\/\/semmelweis.hu\/penzugy\/wp-json\/wp\/v2\/categories?post=1465"},{"taxonomy":"post_tag","embeddable":true,"href":"https:\/\/semmelweis.hu\/penzugy\/wp-json\/wp\/v2\/tags?post=1465"}],"curies":[{"name":"wp","href":"https:\/\/api.w.org\/{rel}","templated":true}]}}