{"id":78,"date":"2023-05-09T09:21:22","date_gmt":"2023-05-09T07:21:22","guid":{"rendered":"https:\/\/semmelweis.hu\/pbi\/?page_id=78"},"modified":"2024-08-02T11:50:41","modified_gmt":"2024-08-02T09:50:41","slug":"rezidens-orvos-gasztroenterologia-onkologia-belgyogyaszat","status":"publish","type":"page","link":"https:\/\/semmelweis.hu\/pbi\/karrier\/rezidens-orvos-gasztroenterologia-onkologia-belgyogyaszat\/","title":{"rendered":"Rezidens orvos (gasztroenterol\u00f3gia, onkol\u00f3gia, belgy\u00f3gy\u00e1szat)"},"content":{"rendered":"<p style=\"text-align: justify\">A Semmelweis Egyetem Pankre\u00e1sz Betegs\u00e9gek Kiv\u00e1l\u00f3s\u00e1gi K\u00f6zpontj\u00e1nak egys\u00e9g\u00e9be, a Pankre\u00e1sz Betegs\u00e9gek Int\u00e9zet\u00e9be keres\u00fcnk Gasztoenterol\u00f3gus, Belgy\u00f3gy\u00e1sz \u00e9s Onkol\u00f3giai szakk\u00e9pz\u00e9sbe rezidens koll\u00e9g\u00e1t. Egys\u00e9g\u00fcnkben lehet\u0151s\u00e9g van a tudom\u00e1ny alap\u00fa prec\u00edzi\u00f3s betegell\u00e1t\u00e1s elsaj\u00e1t\u00edt\u00e1s\u00e1ra. Ide \u00e9rtve\u00a0 az akut hasny\u00e1lmirigy gyulld\u00e1saban szenevd\u0151 betegek szem\u00e9lyre szabott ell\u00e1t\u00e1s\u00e1t, a hasny\u00e1lmirigy daganat gyan\u00fa kivizsg\u00e1l\u00e1s\u00e1t \u00e9s kezel\u00e9s\u00e9nek prec\u00edzi\u00f3s megk\u00f6zel\u00edt\u00e9s\u00e9t \u00e9s a fejlett, modern endoszk\u00f3pos vizsg\u00e1lati technik\u00e1k elsaj\u00e1t\u00edt\u00e1s\u00e1ra.\u00a0<\/p>\n<p style=\"text-align: justify\"><strong><em>\u00a0<\/em><\/strong><\/p>\n<p style=\"text-align: justify\"><strong><em>A bet\u00f6ltend\u0151 munkak\u00f6rre vonatkoz\u00f3 adatok:<\/em><\/strong><\/p>\n<p style=\"text-align: justify\"><strong>\u00a0<\/strong><\/p>\n<ol style=\"text-align: justify\">\n<li>A munkak\u00f6r megnevez\u00e9se: Rezidens (gasztoenterol\u00f3gia, onkol\u00f3gia, belgy\u00f3gy\u00e1szat)<\/li>\n<\/ol>\n<ol style=\"text-align: justify\" start=\"2\">\n<li>A munkak\u00f6rh\u00f6z kapcsol\u00f3d\u00f3 esetleges vezet\u0151i megb\u00edz\u00e1s megnevez\u00e9se: &#8211;<\/li>\n<\/ol>\n<ol style=\"text-align: justify\" start=\"3\">\n<li>Az a szervezeti egys\u00e9g, ahol a munkak\u00f6rt be kell t\u00f6lteni: Semmelweis Egyetem, Pankre\u00e1sz Betegs\u00e9gek Int\u00e9zete<\/li>\n<\/ol>\n<ol style=\"text-align: justify\" start=\"4\">\n<li>A munkak\u00f6r bet\u00f6lthet\u0151s\u00e9g\u00e9nek id\u0151pontja: 2024.09.01.<\/li>\n<\/ol>\n<ol style=\"text-align: justify\" start=\"5\">\n<li>A jogviszony id\u0151tartama: hat\u00e1rozatlan<\/li>\n<\/ol>\n<ol style=\"text-align: justify\" start=\"6\">\n<li>A foglalkoztat\u00e1s jellege: teljes munkaid\u0151<\/li>\n<\/ol>\n<ol style=\"text-align: justify\" start=\"7\">\n<li>Vezet\u0151i megb\u00edz\u00e1s eset\u00e9n a megb\u00edz\u00e1s id\u0151tartama: &#8211;<\/li>\n<\/ol>\n<ol style=\"text-align: justify\" start=\"8\">\n<li>A munkav\u00e9gz\u00e9s helye: 1082, Budapest, T\u00f6m\u0151 utca 25-29.<\/li>\n<\/ol>\n<ol style=\"text-align: justify\" start=\"9\">\n<li>A munkak\u00f6rbe tartoz\u00f3, illetve a vezet\u0151i megb\u00edz\u00e1ssal j\u00e1r\u00f3 l\u00e9nyeges feladatok<\/li>\n<\/ol>\n<p style=\"text-align: justify\">\u00a0\u00a0\u00a0 felsorol\u00e1sa:<\/p>\n<p style=\"text-align: justify\">Feladataihoz sorolhat\u00f3k a szakorvosi fel\u00fcgyelettel t\u00f6rt\u00e9n\u0151 kezel\u00e9sek, a betegek m\u00e1s szakorvosi kezel\u00e9sekre utal\u00e1sa, betegek eg\u00e9szs\u00e9g\u00fcgyi adatainak nyilv\u00e1ntart\u00e1sa \u00e9s tov\u00e1bb\u00edt\u00e1sa, laborat\u00f3riumi\u00a0vizsg\u00e1latok, r\u00f6ntgen \u00e9s egy\u00e9b diagnosztikai elj\u00e1r\u00e1sok elrendel\u00e9se \u00e9s eredm\u00e9ny\u00fck elemz\u00e9se, p\u00e1ciensek \u00e9s csal\u00e1dtagjaik t\u00e1j\u00e9koztat\u00e1sa a kezel\u00e9sr\u0151l \u00e9s gondoz\u00e1sr\u00f3l, eg\u00e9szs\u00e9g\u00fcgyi statisztik\u00e1k k\u00e9sz\u00edt\u00e9se, \u00fcgyeleti szolg\u00e1lat ell\u00e1t\u00e1sa, orvosszak\u00e9rt\u0151i tev\u00e9kenys\u00e9g v\u00e9gz\u00e9se, valamint tudom\u00e1nyos kutat\u00e1s \u00e9s ahhoz kapcsol\u00f3d\u00f3 k\u00f6zlem\u00e9nyek k\u00e9sz\u00edt\u00e9se. Szakmai tud\u00e1sa, gyakorlata \u00e9s kompetenci\u00e1ja szerint v\u00e9gzi a rezidensi tev\u00e9kenys\u00e9geket. A rezidens szakmai kommunik\u00e1ci\u00f3t folytat a koll\u00e9g\u00e1kkal, beteggel \u00e9s a hozz\u00e1tartoz\u00f3j\u00e1val. Kompetencia szintj\u00e9nek megfelel\u0151en k\u00f6zrem\u0171k\u00f6dik a prevenci\u00f3ban, eg\u00e9szs\u00e9gnevel\u0151 tev\u00e9kenys\u00e9gben \u00e9s az eduk\u00e1ci\u00f3ban \u00e9s rehabilit\u00e1ci\u00f3ban. Eg\u00e9szs\u00e9g\u00fcgyi dokument\u00e1ci\u00f3t vezet az \u00e9rv\u00e9nyben l\u00e9v\u0151 jogszab\u00e1lyban meghat\u00e1rozott el\u0151\u00edr\u00e1sok szerint.<\/p>\n<p style=\"text-align: justify\"><strong>\u00a0<\/strong><\/p>\n<ol style=\"text-align: justify\" start=\"10\">\n<li>A munkak\u00f6r bet\u00f6lt\u00e9s\u00e9hez elv\u00e1rt\/el\u0151nyt jelent\u0151 k\u00e9pzetts\u00e9g,<\/li>\n<\/ol>\n<p style=\"text-align: justify\">v\u00e9gzetts\u00e9g, tapasztalat: orvosi diploma<\/p>\n<ol style=\"text-align: justify\" start=\"11\">\n<li>A munkak\u00f6r bet\u00f6lt\u00e9s\u00e9hez sz\u00fcks\u00e9ges nyelvtud\u00e1s szintje,<\/li>\n<\/ol>\n<p style=\"text-align: justify\">\u00a0\u00a0\u00a0\u00a0\u00a0\u00a0\u00a0\u00a0 nyelvvizsga t\u00edpusa: t\u00e1rsalg\u00e1si szint\u0171 angol nyelvtud\u00e1s, k\u00f6z\u00e9pfok\u00fa nyelvvizsga.<\/p>\n<ol style=\"text-align: justify\" start=\"12\">\n<li>A munkak\u00f6r bet\u00f6lt\u00e9s\u00e9hez el\u0151nyt jelent\u0151 informatikai rendszerismeret:<\/li>\n<\/ol>\n<p style=\"text-align: justify\">MicrosoftWindows, Excel, Power Point illetve MedSol rendszerek ismerete.<\/p>\n<ol style=\"text-align: justify\" start=\"13\">\n<li>Egy\u00e9b felt\u00e9telek\/el\u0151ny\u00f6k a munkak\u00f6r bet\u00f6lt\u00e9s\u00e9hez: \u00c9rdekl\u0151d\u00e9s a tudom\u00e1ny ir\u00e1nt.<\/li>\n<\/ol>\n<p style=\"text-align: justify\">Belgy\u00f3gy\u00e1szati oszt\u00e1lyon elt\u00f6lt\u00f6tt munkav\u00e9gz\u00e9s, idegen nyelvi tud\u00e1s, j\u00f3 kommunik\u00e1ci\u00f3s adotts\u00e1gok.\u00a0<\/p>\n<ol style=\"text-align: justify\" start=\"14\">\n<li>A munkak\u00f6r bet\u00f6lt\u0151j\u00e9t\u0151l elv\u00e1rt kompetenci\u00e1k: Anyanyelvi szint\u0171 magyar nyelvtud\u00e1s. J\u00f3 kommunik\u00e1ci\u00f3s k\u00e9szs\u00e9gek, rugalmass\u00e1g, probl\u00e9mamegold\u00f3 k\u00e9szs\u00e9g, fejl\u0151d\u0151k\u00e9pess\u00e9g. J\u00f3 csapatkommunik\u00e1ci\u00f3 \u00e9s csapatmunka.<\/li>\n<\/ol>\n<ol style=\"text-align: justify\" start=\"15\">\n<li>Jelentkezni \u00e9s \u00e9rdekl\u0151dni a k\u00f6vetkez\u0151 email c\u00edmen, \u00f6n\u00e9letrajzzal lehet: <a href=\"mailto:semmelweis.pankreasz.intezet@gmail.com\">pankreasz.intezet@semmelweis.hu<\/a><\/li>\n<\/ol>\n<p style=\"text-align: justify\">A munk\u00e1ltat\u00f3val kapcsolatban tov\u00e1bbi inform\u00e1ci\u00f3t az al\u00e1bbi weboldalon tal\u00e1lhatnak:<\/p>\n<p style=\"text-align: justify\"><a href=\"https:\/\/semmelweis.hu\/pbi\/\">https:\/\/semmelweis.hu\/pbi\/<\/a><\/p>\n","protected":false},"excerpt":{"rendered":"<p>A Semmelweis Egyetem Pankre\u00e1sz Betegs\u00e9gek Kiv\u00e1l\u00f3s\u00e1gi K\u00f6zpontj\u00e1nak egys\u00e9g\u00e9be, a Pankre\u00e1sz Betegs\u00e9gek Int\u00e9zet\u00e9be keres\u00fcnk Gasztoenterol\u00f3gus, Belgy\u00f3gy\u00e1sz \u00e9s Onkol\u00f3giai szakk\u00e9pz\u00e9sbe rezidens koll\u00e9g\u00e1t. Egys\u00e9g\u00fcnkben lehet\u0151s\u00e9g van a tudom\u00e1ny alap\u00fa prec\u00edzi\u00f3s betegell\u00e1t\u00e1s elsaj\u00e1t\u00edt\u00e1s\u00e1ra. Ide \u00e9rtve\u00a0 az akut hasny\u00e1lmirigy gyulld\u00e1saban szenevd\u0151 betegek szem\u00e9lyre szabott ell\u00e1t\u00e1s\u00e1t, a hasny\u00e1lmirigy daganat gyan\u00fa kivizsg\u00e1l\u00e1s\u00e1t \u00e9s kezel\u00e9s\u00e9nek prec\u00edzi\u00f3s megk\u00f6zel\u00edt\u00e9s\u00e9t \u00e9s a fejlett, modern endoszk\u00f3pos vizsg\u00e1lati &hellip;<\/p>\n","protected":false},"author":101929,"featured_media":0,"parent":22,"menu_order":1,"comment_status":"closed","ping_status":"closed","template":"","meta":{"_acf_changed":false,"footnotes":""},"categories":[],"tags":[],"class_list":["post-78","page","type-page","status-publish","hentry"],"acf":[],"_links":{"self":[{"href":"https:\/\/semmelweis.hu\/pbi\/wp-json\/wp\/v2\/pages\/78","targetHints":{"allow":["GET"]}}],"collection":[{"href":"https:\/\/semmelweis.hu\/pbi\/wp-json\/wp\/v2\/pages"}],"about":[{"href":"https:\/\/semmelweis.hu\/pbi\/wp-json\/wp\/v2\/types\/page"}],"author":[{"embeddable":true,"href":"https:\/\/semmelweis.hu\/pbi\/wp-json\/wp\/v2\/users\/101929"}],"replies":[{"embeddable":true,"href":"https:\/\/semmelweis.hu\/pbi\/wp-json\/wp\/v2\/comments?post=78"}],"version-history":[{"count":3,"href":"https:\/\/semmelweis.hu\/pbi\/wp-json\/wp\/v2\/pages\/78\/revisions"}],"predecessor-version":[{"id":124,"href":"https:\/\/semmelweis.hu\/pbi\/wp-json\/wp\/v2\/pages\/78\/revisions\/124"}],"up":[{"embeddable":true,"href":"https:\/\/semmelweis.hu\/pbi\/wp-json\/wp\/v2\/pages\/22"}],"wp:attachment":[{"href":"https:\/\/semmelweis.hu\/pbi\/wp-json\/wp\/v2\/media?parent=78"}],"wp:term":[{"taxonomy":"category","embeddable":true,"href":"https:\/\/semmelweis.hu\/pbi\/wp-json\/wp\/v2\/categories?post=78"},{"taxonomy":"post_tag","embeddable":true,"href":"https:\/\/semmelweis.hu\/pbi\/wp-json\/wp\/v2\/tags?post=78"}],"curies":[{"name":"wp","href":"https:\/\/api.w.org\/{rel}","templated":true}]}}

Rezidens orvos (gasztroenterológia, onkológia, belgyógyászat)

<p style="text-align: justify">A Semmelweis Egyetem Pankreász Betegségek Kiválósági Központjának egységébe, a Pankreász Betegségek Intézetébe keresünk Gasztoenterológus, Belgyógyász és Onkológiai szakképzésbe rezidens kollégát. Egységünkben lehetőség van a tudomány alapú precíziós betegellátás elsajátítására. Ide értve  az akut hasnyálmirigy gyulldásaban szenevdő betegek személyre szabott ellátását, a hasnyálmirigy daganat gyanú kivizsgálását és kezelésének precíziós megközelítését és a fejlett, modern endoszkópos vizsgálati technikák elsajátítására. </p>
<p style="text-align: justify"><strong><em> </em></strong></p>
<p style="text-align: justify"><strong><em>A betöltendő munkakörre vonatkozó adatok:</em></strong></p>
<p style="text-align: justify"><strong> </strong></p>
<ol style="text-align: justify">
<li>A munkakör megnevezése: Rezidens (gasztoenterológia, onkológia, belgyógyászat)</li>
</ol>
<ol style="text-align: justify" start="2">
<li>A munkakörhöz kapcsolódó esetleges vezetői megbízás megnevezése: &#8211;</li>
</ol>
<ol style="text-align: justify" start="3">
<li>Az a szervezeti egység, ahol a munkakört be kell tölteni: Semmelweis Egyetem, Pankreász Betegségek Intézete</li>
</ol>
<ol style="text-align: justify" start="4">
<li>A munkakör betölthetőségének időpontja: 2024.09.01.</li>
</ol>
<ol style="text-align: justify" start="5">
<li>A jogviszony időtartama: határozatlan</li>
</ol>
<ol style="text-align: justify" start="6">
<li>A foglalkoztatás jellege: teljes munkaidő</li>
</ol>
<ol style="text-align: justify" start="7">
<li>Vezetői megbízás esetén a megbízás időtartama: &#8211;</li>
</ol>
<ol style="text-align: justify" start="8">
<li>A munkavégzés helye: 1082, Budapest, Tömő utca 25-29.</li>
</ol>
<ol style="text-align: justify" start="9">
<li>A munkakörbe tartozó, illetve a vezetői megbízással járó lényeges feladatok</li>
</ol>
<p style="text-align: justify">    felsorolása:</p>
<p style="text-align: justify">Feladataihoz sorolhatók a szakorvosi felügyelettel történő kezelések, a betegek más szakorvosi kezelésekre utalása, betegek egészségügyi adatainak nyilvántartása és továbbítása, laboratóriumi vizsgálatok, röntgen és egyéb diagnosztikai eljárások elrendelése és eredményük elemzése, páciensek és családtagjaik tájékoztatása a kezelésről és gondozásról, egészségügyi statisztikák készítése, ügyeleti szolgálat ellátása, orvosszakértői tevékenység végzése, valamint tudományos kutatás és ahhoz kapcsolódó közlemények készítése. Szakmai tudása, gyakorlata és kompetenciája szerint végzi a rezidensi tevékenységeket. A rezidens szakmai kommunikációt folytat a kollégákkal, beteggel és a hozzátartozójával. Kompetencia szintjének megfelelően közreműködik a prevencióban, egészségnevelő tevékenységben és az edukációban és rehabilitációban. Egészségügyi dokumentációt vezet az érvényben lévő jogszabályban meghatározott előírások szerint.</p>
<p style="text-align: justify"><strong> </strong></p>
<ol style="text-align: justify" start="10">
<li>A munkakör betöltéséhez elvárt/előnyt jelentő képzettség,</li>
</ol>
<p style="text-align: justify">végzettség, tapasztalat: orvosi diploma</p>
<ol style="text-align: justify" start="11">
<li>A munkakör betöltéséhez szükséges nyelvtudás szintje,</li>
</ol>
<p style="text-align: justify">         nyelvvizsga típusa: társalgási szintű angol nyelvtudás, középfokú nyelvvizsga.</p>
<ol style="text-align: justify" start="12">
<li>A munkakör betöltéséhez előnyt jelentő informatikai rendszerismeret:</li>
</ol>
<p style="text-align: justify">MicrosoftWindows, Excel, Power Point illetve MedSol rendszerek ismerete.</p>
<ol style="text-align: justify" start="13">
<li>Egyéb feltételek/előnyök a munkakör betöltéséhez: Érdeklődés a tudomány iránt.</li>
</ol>
<p style="text-align: justify">Belgyógyászati osztályon eltöltött munkavégzés, idegen nyelvi tudás, jó kommunikációs adottságok. </p>
<ol style="text-align: justify" start="14">
<li>A munkakör betöltőjétől elvárt kompetenciák: Anyanyelvi szintű magyar nyelvtudás. Jó kommunikációs készségek, rugalmasság, problémamegoldó készség, fejlődőképesség. Jó csapatkommunikáció és csapatmunka.</li>
</ol>
<ol style="text-align: justify" start="15">
<li>Jelentkezni és érdeklődni a következő email címen, önéletrajzzal lehet: <a href="mailto:semmelweis.pankreasz.intezet@gmail.com">pankreasz.intezet@semmelweis.hu</a></li>
</ol>
<p style="text-align: justify">A munkáltatóval kapcsolatban további információt az alábbi weboldalon találhatnak:</p>
<p style="text-align: justify"><a href="https://semmelweis.hu/pbi/">https://semmelweis.hu/pbi/</a></p>

<p>A Semmelweis Egyetem Pankreász Betegségek Kiválósági Központjának egységébe, a Pankreász Betegségek Intézetébe keresünk Gasztoenterológus, Belgyógyász és Onkológiai szakképzésbe rezidens kollégát. Egységünkben lehetőség van a tudomány alapú precíziós betegellátás elsajátítására. Ide értve  az akut hasnyálmirigy gyulldásaban szenevdő betegek személyre szabott ellátását, a hasnyálmirigy daganat gyanú kivizsgálását és kezelésének precíziós megközelítését és a fejlett, modern endoszkópos vizsgálati &hellip;</p>
