{"id":56,"date":"2023-03-23T10:47:53","date_gmt":"2023-03-23T09:47:53","guid":{"rendered":"https:\/\/semmelweis.hu\/pbi\/?page_id=56"},"modified":"2023-05-09T09:26:59","modified_gmt":"2023-05-09T07:26:59","slug":"apolo","status":"publish","type":"page","link":"https:\/\/semmelweis.hu\/pbi\/karrier\/apolo\/","title":{"rendered":"\u00c1pol\u00f3"},"content":{"rendered":"<p>&nbsp;<\/p>\n<ol>\n<li>A munkak\u00f6r megnevez\u00e9se: \u00e1pol\u00f3<\/li>\n<li>A munkak\u00f6rh\u00f6z kapcsol\u00f3d\u00f3 esetleges vezet\u0151i megb\u00edz\u00e1s megnevez\u00e9se: &#8211;<\/li>\n<li>Az a szervezeti egys\u00e9g, ahol a munkak\u00f6rt be kell t\u00f6lteni: Semmelweis Egyetem Pankreasz Betegs\u00e9gek Int\u00e9zete<\/li>\n<li>A munkak\u00f6r bet\u00f6lthet\u0151s\u00e9g\u00e9nek id\u0151pontja: 2023\/03\/01. A munkak\u00f6r a p\u00e1lyazatok elbir\u00e1l\u00e1s\u00e1t k\u00f6vet\u0151en azonnal bet\u00f6lthet\u0151.<\/li>\n<li>A jogviszony id\u0151tartama (hat\u00e1rozatlan\/hat\u00e1rozott): hat\u00e1rozatlan<\/li>\n<li>A foglalkoztat\u00e1s jellege (teljes munkaid\u0151\/r\u00e9szmunkaid\u0151s): teljes munkaid\u0151<\/li>\n<li>Vezet\u0151i megb\u00edz\u00e1s eset\u00e9n a megb\u00edz\u00e1s id\u0151tartama: &#8211;<\/li>\n<li>A munkav\u00e9gz\u00e9s helye: Budapest, T\u00f6m\u0151 utca 25-29, 1083<\/li>\n<li>A munkak\u00f6rbe tartoz\u00f3, illetve a vezet\u0151i megb\u00edz\u00e1ssal j\u00e1r\u00f3 l\u00e9nyeges feladatok felsorol\u00e1sa:<\/li>\n<\/ol>\n<p>Szakmai tud\u00e1sa, gyakorlata \u00e9s kompetenci\u00e1ja szerint v\u00e9gzi az \u00e1pol\u00f3i tev\u00e9kenys\u00e9geket.<\/p>\n<p>Az \u00e1pol\u00f3 szakmai kommunik\u00e1ci\u00f3t folytat a beteggel \u00e9s a hozz\u00e1tartoz\u00f3j\u00e1val. \u00c1pol\u00e1si folyamatnak megfelel\u0151en \u00e1polja, gondozza, seg\u00edti a beteget. Szak\u00e1pol\u00e1st v\u00e9gez, a beavatkoz\u00e1sok k\u00f6r\u00fcli \u00e1pol\u00f3i tev\u00e9kenys\u00e9geket ell\u00e1tja, s\u00fcrg\u0151ss\u00e9gi eseteket, v\u00e9szhelyzeteket felismer. Kompetencia szintj\u00e9nek megfelel\u0151en k\u00f6zrem\u0171k\u00f6dik a prevenci\u00f3ban, eg\u00e9szs\u00e9gnevel\u0151 tev\u00e9kenys\u00e9gben, eduk\u00e1ci\u00f3ban \u00e9s rehabilit\u00e1ci\u00f3ban. Eg\u00e9szs\u00e9g\u00fcgyi dokument\u00e1ci\u00f3t vezet az \u00e9rv\u00e9nyben l\u00e9v\u0151 jogszab\u00e1lyban meghat\u00e1rozott el\u0151\u00edr\u00e1sok szerint.<\/p>\n<ol start=\"10\">\n<li>A munkak\u00f6r, vezet\u0151i megb\u00edz\u00e1s bet\u00f6lt\u00e9s\u00e9hez elv\u00e1rt\/el\u0151nyt jelent\u0151 k\u00e9pzetts\u00e9g, v\u00e9gzetts\u00e9g, tapasztalat: 3 \u00e9ves belgy\u00f3gy\u00e1szati oszt\u00e1lyon elt\u00f6lt\u00f6tt munkav\u00e9gz\u00e9s, idegen nyelvi tud\u00e1s, j\u00f3 kommunik\u00e1ci\u00f3s adotts\u00e1gok<\/li>\n<li>V\u00e9gzetts\u00e9g szintje: Emelt szint\u0171 szakk\u00e9pes\u00edt\u00e9s &#8211; Fels\u0151fok\u00fa iskolai v\u00e9gzetts\u00e9g<\/li>\n<li>V\u00e9gzetts\u00e9g: F\u0151iskola\/ Egyetem<\/li>\n<li>K\u00e9pes\u00edt\u00e9s: Fels\u0151fok\u00fa (OKJ 54, 55, 56) k\u00e9pes\u00edt\u00e9s<\/li>\n<li>A munkak\u00f6r, vezet\u0151i megb\u00edz\u00e1s bet\u00f6lt\u00e9s\u00e9hez elv\u00e1rt\/el\u0151nyt jelent\u0151 nyelvtud\u00e1s szintje, nyelvvizsga t\u00edpusa: \u00e1ltal\u00e1nos angol vagy n\u00e9met nyelvvizsga (aj\u00e1nlott: B2 szint); angol vagy n\u00e9met szaknyelvi nyelvvizsga (aj\u00e1nlott: B2 szint).<\/li>\n<li>A munkak\u00f6r bet\u00f6lt\u00e9s\u00e9hez elv\u00e1rt\/el\u0151nyt jelent\u0151 informatikai rendszerismeret:<\/li>\n<\/ol>\n<p>MicrosoftWindows, Excel, PowerPoint illetve MedSol rendszerek ismerete.<\/p>\n<ol start=\"16\">\n<li>Egy\u00e9b felt\u00e9telek\/el\u0151ny\u00f6k a munkak\u00f6r bet\u00f6lt\u00e9s\u00e9hez: empatikus hozz\u00e1\u00e1ll\u00e1s a koll\u00e9g\u00e1khoz \u00e9s a betegekhez; j\u00f3 kommunik\u00e1ci\u00f3s k\u00e9szs\u00e9gek alkalmaz\u00e1sa, rugalmass\u00e1g, probl\u00e9mamegold\u00f3 k\u00e9szs\u00e9g, fejl\u0151d\u0151k\u00e9pess\u00e9g<\/li>\n<li>A munkak\u00f6r bet\u00f6lt\u0151j\u00e9t\u0151l elv\u00e1rt kompetenci\u00e1k:<\/li>\n<\/ol>\n<p>Az \u00e1pol\u00f3 szakk\u00e9pes\u00edt\u00e9ssel rendelkez\u0151 k\u00e9pes munk\u00e1j\u00e1t \u00f6n\u00e1ll\u00f3an, vagy szakmai csoportban, a jogi \u00e9s etikai norm\u00e1k betart\u00e1s\u00e1val, a szakmai szab\u00e1lyoknak megfelel\u0151en v\u00e9gezni.<\/p>\n<p>Munk\u00e1j\u00e1t a min\u0151s\u00e9gbiztos\u00edt\u00e1s, min\u0151s\u00e9gfejleszt\u00e9s \u00e9s az \u00e1pol\u00e1si folyamat elvei szerint szervezi, \u00e1pol\u00e1si folyamat megval\u00f3s\u00edt\u00e1s\u00e1hoz sz\u00fcks\u00e9ges inform\u00e1ci\u00f3kat, er\u0151forr\u00e1sokat felt\u00e1rja, felhaszn\u00e1lja. Kompetencia szintj\u00e9nek megfelel\u0151en k\u00f6zrem\u0171k\u00f6dik a prevenci\u00f3ban, eg\u00e9szs\u00e9gnevel\u0151 tev\u00e9kenys\u00e9gben, eduk\u00e1ci\u00f3ban \u00e9s rehabilit\u00e1ci\u00f3ban. Eg\u00e9szs\u00e9g\u00fcgyi dokument\u00e1ci\u00f3t vezet az \u00e9rv\u00e9nyben l\u00e9v\u0151 jogszab\u00e1lyban meghat\u00e1rozott el\u0151\u00edr\u00e1sok szerint.<\/p>\n<ol start=\"18\">\n<li>Tov\u00e1bb\u00edt\u00e1si email c\u00edm: <a href=\"mailto:transmedkozpont@gmail.com\">transmedkozpont@gmail.com<\/a><\/li>\n<li>A p\u00e1ly\u00e1zat elb\u00edr\u00e1l\u00e1s\u00e1nak ideje a p\u00e1ly\u00e1zat lej\u00e1rt\u00e1t k\u00f6vet\u0151en: 5 nap<\/li>\n<li>A munk\u00e1ltat\u00f3val kapcsolatban tov\u00e1bbi inform\u00e1ci\u00f3t az al\u00e1bbi weboldalon tal\u00e1lhatnak: <a href=\"https:\/\/tm-centre.org\/hu\/alapitvany\/pankreasz-betegsegek-kivalosagi-kozpontja-hu\/\">https:\/\/tm-centre.org\/hu\/alapitvany\/pankreasz-betegsegek-kivalosagi-kozpontja-hu\/<\/a><\/li>\n<li><strong> Csatoland\u00f3 dokumentumok: <\/strong>K\u00e9pes szakmai \u00f6n\u00e9letrajz, K\u00e9pes\u00edt\u00e9st igazol\u00f3 okiratok m\u00e1solata<\/li>\n<\/ol>\n","protected":false},"excerpt":{"rendered":"<p>&nbsp; A munkak\u00f6r megnevez\u00e9se: \u00e1pol\u00f3 A munkak\u00f6rh\u00f6z kapcsol\u00f3d\u00f3 esetleges vezet\u0151i megb\u00edz\u00e1s megnevez\u00e9se: &#8211; Az a szervezeti egys\u00e9g, ahol a munkak\u00f6rt be kell t\u00f6lteni: Semmelweis Egyetem Pankreasz Betegs\u00e9gek Int\u00e9zete A munkak\u00f6r bet\u00f6lthet\u0151s\u00e9g\u00e9nek id\u0151pontja: 2023\/03\/01. A munkak\u00f6r a p\u00e1lyazatok elbir\u00e1l\u00e1s\u00e1t k\u00f6vet\u0151en azonnal bet\u00f6lthet\u0151. A jogviszony id\u0151tartama (hat\u00e1rozatlan\/hat\u00e1rozott): hat\u00e1rozatlan A foglalkoztat\u00e1s jellege (teljes munkaid\u0151\/r\u00e9szmunkaid\u0151s): teljes munkaid\u0151 Vezet\u0151i megb\u00edz\u00e1s &hellip;<\/p>\n","protected":false},"author":101929,"featured_media":0,"parent":22,"menu_order":2,"comment_status":"closed","ping_status":"closed","template":"","meta":{"_acf_changed":false,"footnotes":""},"categories":[],"tags":[],"class_list":["post-56","page","type-page","status-publish","hentry"],"acf":[],"_links":{"self":[{"href":"https:\/\/semmelweis.hu\/pbi\/wp-json\/wp\/v2\/pages\/56","targetHints":{"allow":["GET"]}}],"collection":[{"href":"https:\/\/semmelweis.hu\/pbi\/wp-json\/wp\/v2\/pages"}],"about":[{"href":"https:\/\/semmelweis.hu\/pbi\/wp-json\/wp\/v2\/types\/page"}],"author":[{"embeddable":true,"href":"https:\/\/semmelweis.hu\/pbi\/wp-json\/wp\/v2\/users\/101929"}],"replies":[{"embeddable":true,"href":"https:\/\/semmelweis.hu\/pbi\/wp-json\/wp\/v2\/comments?post=56"}],"version-history":[{"count":1,"href":"https:\/\/semmelweis.hu\/pbi\/wp-json\/wp\/v2\/pages\/56\/revisions"}],"predecessor-version":[{"id":57,"href":"https:\/\/semmelweis.hu\/pbi\/wp-json\/wp\/v2\/pages\/56\/revisions\/57"}],"up":[{"embeddable":true,"href":"https:\/\/semmelweis.hu\/pbi\/wp-json\/wp\/v2\/pages\/22"}],"wp:attachment":[{"href":"https:\/\/semmelweis.hu\/pbi\/wp-json\/wp\/v2\/media?parent=56"}],"wp:term":[{"taxonomy":"category","embeddable":true,"href":"https:\/\/semmelweis.hu\/pbi\/wp-json\/wp\/v2\/categories?post=56"},{"taxonomy":"post_tag","embeddable":true,"href":"https:\/\/semmelweis.hu\/pbi\/wp-json\/wp\/v2\/tags?post=56"}],"curies":[{"name":"wp","href":"https:\/\/api.w.org\/{rel}","templated":true}]}}

Ápoló

<p>&nbsp;</p>
<ol>
<li>A munkakör megnevezése: ápoló</li>
<li>A munkakörhöz kapcsolódó esetleges vezetői megbízás megnevezése: &#8211;</li>
<li>Az a szervezeti egység, ahol a munkakört be kell tölteni: Semmelweis Egyetem Pankreasz Betegségek Intézete</li>
<li>A munkakör betölthetőségének időpontja: 2023/03/01. A munkakör a pályazatok elbirálását követően azonnal betölthető.</li>
<li>A jogviszony időtartama (határozatlan/határozott): határozatlan</li>
<li>A foglalkoztatás jellege (teljes munkaidő/részmunkaidős): teljes munkaidő</li>
<li>Vezetői megbízás esetén a megbízás időtartama: &#8211;</li>
<li>A munkavégzés helye: Budapest, Tömő utca 25-29, 1083</li>
<li>A munkakörbe tartozó, illetve a vezetői megbízással járó lényeges feladatok felsorolása:</li>
</ol>
<p>Szakmai tudása, gyakorlata és kompetenciája szerint végzi az ápolói tevékenységeket.</p>
<p>Az ápoló szakmai kommunikációt folytat a beteggel és a hozzátartozójával. Ápolási folyamatnak megfelelően ápolja, gondozza, segíti a beteget. Szakápolást végez, a beavatkozások körüli ápolói tevékenységeket ellátja, sürgősségi eseteket, vészhelyzeteket felismer. Kompetencia szintjének megfelelően közreműködik a prevencióban, egészségnevelő tevékenységben, edukációban és rehabilitációban. Egészségügyi dokumentációt vezet az érvényben lévő jogszabályban meghatározott előírások szerint.</p>
<ol start="10">
<li>A munkakör, vezetői megbízás betöltéséhez elvárt/előnyt jelentő képzettség, végzettség, tapasztalat: 3 éves belgyógyászati osztályon eltöltött munkavégzés, idegen nyelvi tudás, jó kommunikációs adottságok</li>
<li>Végzettség szintje: Emelt szintű szakképesítés &#8211; Felsőfokú iskolai végzettség</li>
<li>Végzettség: Főiskola/ Egyetem</li>
<li>Képesítés: Felsőfokú (OKJ 54, 55, 56) képesítés</li>
<li>A munkakör, vezetői megbízás betöltéséhez elvárt/előnyt jelentő nyelvtudás szintje, nyelvvizsga típusa: általános angol vagy német nyelvvizsga (ajánlott: B2 szint); angol vagy német szaknyelvi nyelvvizsga (ajánlott: B2 szint).</li>
<li>A munkakör betöltéséhez elvárt/előnyt jelentő informatikai rendszerismeret:</li>
</ol>
<p>MicrosoftWindows, Excel, PowerPoint illetve MedSol rendszerek ismerete.</p>
<ol start="16">
<li>Egyéb feltételek/előnyök a munkakör betöltéséhez: empatikus hozzáállás a kollégákhoz és a betegekhez; jó kommunikációs készségek alkalmazása, rugalmasság, problémamegoldó készség, fejlődőképesség</li>
<li>A munkakör betöltőjétől elvárt kompetenciák:</li>
</ol>
<p>Az ápoló szakképesítéssel rendelkező képes munkáját önállóan, vagy szakmai csoportban, a jogi és etikai normák betartásával, a szakmai szabályoknak megfelelően végezni.</p>
<p>Munkáját a minőségbiztosítás, minőségfejlesztés és az ápolási folyamat elvei szerint szervezi, ápolási folyamat megvalósításához szükséges információkat, erőforrásokat feltárja, felhasználja. Kompetencia szintjének megfelelően közreműködik a prevencióban, egészségnevelő tevékenységben, edukációban és rehabilitációban. Egészségügyi dokumentációt vezet az érvényben lévő jogszabályban meghatározott előírások szerint.</p>
<ol start="18">
<li>Továbbítási email cím: <a href="mailto:transmedkozpont@gmail.com">transmedkozpont@gmail.com</a></li>
<li>A pályázat elbírálásának ideje a pályázat lejártát követően: 5 nap</li>
<li>A munkáltatóval kapcsolatban további információt az alábbi weboldalon találhatnak: <a href="https://tm-centre.org/hu/alapitvany/pankreasz-betegsegek-kivalosagi-kozpontja-hu/">https://tm-centre.org/hu/alapitvany/pankreasz-betegsegek-kivalosagi-kozpontja-hu/</a></li>
<li><strong> Csatolandó dokumentumok: </strong>Képes szakmai önéletrajz, Képesítést igazoló okiratok másolata</li>
</ol>

<p>&nbsp; A munkakör megnevezése: ápoló A munkakörhöz kapcsolódó esetleges vezetői megbízás megnevezése: &#8211; Az a szervezeti egység, ahol a munkakört be kell tölteni: Semmelweis Egyetem Pankreasz Betegségek Intézete A munkakör betölthetőségének időpontja: 2023/03/01. A munkakör a pályazatok elbirálását követően azonnal betölthető. A jogviszony időtartama (határozatlan/határozott): határozatlan A foglalkoztatás jellege (teljes munkaidő/részmunkaidős): teljes munkaidő Vezetői megbízás &hellip;</p>
