{"id":54,"date":"2023-03-23T10:41:37","date_gmt":"2023-03-23T09:41:37","guid":{"rendered":"https:\/\/semmelweis.hu\/pbi\/?page_id=54"},"modified":"2023-05-09T09:27:05","modified_gmt":"2023-05-09T07:27:05","slug":"klinikai-adminisztrator","status":"publish","type":"page","link":"https:\/\/semmelweis.hu\/pbi\/karrier\/klinikai-adminisztrator\/","title":{"rendered":"Klinikai adminisztr\u00e1tor"},"content":{"rendered":"<ol>\n<li>A munkak\u00f6r megnevez\u00e9se: klinikai adminisztr\u00e1tor<\/li>\n<li>A munkak\u00f6rh\u00f6z kapcsol\u00f3d\u00f3 esetleges vezet\u0151i megb\u00edz\u00e1s megnevez\u00e9se: &#8211;<\/li>\n<li>Az a szervezeti egys\u00e9g, ahol a munkak\u00f6rt be kell t\u00f6lteni: Semmelweis Egyetem Pankreasz Betegs\u00e9gek Int\u00e9zete<\/li>\n<li>A munkak\u00f6r bet\u00f6lthet\u0151s\u00e9g\u00e9nek id\u0151pontja: 2023\/03\/10. A munkak\u00f6r a p\u00e1lyazatok elbir\u00e1l\u00e1s\u00e1t k\u00f6vet\u0151en azonnal bet\u00f6lthet\u0151.<\/li>\n<li>A jogviszony id\u0151tartama (hat\u00e1rozatlan\/hat\u00e1rozott): hat\u00e1rozatlan<\/li>\n<li>A foglalkoztat\u00e1s jellege (teljes munkaid\u0151\/r\u00e9szmunkaid\u0151s): teljes munkaid\u0151<\/li>\n<li>Vezet\u0151i megb\u00edz\u00e1s eset\u00e9n a megb\u00edz\u00e1s id\u0151tartama: &#8211;<\/li>\n<li>A munkav\u00e9gz\u00e9s helye: Budapest, T\u00f6m\u0151 utca 25-29, 1083<\/li>\n<li>A munkak\u00f6rbe tartoz\u00f3, illetve a vezet\u0151i megb\u00edz\u00e1ssal j\u00e1r\u00f3 l\u00e9nyeges feladatok felsorol\u00e1sa:<\/li>\n<\/ol>\n<p>&#8211; Klinikai kutat\u00e1sokba t\u00f6rt\u00e9n\u0151 betegbevon\u00e1s<\/p>\n<p>&#8211; Informatikai rendszerekbe, betegregiszterekbe t\u00f6rt\u00e9n\u0151 adatr\u00f6gz\u00edt\u00e9s<\/p>\n<p>&#8211; Betegekkel, orvosokkal, \u00e1pol\u00f3kkal val\u00f3 kapcsolattart\u00e1s<\/p>\n<p>&#8211; Betegdokument\u00e1ci\u00f3, biol\u00f3giai mint\u00e1k kezel\u00e9se<\/p>\n<p>&#8211; Esetenk\u00e9nt utaz\u00e1ssal j\u00e1r\u00f3 feladatok<\/p>\n<ol start=\"10\">\n<li>A munkak\u00f6r, vezet\u0151i megb\u00edz\u00e1s bet\u00f6lt\u00e9s\u00e9hez elv\u00e1rt\/el\u0151nyt jelent\u0151 k\u00e9pzetts\u00e9g, v\u00e9gzetts\u00e9g, tapasztalat<\/li>\n<\/ol>\n<p>\u00a0\u00a0\u00a0\u00a0\u00a0\u00a0\u00a0\u00a0\u00a0\u00a0\u00a0 <u>Elv\u00e1rt<\/u>:<\/p>\n<p>\u00a0\u00a0\u00a0\u00a0\u00a0\u00a0\u00a0\u00a0\u00a0\u00a0\u00a0 \u00a0\u00a0\u00a0\u00a0\u00a0\u00a0\u00a0\u00a0\u00a0\u00a0\u00a0 &#8211; Klinikai kutat\u00e1sokba t\u00f6rt\u00e9n\u0151 betegbevon\u00e1s<\/p>\n<p>&#8211; Informatikai rendszerekbe, betegregiszterekbe t\u00f6rt\u00e9n\u0151 adatr\u00f6gz\u00edt\u00e9s<\/p>\n<p>&#8211; Betegekkel, orvosokkal, \u00e1pol\u00f3kkal val\u00f3 kapcsolattart\u00e1s<\/p>\n<p>&#8211; Betegdokument\u00e1ci\u00f3, biol\u00f3giai mint\u00e1k kezel\u00e9se<\/p>\n<p>&#8211; Esetenk\u00e9nt utaz\u00e1ssal j\u00e1r\u00f3 feladatok<\/p>\n<p>\u00a0\u00a0\u00a0\u00a0\u00a0\u00a0\u00a0\u00a0\u00a0\u00a0\u00a0 <u>El\u0151nyt jelent<\/u>:<\/p>\n<p>\u00a0\u00a0\u00a0\u00a0\u00a0\u00a0\u00a0\u00a0\u00a0\u00a0\u00a0\u00a0\u00a0\u00a0\u00a0\u00a0\u00a0\u00a0\u00a0\u00a0\u00a0\u00a0\u00a0 &#8211; MicrosoftWindows, Excel, Power Point illetve MedSol rendszerek ismerete<\/p>\n<p>&#8211; Belgy\u00f3gy\u00e1szati oszt\u00e1lyon elt\u00f6lt\u00f6tt munkav\u00e9gz\u00e9s, idegen nyelvi tud\u00e1s, j\u00f3 kommunik\u00e1ci\u00f3s adotts\u00e1gok<\/p>\n<ol start=\"11\">\n<li>V\u00e9gzetts\u00e9g szintje: eg\u00e9szs\u00e9g\u00fcgyi vagy eg\u00e9szs\u00e9g\u00fcgyh\u00f6z kapcsol\u00f3d\u00f3 fels\u0151fok\u00fa v\u00e9gzetts\u00e9g<\/li>\n<li>V\u00e9gzetts\u00e9g: F\u0151iskola\/ Egyetem<\/li>\n<li>K\u00e9pes\u00edt\u00e9s: Fels\u0151fok\u00fa k\u00e9pes\u00edt\u00e9s<\/li>\n<li>A munkak\u00f6r, vezet\u0151i megb\u00edz\u00e1s bet\u00f6lt\u00e9s\u00e9hez elv\u00e1rt\/el\u0151nyt jelent\u0151 nyelvtud\u00e1s szintje, nyelvvizsga t\u00edpusa: Kor\u00e1bbi admnisztr\u00e1tori tapasztalat, \u00e1ltal\u00e1nos angol vagy n\u00e9met nyelvvizsga (aj\u00e1nlott: B2 szint); angol vagy n\u00e9met szaknyelvi nyelvvizsga (aj\u00e1nlott: B2 szint).<\/li>\n<li>A munkak\u00f6r bet\u00f6lt\u00e9s\u00e9hez elv\u00e1rt\/el\u0151nyt jelent\u0151 informatikai rendszerismeret:<\/li>\n<\/ol>\n<p>MicrosoftWindows, Excel, PowerPoint illetve MedSol rendszerek ismerete.<\/p>\n<ol start=\"16\">\n<li>Egy\u00e9b felt\u00e9telek\/el\u0151ny\u00f6k a munkak\u00f6r bet\u00f6lt\u00e9s\u00e9hez: empatikus hozz\u00e1\u00e1ll\u00e1s a koll\u00e9g\u00e1khoz \u00e9s a betegekhez; j\u00f3 kommunik\u00e1ci\u00f3s k\u00e9szs\u00e9gek alkalmaz\u00e1sa, rugalmass\u00e1g, probl\u00e9mamegold\u00f3 k\u00e9szs\u00e9g, fejl\u0151d\u0151k\u00e9pess\u00e9g<\/li>\n<li>A munkak\u00f6r bet\u00f6lt\u0151j\u00e9t\u0151l elv\u00e1rt kompetenci\u00e1k:<\/li>\n<\/ol>\n<p>&#8211; Klinikai kutat\u00e1sokba t\u00f6rt\u00e9n\u0151 betegbevon\u00e1s, melyenek sor\u00e1n a beteggel empatikusan sz\u00fcks\u00e9ges kommunk\u00e1lni, szem el\u0151tt a kell\u0151 diszkr\u00e9ci\u00f3t is\u00a0<\/p>\n<p>&#8211; Informatikai rendszerekbe, betegregiszterekbe t\u00f6rt\u00e9n\u0151 adatr\u00f6gz\u00edt\u00e9s<\/p>\n<p>&#8211; Betegekkel, orvosokkal, \u00e1pol\u00f3kkal val\u00f3 kapcsolattart\u00e1s, amit a k\u00f6lcs\u00f6n\u00f6s tisztelet \u00e9s seg\u00edt\u0151k\u00e9szs\u00e9g kell jellemezzen<\/p>\n<p>&#8211; Betegdokument\u00e1ci\u00f3, biol\u00f3giai mint\u00e1k kezel\u00e9se a precizit\u00e1s \u00e9s pontoss\u00e1got szem el\u0151tt tartva.<\/p>\n<p>&#8211; Esetenk\u00e9nt utaz\u00e1ssal j\u00e1r\u00f3 feladatok<\/p>\n<ol start=\"18\">\n<li>Tov\u00e1bb\u00edt\u00e1si email c\u00edm: <strong>semmelweis.pankreasz.intezet@gmail.com<\/strong><\/li>\n<li>A p\u00e1ly\u00e1zat elb\u00edr\u00e1l\u00e1s\u00e1nak ideje a p\u00e1ly\u00e1zat lej\u00e1rt\u00e1t k\u00f6vet\u0151en: 5 nap<\/li>\n<li>A munk\u00e1ltat\u00f3val kapcsolatban tov\u00e1bbi inform\u00e1ci\u00f3t az al\u00e1bbi weboldalon tal\u00e1lhatnak: <a href=\"https:\/\/tm-centre.org\/hu\/alapitvany\/pankreasz-betegsegek-kivalosagi-kozpontja-hu\/\">https:\/\/tm-centre.org\/hu\/alapitvany\/pankreasz-betegsegek-kivalosagi-kozpontja-hu\/<\/a><\/li>\n<li><strong> Csatoland\u00f3 dokumentumok: <\/strong>K\u00e9pes szakmai \u00f6n\u00e9letrajz, K\u00e9pes\u00edt\u00e9st igazol\u00f3 okiratok m\u00e1solata<\/li>\n<\/ol>\n","protected":false},"excerpt":{"rendered":"<p>A munkak\u00f6r megnevez\u00e9se: klinikai adminisztr\u00e1tor A munkak\u00f6rh\u00f6z kapcsol\u00f3d\u00f3 esetleges vezet\u0151i megb\u00edz\u00e1s megnevez\u00e9se: &#8211; Az a szervezeti egys\u00e9g, ahol a munkak\u00f6rt be kell t\u00f6lteni: Semmelweis Egyetem Pankreasz Betegs\u00e9gek Int\u00e9zete A munkak\u00f6r bet\u00f6lthet\u0151s\u00e9g\u00e9nek id\u0151pontja: 2023\/03\/10. A munkak\u00f6r a p\u00e1lyazatok elbir\u00e1l\u00e1s\u00e1t k\u00f6vet\u0151en azonnal bet\u00f6lthet\u0151. A jogviszony id\u0151tartama (hat\u00e1rozatlan\/hat\u00e1rozott): hat\u00e1rozatlan A foglalkoztat\u00e1s jellege (teljes munkaid\u0151\/r\u00e9szmunkaid\u0151s): teljes munkaid\u0151 Vezet\u0151i megb\u00edz\u00e1s &hellip;<\/p>\n","protected":false},"author":101929,"featured_media":0,"parent":22,"menu_order":4,"comment_status":"closed","ping_status":"closed","template":"","meta":{"_acf_changed":false,"footnotes":""},"categories":[],"tags":[],"class_list":["post-54","page","type-page","status-publish","hentry"],"acf":[],"_links":{"self":[{"href":"https:\/\/semmelweis.hu\/pbi\/wp-json\/wp\/v2\/pages\/54","targetHints":{"allow":["GET"]}}],"collection":[{"href":"https:\/\/semmelweis.hu\/pbi\/wp-json\/wp\/v2\/pages"}],"about":[{"href":"https:\/\/semmelweis.hu\/pbi\/wp-json\/wp\/v2\/types\/page"}],"author":[{"embeddable":true,"href":"https:\/\/semmelweis.hu\/pbi\/wp-json\/wp\/v2\/users\/101929"}],"replies":[{"embeddable":true,"href":"https:\/\/semmelweis.hu\/pbi\/wp-json\/wp\/v2\/comments?post=54"}],"version-history":[{"count":1,"href":"https:\/\/semmelweis.hu\/pbi\/wp-json\/wp\/v2\/pages\/54\/revisions"}],"predecessor-version":[{"id":55,"href":"https:\/\/semmelweis.hu\/pbi\/wp-json\/wp\/v2\/pages\/54\/revisions\/55"}],"up":[{"embeddable":true,"href":"https:\/\/semmelweis.hu\/pbi\/wp-json\/wp\/v2\/pages\/22"}],"wp:attachment":[{"href":"https:\/\/semmelweis.hu\/pbi\/wp-json\/wp\/v2\/media?parent=54"}],"wp:term":[{"taxonomy":"category","embeddable":true,"href":"https:\/\/semmelweis.hu\/pbi\/wp-json\/wp\/v2\/categories?post=54"},{"taxonomy":"post_tag","embeddable":true,"href":"https:\/\/semmelweis.hu\/pbi\/wp-json\/wp\/v2\/tags?post=54"}],"curies":[{"name":"wp","href":"https:\/\/api.w.org\/{rel}","templated":true}]}}