{"id":193,"date":"2025-11-24T10:47:45","date_gmt":"2025-11-24T09:47:45","guid":{"rendered":"https:\/\/semmelweis.hu\/pbi\/?page_id=193"},"modified":"2025-11-24T10:48:34","modified_gmt":"2025-11-24T09:48:34","slug":"aok-belgyogyaszat-i-anyagcsere-endokrinologia-nephrologia-gasztroenterologia","status":"publish","type":"page","link":"https:\/\/semmelweis.hu\/pbi\/oktatas\/aok-belgyogyaszat-i-anyagcsere-endokrinologia-nephrologia-gasztroenterologia\/","title":{"rendered":"\u00c1OK Belgy\u00f3gy\u00e1szat I. (anyagcsere, endokrinol\u00f3gia, nephrol\u00f3gia, gasztroenterol\u00f3gia)"},"content":{"rendered":"<p><a href=\"https:\/\/itc.semmelweis.hu\/moodle\/login\/index.php\"><strong>A tant\u00e1rgyr\u00f3l b\u0151vebb inform\u00e1ci\u00f3 \u00e9s az el\u0151ad\u00e1sok diasorai a MOODLE rendszerben tal\u00e1lhat\u00f3k<\/strong><\/a><\/p>\n<p>&nbsp;<\/p>\n","protected":false},"excerpt":{"rendered":"<p><a href=\"https:\/\/itc.semmelweis.hu\/moodle\/login\/index.php\">A tant\u00e1rgyr\u00f3l b\u0151vebb inform\u00e1ci\u00f3 \u00e9s az el\u0151ad\u00e1sok diasorai a MOODLE rendszerben tal\u00e1lhat\u00f3k<\/a><br \/>\n&nbsp;<\/p>\n","protected":false},"author":102359,"featured_media":0,"parent":190,"menu_order":2,"comment_status":"closed","ping_status":"closed","template":"","meta":{"_acf_changed":false,"footnotes":""},"categories":[],"tags":[],"class_list":["post-193","page","type-page","status-publish","hentry"],"acf":[],"_links":{"self":[{"href":"https:\/\/semmelweis.hu\/pbi\/wp-json\/wp\/v2\/pages\/193","targetHints":{"allow":["GET"]}}],"collection":[{"href":"https:\/\/semmelweis.hu\/pbi\/wp-json\/wp\/v2\/pages"}],"about":[{"href":"https:\/\/semmelweis.hu\/pbi\/wp-json\/wp\/v2\/types\/page"}],"author":[{"embeddable":true,"href":"https:\/\/semmelweis.hu\/pbi\/wp-json\/wp\/v2\/users\/102359"}],"replies":[{"embeddable":true,"href":"https:\/\/semmelweis.hu\/pbi\/wp-json\/wp\/v2\/comments?post=193"}],"version-history":[{"count":2,"href":"https:\/\/semmelweis.hu\/pbi\/wp-json\/wp\/v2\/pages\/193\/revisions"}],"predecessor-version":[{"id":201,"href":"https:\/\/semmelweis.hu\/pbi\/wp-json\/wp\/v2\/pages\/193\/revisions\/201"}],"up":[{"embeddable":true,"href":"https:\/\/semmelweis.hu\/pbi\/wp-json\/wp\/v2\/pages\/190"}],"wp:attachment":[{"href":"https:\/\/semmelweis.hu\/pbi\/wp-json\/wp\/v2\/media?parent=193"}],"wp:term":[{"taxonomy":"category","embeddable":true,"href":"https:\/\/semmelweis.hu\/pbi\/wp-json\/wp\/v2\/categories?post=193"},{"taxonomy":"post_tag","embeddable":true,"href":"https:\/\/semmelweis.hu\/pbi\/wp-json\/wp\/v2\/tags?post=193"}],"curies":[{"name":"wp","href":"https:\/\/api.w.org\/{rel}","templated":true}]}}