{"id":149,"date":"2025-05-21T12:07:24","date_gmt":"2025-05-21T10:07:24","guid":{"rendered":"https:\/\/semmelweis.hu\/pbi\/?page_id=149"},"modified":"2025-05-21T12:18:29","modified_gmt":"2025-05-21T10:18:29","slug":"hpsg-iranyelvek","status":"publish","type":"page","link":"https:\/\/semmelweis.hu\/pbi\/betegellatas\/hpsg-iranyelvek\/","title":{"rendered":"HPSG ir\u00e1nyelvek"},"content":{"rendered":"<h2 style=\"text-align: center;margin-bottom: 1rem\">Magyar Hasny\u00e1lmirigy Munkacsoport \u2013 Ir\u00e1nyelvek<\/h2>\n<p style=\"max-width: 800px;margin: 0 auto 1.5rem auto;text-align: justify\">A HPSG 2015-ben c\u00e9lul t\u0171zte ki, hogy az akkor el\u00e9rhet\u0151 evidenci\u00e1kat alapul v\u00e9ve a hasny\u00e1lmirigy betegs\u00e9gek vonatkoz\u00e1s\u00e1ban EBM-alap\u00fa ir\u00e1nyelveket fogalmazzon meg.<\/p>\n<h3 style=\"text-align: center;margin-top: 2rem\">Konszenzus tal\u00e1lkoz\u00f3 vide\u00f3<\/h3>\n<div style=\"justify-content: center;margin-bottom: 2rem\"><iframe loading=\"lazy\" src=\"https:\/\/www.youtube.com\/embed\/_fK_79wtknU\" width=\"560\" height=\"315\"><\/iframe><\/div>\n<h3 style=\"text-align: center;margin-bottom: 1rem\">Let\u00f6lthet\u0151 szakmai ir\u00e1nyelvek<\/h3>\n<ul style=\"max-width: 800px;margin: 0 auto;list-style-type: none;padding: 0;line-height: 1.8\">\n<li><a href=\"https:\/\/semmelweis.hu\/pbi\/files\/2025\/05\/akut-pancreatitis-1114102316.pdf\" target=\"_blank\" rel=\"noopener\">\ud83d\udd39 Akut pancreatitis \u2013 bizony\u00edt\u00e9kon alapul\u00f3 ir\u00e1nyelvek<\/a><\/li>\n<li><a href=\"https:\/\/semmelweis.hu\/pbi\/files\/2025\/05\/kronikus-pancreatitis-1113114319.pdf\" target=\"_blank\" rel=\"noopener\">\ud83d\udd39 Kr\u00f3nikus pancreatitis \u2013 bizony\u00edt\u00e9kon alapul\u00f3 ir\u00e1nyelvek<\/a><\/li>\n<li><a href=\"https:\/\/semmelweis.hu\/pbi\/files\/2025\/05\/gyermekkori-pancreatitis-1201084946.pdf\" target=\"_blank\" rel=\"noopener\">\ud83d\udd39 Gyermekkori pancreatitis \u2013 bizony\u00edt\u00e9kon alapul\u00f3 ir\u00e1nyelvek<\/a><\/li>\n<li><a href=\"https:\/\/semmelweis.hu\/pbi\/files\/2025\/05\/autoimmun-pancreatitis-0223084109.pdf\" target=\"_blank\" rel=\"noopener\">\ud83d\udd39 Autoimmun pancreatitis \u2013 bizony\u00edt\u00e9kon alapul\u00f3 ir\u00e1nyelvek<\/a><\/li>\n<li><a href=\"https:\/\/semmelweis.hu\/pbi\/files\/2025\/05\/pankreaszrak-0223084052.pdf\" target=\"_blank\" rel=\"noopener\">\ud83d\udd39 Pancreasr\u00e1k \u2013 bizony\u00edt\u00e9kon alapul\u00f3 ir\u00e1nyelvek<\/a><\/li>\n<\/ul>\n","protected":false},"excerpt":{"rendered":"<p>Magyar Hasny\u00e1lmirigy Munkacsoport \u2013 Ir\u00e1nyelvek<br \/>\nA HPSG 2015-ben c\u00e9lul t\u0171zte ki, hogy az akkor el\u00e9rhet\u0151 evidenci\u00e1kat alapul v\u00e9ve a hasny\u00e1lmirigy betegs\u00e9gek vonatkoz\u00e1s\u00e1ban EBM-alap\u00fa ir\u00e1nyelveket fogalmazzon meg.<br \/>\nKonszenzus tal\u00e1lkoz\u00f3 vide\u00f3<\/p>\n<p>Let\u00f6lthet\u0151 szakmai ir\u00e1nyelvek<\/p>\n<p><a href=\"https:\/\/semmelweis.hu\/pbi\/files\/2025\/05\/akut-pancreatitis-1114102316.pdf\" target=\"_blank\" rel=\"noopener\">\ud83d\udd39 Akut pancreatitis \u2013 bizony\u00edt\u00e9kon alapul\u00f3 ir\u00e1nyelvek<\/a><br \/>\n<a href=\"https:\/\/semmelweis.hu\/pbi\/files\/2025\/05\/kronikus-pancreatitis-1113114319.pdf\" target=\"_blank\" rel=\"noopener\">\ud83d\udd39 Kr\u00f3nikus pancreatitis \u2013 bizony\u00edt\u00e9kon alapul\u00f3 ir\u00e1nyelvek<\/a><br \/>\n<a href=\"https:\/\/semmelweis.hu\/pbi\/files\/2025\/05\/gyermekkori-pancreatitis-1201084946.pdf\" target=\"_blank\" rel=\"noopener\">\ud83d\udd39 Gyermekkori pancreatitis \u2013 bizony\u00edt\u00e9kon alapul\u00f3 ir\u00e1nyelvek<\/a><br \/>\n<a href=\"https:\/\/semmelweis.hu\/pbi\/files\/2025\/05\/autoimmun-pancreatitis-0223084109.pdf\" target=\"_blank\" rel=\"noopener\">\ud83d\udd39 Autoimmun pancreatitis \u2013 bizony\u00edt\u00e9kon alapul\u00f3 ir\u00e1nyelvek<\/a><br \/>\n<a href=\"https:\/\/semmelweis.hu\/pbi\/files\/2025\/05\/pankreaszrak-0223084052.pdf\" target=\"_blank\" rel=\"noopener\">\ud83d\udd39 Pancreasr\u00e1k \u2013 bizony\u00edt\u00e9kon alapul\u00f3 ir\u00e1nyelvek<\/a><\/p>\n","protected":false},"author":101929,"featured_media":0,"parent":128,"menu_order":0,"comment_status":"closed","ping_status":"closed","template":"","meta":{"_acf_changed":false,"footnotes":""},"categories":[],"tags":[],"class_list":["post-149","page","type-page","status-publish","hentry"],"acf":[],"_links":{"self":[{"href":"https:\/\/semmelweis.hu\/pbi\/wp-json\/wp\/v2\/pages\/149","targetHints":{"allow":["GET"]}}],"collection":[{"href":"https:\/\/semmelweis.hu\/pbi\/wp-json\/wp\/v2\/pages"}],"about":[{"href":"https:\/\/semmelweis.hu\/pbi\/wp-json\/wp\/v2\/types\/page"}],"author":[{"embeddable":true,"href":"https:\/\/semmelweis.hu\/pbi\/wp-json\/wp\/v2\/users\/101929"}],"replies":[{"embeddable":true,"href":"https:\/\/semmelweis.hu\/pbi\/wp-json\/wp\/v2\/comments?post=149"}],"version-history":[{"count":1,"href":"https:\/\/semmelweis.hu\/pbi\/wp-json\/wp\/v2\/pages\/149\/revisions"}],"predecessor-version":[{"id":155,"href":"https:\/\/semmelweis.hu\/pbi\/wp-json\/wp\/v2\/pages\/149\/revisions\/155"}],"up":[{"embeddable":true,"href":"https:\/\/semmelweis.hu\/pbi\/wp-json\/wp\/v2\/pages\/128"}],"wp:attachment":[{"href":"https:\/\/semmelweis.hu\/pbi\/wp-json\/wp\/v2\/media?parent=149"}],"wp:term":[{"taxonomy":"category","embeddable":true,"href":"https:\/\/semmelweis.hu\/pbi\/wp-json\/wp\/v2\/categories?post=149"},{"taxonomy":"post_tag","embeddable":true,"href":"https:\/\/semmelweis.hu\/pbi\/wp-json\/wp\/v2\/tags?post=149"}],"curies":[{"name":"wp","href":"https:\/\/api.w.org\/{rel}","templated":true}]}}