{"id":128,"date":"2025-05-21T11:03:47","date_gmt":"2025-05-21T09:03:47","guid":{"rendered":"https:\/\/semmelweis.hu\/pbi\/?page_id=128"},"modified":"2025-11-24T09:31:37","modified_gmt":"2025-11-24T08:31:37","slug":"betegellatas","status":"publish","type":"page","link":"https:\/\/semmelweis.hu\/pbi\/betegellatas\/","title":{"rendered":"Betegell\u00e1t\u00e1s"},"content":{"rendered":"<h1 style=\"text-align: justify\" data-start=\"304\" data-end=\"357\"><strong data-start=\"306\" data-end=\"357\">Betegell\u00e1t\u00e1s a Pankre\u00e1sz Betegs\u00e9gek Int\u00e9zet\u00e9ben<\/strong><\/h1>\n<p style=\"text-align: justify\" data-start=\"359\" data-end=\"741\">A Semmelweis Egyetem Pankre\u00e1sz Betegs\u00e9gek Int\u00e9zete (1083 Budapest, T\u00f6m\u0151 utca 25\u201329.) orsz\u00e1gos jelent\u0151s\u00e9g\u0171, multidiszciplin\u00e1ris ell\u00e1t\u00f3hely, amely <strong data-start=\"504\" data-end=\"528\">30 fekv\u0151beteg \u00e1ggyal<\/strong>, kiemelt monitoroz\u00e1s\u00fa k\u00f3rtermekkel \u00e9s nagy forgalm\u00fa j\u00e1r\u00f3beteg-szakrendel\u00e9sekkel m\u0171k\u00f6dik. Az int\u00e9zetben \u00e9vente t\u00f6bb ezer akut \u00e9s kr\u00f3nikus hasny\u00e1lmirigy-beteg, valamint pancreas daganatos p\u00e1ciens ell\u00e1t\u00e1sa t\u00f6rt\u00e9nik.<\/p>\n<p style=\"text-align: justify\" data-start=\"743\" data-end=\"1270\">A betegell\u00e1t\u00e1s az akut \u00e9s kr\u00f3nikus pankreatitisz, valamint a pancreas daganatok teljes diagnosztikai \u00e9s ter\u00e1pi\u00e1s spektrum\u00e1ra kiterjed. <strong data-start=\"878\" data-end=\"907\">Akut pankreatitisz eset\u00e9n<\/strong> Budapest \u00e9s kb. <strong data-start=\"924\" data-end=\"948\">100 km-es k\u00f6rzet\u00e9b\u0151l<\/strong> fogadjuk a s\u00fcrg\u0151s beutal\u00e1sokat; a diagnosztikus felt\u00e9telek teljes\u00fcl\u00e9se \u00e9s szabad kapacit\u00e1s eset\u00e9n <strong data-start=\"1047\" data-end=\"1079\">a beteget azonnal felvessz\u00fck<\/strong>.<br data-start=\"1080\" data-end=\"1083\" \/><br \/>\n<strong data-start=\"1083\" data-end=\"1123\">Hasny\u00e1lmirigy-daganat gyan\u00faja eset\u00e9n<\/strong> lakhelyt\u0151l f\u00fcggetlen\u00fcl biztos\u00edtunk <strong data-start=\"1159\" data-end=\"1197\">r\u00f6vid hat\u00e1rid\u0151s ambul\u00e1ns id\u0151pontot<\/strong>, \u00e9s minden \u00faj esetet <strong data-start=\"1219\" data-end=\"1253\">multidiszciplin\u00e1ris team (MDT)<\/strong> el\u00e9 terjeszt\u00fcnk.<\/p>\n<p style=\"text-align: justify\" data-start=\"1272\" data-end=\"1631\">Kiemelt profiljaink az ERCP \u00e9s EUS vizsg\u00e1latok, a pancreas cyst\u00e1k endoszk\u00f3pos ell\u00e1t\u00e1sa, valamint a <strong data-start=\"1371\" data-end=\"1411\">molekul\u00e1ris genetikai karakteriz\u00e1l\u00e1s<\/strong>, amely a prec\u00edzi\u00f3s onkol\u00f3giai d\u00f6nt\u00e9shozatalt alapozza meg. Int\u00e9zet\u00fcnkben a <strong data-start=\"1487\" data-end=\"1511\">4\/7 ell\u00e1t\u00e1si alapelv<\/strong> szerint t\u00f6reksz\u00fcnk arra, hogy a sz\u00f6vettani diagn\u00f3zis <strong data-start=\"1565\" data-end=\"1582\">4 napon bel\u00fcl<\/strong>, a kezel\u00e9s pedig <strong data-start=\"1600\" data-end=\"1617\">7 napon bel\u00fcl<\/strong> megkezd\u0151dj\u00f6n.<\/p>\n<p style=\"text-align: justify\" data-start=\"1633\" data-end=\"1846\">J\u00e1r\u00f3beteg- \u00e9s fekv\u0151beteg-ell\u00e1t\u00e1sunk a <strong data-start=\"1671\" data-end=\"1707\">24\/7-ben m\u0171k\u00f6d\u0151 Hotline rendszer<\/strong>, valamint az int\u00e9zet k\u00f6zponti el\u00e9rhet\u0151s\u00e9gei \u00fatj\u00e1n \u00e9rhet\u0151 el:<br data-start=\"1768\" data-end=\"1771\" \/><br \/>\n\ud83d\udcde <strong data-start=\"1774\" data-end=\"1786\">Hotline:<\/strong> 06 30 \/ 016 4414<br data-start=\"1803\" data-end=\"1806\" \/><br \/>\n\ud83d\udce7 <strong data-start=\"1809\" data-end=\"1846\"><a class=\"decorated-link cursor-pointer\" rel=\"noopener\">pankreasz.titkarsag@semmelweis.hu<\/a><\/strong><\/p>\n","protected":false},"excerpt":{"rendered":"<p>Betegell\u00e1t\u00e1s a Pankre\u00e1sz Betegs\u00e9gek Int\u00e9zet\u00e9ben A Semmelweis Egyetem Pankre\u00e1sz Betegs\u00e9gek Int\u00e9zete (1083 Budapest, T\u00f6m\u0151 utca 25\u201329.) orsz\u00e1gos jelent\u0151s\u00e9g\u0171, multidiszciplin\u00e1ris ell\u00e1t\u00f3hely, amely 30 fekv\u0151beteg \u00e1ggyal, kiemelt monitoroz\u00e1s\u00fa k\u00f3rtermekkel \u00e9s nagy forgalm\u00fa j\u00e1r\u00f3beteg-szakrendel\u00e9sekkel m\u0171k\u00f6dik. Az int\u00e9zetben \u00e9vente t\u00f6bb ezer akut \u00e9s kr\u00f3nikus hasny\u00e1lmirigy-beteg, valamint pancreas daganatos p\u00e1ciens ell\u00e1t\u00e1sa t\u00f6rt\u00e9nik. A betegell\u00e1t\u00e1s az akut \u00e9s kr\u00f3nikus pankreatitisz, valamint &hellip;<\/p>\n","protected":false},"author":101929,"featured_media":0,"parent":0,"menu_order":0,"comment_status":"closed","ping_status":"closed","template":"","meta":{"_acf_changed":false,"footnotes":""},"categories":[],"tags":[],"class_list":["post-128","page","type-page","status-publish","hentry"],"acf":[],"_links":{"self":[{"href":"https:\/\/semmelweis.hu\/pbi\/wp-json\/wp\/v2\/pages\/128","targetHints":{"allow":["GET"]}}],"collection":[{"href":"https:\/\/semmelweis.hu\/pbi\/wp-json\/wp\/v2\/pages"}],"about":[{"href":"https:\/\/semmelweis.hu\/pbi\/wp-json\/wp\/v2\/types\/page"}],"author":[{"embeddable":true,"href":"https:\/\/semmelweis.hu\/pbi\/wp-json\/wp\/v2\/users\/101929"}],"replies":[{"embeddable":true,"href":"https:\/\/semmelweis.hu\/pbi\/wp-json\/wp\/v2\/comments?post=128"}],"version-history":[{"count":3,"href":"https:\/\/semmelweis.hu\/pbi\/wp-json\/wp\/v2\/pages\/128\/revisions"}],"predecessor-version":[{"id":188,"href":"https:\/\/semmelweis.hu\/pbi\/wp-json\/wp\/v2\/pages\/128\/revisions\/188"}],"wp:attachment":[{"href":"https:\/\/semmelweis.hu\/pbi\/wp-json\/wp\/v2\/media?parent=128"}],"wp:term":[{"taxonomy":"category","embeddable":true,"href":"https:\/\/semmelweis.hu\/pbi\/wp-json\/wp\/v2\/categories?post=128"},{"taxonomy":"post_tag","embeddable":true,"href":"https:\/\/semmelweis.hu\/pbi\/wp-json\/wp\/v2\/tags?post=128"}],"curies":[{"name":"wp","href":"https:\/\/api.w.org\/{rel}","templated":true}]}}

Betegellátás

<h1 style="text-align: justify" data-start="304" data-end="357"><strong data-start="306" data-end="357">Betegellátás a Pankreász Betegségek Intézetében</strong></h1>
<p style="text-align: justify" data-start="359" data-end="741">A Semmelweis Egyetem Pankreász Betegségek Intézete (1083 Budapest, Tömő utca 25–29.) országos jelentőségű, multidiszciplináris ellátóhely, amely <strong data-start="504" data-end="528">30 fekvőbeteg ággyal</strong>, kiemelt monitorozású kórtermekkel és nagy forgalmú járóbeteg-szakrendelésekkel működik. Az intézetben évente több ezer akut és krónikus hasnyálmirigy-beteg, valamint pancreas daganatos páciens ellátása történik.</p>
<p style="text-align: justify" data-start="743" data-end="1270">A betegellátás az akut és krónikus pankreatitisz, valamint a pancreas daganatok teljes diagnosztikai és terápiás spektrumára kiterjed. <strong data-start="878" data-end="907">Akut pankreatitisz esetén</strong> Budapest és kb. <strong data-start="924" data-end="948">100 km-es körzetéből</strong> fogadjuk a sürgős beutalásokat; a diagnosztikus feltételek teljesülése és szabad kapacitás esetén <strong data-start="1047" data-end="1079">a beteget azonnal felvesszük</strong>.<br data-start="1080" data-end="1083" /><br />
<strong data-start="1083" data-end="1123">Hasnyálmirigy-daganat gyanúja esetén</strong> lakhelytől függetlenül biztosítunk <strong data-start="1159" data-end="1197">rövid határidős ambuláns időpontot</strong>, és minden új esetet <strong data-start="1219" data-end="1253">multidiszciplináris team (MDT)</strong> elé terjesztünk.</p>
<p style="text-align: justify" data-start="1272" data-end="1631">Kiemelt profiljaink az ERCP és EUS vizsgálatok, a pancreas cysták endoszkópos ellátása, valamint a <strong data-start="1371" data-end="1411">molekuláris genetikai karakterizálás</strong>, amely a precíziós onkológiai döntéshozatalt alapozza meg. Intézetünkben a <strong data-start="1487" data-end="1511">4/7 ellátási alapelv</strong> szerint törekszünk arra, hogy a szövettani diagnózis <strong data-start="1565" data-end="1582">4 napon belül</strong>, a kezelés pedig <strong data-start="1600" data-end="1617">7 napon belül</strong> megkezdődjön.</p>
<p style="text-align: justify" data-start="1633" data-end="1846">Járóbeteg- és fekvőbeteg-ellátásunk a <strong data-start="1671" data-end="1707">24/7-ben működő Hotline rendszer</strong>, valamint az intézet központi elérhetőségei útján érhető el:<br data-start="1768" data-end="1771" /><br />
📞 <strong data-start="1774" data-end="1786">Hotline:</strong> 06 30 / 016 4414<br data-start="1803" data-end="1806" /><br />
📧 <strong data-start="1809" data-end="1846"><a class="decorated-link cursor-pointer" rel="noopener">pankreasz.titkarsag@semmelweis.hu</a></strong></p>

<p>Betegellátás a Pankreász Betegségek Intézetében A Semmelweis Egyetem Pankreász Betegségek Intézete (1083 Budapest, Tömő utca 25–29.) országos jelentőségű, multidiszciplináris ellátóhely, amely 30 fekvőbeteg ággyal, kiemelt monitorozású kórtermekkel és nagy forgalmú járóbeteg-szakrendelésekkel működik. Az intézetben évente több ezer akut és krónikus hasnyálmirigy-beteg, valamint pancreas daganatos páciens ellátása történik. A betegellátás az akut és krónikus pankreatitisz, valamint &hellip;</p>
