{"id":117,"date":"2024-07-17T11:46:44","date_gmt":"2024-07-17T09:46:44","guid":{"rendered":"https:\/\/semmelweis.hu\/pbi\/?page_id=117"},"modified":"2024-07-17T11:47:02","modified_gmt":"2024-07-17T09:47:02","slug":"gyogytornasz","status":"publish","type":"page","link":"https:\/\/semmelweis.hu\/pbi\/karrier\/gyogytornasz\/","title":{"rendered":"Gy\u00f3gytorn\u00e1sz"},"content":{"rendered":"<p>A meghirdetett \u00e1ll\u00e1s hybrid <em>(klinikai betegell\u00e1t\u00e1s + PhD hallgat\u00f3)<\/em> gy\u00f3gytorn\u00e1sz \u00e1ll\u00e1s. Az els\u0151 \u00e9vben f\u00e9l\u00e1ll\u00e1s\u00fa munkaviszony \u00e9s nappali tagozatos PhD hallgat\u00f3i st\u00e1tuszban t\u00f6rt\u00e9nik munkav\u00e9gz\u00e9s.<\/p>\n<p>M\u00e1sodik \u00e9vt\u0151l teljes \u00e1ll\u00e1s\u00fa gy\u00f3gytorn\u00e1sz munkaviszony mellett nappali tagozatos PhD hallgat\u00f3i st\u00e1tuszban folytat\u00f3dik a munkav\u00e9gz\u00e9s.<\/p>\n<p>A munkak\u00f6r bet\u00f6lt\u00e9s\u00e9hez angol nyelvtud\u00e1s sz\u00fcks\u00e9ges.<\/p>\n<p>A betegell\u00e1t\u00e1s sor\u00e1n szakmai tud\u00e1sa, gyakorlata \u00e9s kompetenci\u00e1ja szerint v\u00e9gzi az gy\u00f3gytorn\u00e1sz tev\u00e9kenys\u00e9geket. Szakmai kommunik\u00e1ci\u00f3t folytat a beteggel \u00e9s sz\u00fcks\u00e9ges eset\u00e9n a hozz\u00e1tartoz\u00f3j\u00e1val. A beteg ig\u00e9nyeinek megfelel\u0151en v\u00e9gez fizioter\u00e1pi\u00e1s felm\u00e9r\u00e9st \u00e9s torn\u00e1t. Kompetencia szintj\u00e9nek megfelel\u0151en k\u00f6zrem\u0171k\u00f6dik a prevenci\u00f3ban, eg\u00e9szs\u00e9gnevel\u0151 tev\u00e9kenys\u00e9gben, eduk\u00e1ci\u00f3ban \u00e9s rehabilit\u00e1ci\u00f3ban. Eg\u00e9szs\u00e9g\u00fcgyi dokument\u00e1ci\u00f3t vezet az \u00e9rv\u00e9nyben l\u00e9v\u0151 jogszab\u00e1lyban meghat\u00e1rozott el\u0151\u00edr\u00e1sok szerint.<\/p>\n<ul>\n<li style=\"padding-bottom: 16px\"><strong>V\u00e9gzetts\u00e9g szintje:<\/strong> Gy\u00f3gytorn\u00e1sz-fizioterapeuta MSc v\u00e9gzetts\u00e9g.<\/li>\n<li><strong>El\u0151nyt jelent:<\/strong>\u00a0\n<ul>\n<li>Az al\u00e1bbi infromatikai rendszerek ismerete: <br \/>\nMicrosoft Windows, Excel, PowerPoint,MedSol illetve NutriComp.<\/li>\n<li>Empatikus hozz\u00e1\u00e1ll\u00e1s a koll\u00e9g\u00e1khoz \u00e9s a betegekhez.<\/li>\n<li>J\u00f3 kommunik\u00e1ci\u00f3s k\u00e9szs\u00e9gek alkalmaz\u00e1sa<\/li>\n<li style=\"padding-bottom: 16px\">\u00a0Rugalmass\u00e1g, Probl\u00e9mamegold\u00f3 k\u00e9szs\u00e9g, Fejl\u0151d\u0151k\u00e9pess\u00e9g.<\/li>\n<\/ul>\n<\/li>\n<li><strong>A munkak\u00f6r bet\u00f6lthet\u0151s\u00e9g\u00e9nek id\u0151pontja:<\/strong> 2024.08.15.<\/li>\n<li><strong>A jogviszony id\u0151tartama:<\/strong> hat\u00e1rozatlan<\/li>\n<li><strong>A foglalkoztat\u00e1s jellege:<\/strong> teljes munkaid\u0151<\/li>\n<li style=\"padding-bottom: 16px\"><strong>A munkav\u00e9gz\u00e9s helye:<\/strong> 1083. Budapest, T\u00f6m\u0151 utca 25-29<\/li>\n<li style=\"padding-bottom: 16px\"><strong>Jelntkezni az al\u00e1bbi emial c\u00edmen lehet:<\/strong> <a href=\"mailto:rajci.ildiko@semmelweis.hu\" target=\"_blank\" rel=\"noopener\"> rajci.ildiko@semmelweis.hu<\/a><\/li>\n<li style=\"padding-bottom: 16px\"><strong>A munk\u00e1ltat\u00f3val kapcsolatban tov\u00e1bbi inform\u00e1ci\u00f3t az al\u00e1bbi weboldalon tal\u00e1lhatnak:<\/strong> <a href=\"https:\/\/semmelweis.hu\/pbi\/\">https:\/\/semmelweis.hu\/pbi\/<\/a><\/li>\n<li><strong>Csatoland\u00f3 dokumentumok:<\/strong>\n<ul>\n<li>K\u00e9pes szakmai \u00f6n\u00e9letrajz<\/li>\n<li>K\u00e9pes\u00edt\u00e9st igazol\u00f3 okiratok m\u00e1solata<\/li>\n<\/ul>\n<\/li>\n<\/ul>\n","protected":false},"excerpt":{"rendered":"<p>A meghirdetett \u00e1ll\u00e1s hybrid (klinikai betegell\u00e1t\u00e1s + PhD hallgat\u00f3) gy\u00f3gytorn\u00e1sz \u00e1ll\u00e1s. Az els\u0151 \u00e9vben f\u00e9l\u00e1ll\u00e1s\u00fa munkaviszony \u00e9s nappali tagozatos PhD hallgat\u00f3i st\u00e1tuszban t\u00f6rt\u00e9nik munkav\u00e9gz\u00e9s. M\u00e1sodik \u00e9vt\u0151l teljes \u00e1ll\u00e1s\u00fa gy\u00f3gytorn\u00e1sz munkaviszony mellett nappali tagozatos PhD hallgat\u00f3i st\u00e1tuszban folytat\u00f3dik a munkav\u00e9gz\u00e9s. A munkak\u00f6r bet\u00f6lt\u00e9s\u00e9hez angol nyelvtud\u00e1s sz\u00fcks\u00e9ges. A betegell\u00e1t\u00e1s sor\u00e1n szakmai tud\u00e1sa, gyakorlata \u00e9s kompetenci\u00e1ja szerint v\u00e9gzi &hellip;<\/p>\n","protected":false},"author":102359,"featured_media":0,"parent":22,"menu_order":0,"comment_status":"closed","ping_status":"closed","template":"","meta":{"_acf_changed":false,"footnotes":""},"categories":[],"tags":[],"class_list":["post-117","page","type-page","status-publish","hentry"],"acf":[],"_links":{"self":[{"href":"https:\/\/semmelweis.hu\/pbi\/wp-json\/wp\/v2\/pages\/117","targetHints":{"allow":["GET"]}}],"collection":[{"href":"https:\/\/semmelweis.hu\/pbi\/wp-json\/wp\/v2\/pages"}],"about":[{"href":"https:\/\/semmelweis.hu\/pbi\/wp-json\/wp\/v2\/types\/page"}],"author":[{"embeddable":true,"href":"https:\/\/semmelweis.hu\/pbi\/wp-json\/wp\/v2\/users\/102359"}],"replies":[{"embeddable":true,"href":"https:\/\/semmelweis.hu\/pbi\/wp-json\/wp\/v2\/comments?post=117"}],"version-history":[{"count":3,"href":"https:\/\/semmelweis.hu\/pbi\/wp-json\/wp\/v2\/pages\/117\/revisions"}],"predecessor-version":[{"id":120,"href":"https:\/\/semmelweis.hu\/pbi\/wp-json\/wp\/v2\/pages\/117\/revisions\/120"}],"up":[{"embeddable":true,"href":"https:\/\/semmelweis.hu\/pbi\/wp-json\/wp\/v2\/pages\/22"}],"wp:attachment":[{"href":"https:\/\/semmelweis.hu\/pbi\/wp-json\/wp\/v2\/media?parent=117"}],"wp:term":[{"taxonomy":"category","embeddable":true,"href":"https:\/\/semmelweis.hu\/pbi\/wp-json\/wp\/v2\/categories?post=117"},{"taxonomy":"post_tag","embeddable":true,"href":"https:\/\/semmelweis.hu\/pbi\/wp-json\/wp\/v2\/tags?post=117"}],"curies":[{"name":"wp","href":"https:\/\/api.w.org\/{rel}","templated":true}]}}

Gyógytornász

<p>A meghirdetett állás hybrid <em>(klinikai betegellátás + PhD hallgató)</em> gyógytornász állás. Az első évben félállású munkaviszony és nappali tagozatos PhD hallgatói státuszban történik munkavégzés.</p>
<p>Második évtől teljes állású gyógytornász munkaviszony mellett nappali tagozatos PhD hallgatói státuszban folytatódik a munkavégzés.</p>
<p>A munkakör betöltéséhez angol nyelvtudás szükséges.</p>
<p>A betegellátás során szakmai tudása, gyakorlata és kompetenciája szerint végzi az gyógytornász tevékenységeket. Szakmai kommunikációt folytat a beteggel és szükséges esetén a hozzátartozójával. A beteg igényeinek megfelelően végez fizioterápiás felmérést és tornát. Kompetencia szintjének megfelelően közreműködik a prevencióban, egészségnevelő tevékenységben, edukációban és rehabilitációban. Egészségügyi dokumentációt vezet az érvényben lévő jogszabályban meghatározott előírások szerint.</p>
<ul>
<li style="padding-bottom: 16px"><strong>Végzettség szintje:</strong> Gyógytornász-fizioterapeuta MSc végzettség.</li>
<li><strong>Előnyt jelent:</strong> 
<ul>
<li>Az alábbi infromatikai rendszerek ismerete: <br />
Microsoft Windows, Excel, PowerPoint,MedSol illetve NutriComp.</li>
<li>Empatikus hozzáállás a kollégákhoz és a betegekhez.</li>
<li>Jó kommunikációs készségek alkalmazása</li>
<li style="padding-bottom: 16px"> Rugalmasság, Problémamegoldó készség, Fejlődőképesség.</li>
</ul>
</li>
<li><strong>A munkakör betölthetőségének időpontja:</strong> 2024.08.15.</li>
<li><strong>A jogviszony időtartama:</strong> határozatlan</li>
<li><strong>A foglalkoztatás jellege:</strong> teljes munkaidő</li>
<li style="padding-bottom: 16px"><strong>A munkavégzés helye:</strong> 1083. Budapest, Tömő utca 25-29</li>
<li style="padding-bottom: 16px"><strong>Jelntkezni az alábbi emial címen lehet:</strong> <a href="mailto:rajci.ildiko@semmelweis.hu" target="_blank" rel="noopener"> rajci.ildiko@semmelweis.hu</a></li>
<li style="padding-bottom: 16px"><strong>A munkáltatóval kapcsolatban további információt az alábbi weboldalon találhatnak:</strong> <a href="https://semmelweis.hu/pbi/">https://semmelweis.hu/pbi/</a></li>
<li><strong>Csatolandó dokumentumok:</strong>
<ul>
<li>Képes szakmai önéletrajz</li>
<li>Képesítést igazoló okiratok másolata</li>
</ul>
</li>
</ul>

<p>A meghirdetett állás hybrid (klinikai betegellátás + PhD hallgató) gyógytornász állás. Az első évben félállású munkaviszony és nappali tagozatos PhD hallgatói státuszban történik munkavégzés. Második évtől teljes állású gyógytornász munkaviszony mellett nappali tagozatos PhD hallgatói státuszban folytatódik a munkavégzés. A munkakör betöltéséhez angol nyelvtudás szükséges. A betegellátás során szakmai tudása, gyakorlata és kompetenciája szerint végzi &hellip;</p>
