{"id":483,"date":"2014-09-01T14:20:04","date_gmt":"2014-09-01T12:20:04","guid":{"rendered":"http:\/\/semmelweis.hu\/patologia2\/?page_id=483"},"modified":"2025-09-04T10:17:25","modified_gmt":"2025-09-04T08:17:25","slug":"klinikopathologiai-kurzus","status":"publish","type":"page","link":"https:\/\/semmelweis.hu\/patologia2\/oktatas\/klinikopathologiai-kurzus\/","title":{"rendered":"Klinikopatol\u00f3giai kurzus -k\u00f6telez\u0151en v\u00e1laszthat\u00f3"},"content":{"rendered":"<p>A Patol\u00f3giai, Igazs\u00e1g\u00fcgyi \u00e9s Biztos\u00edt\u00e1si Orvostani Int\u00e9zetben szervezett klinikopatol\u00f3giai kurzus 4. \u00e9s 5. \u00e9ves orvostanhallgat\u00f3k sz\u00e1m\u00e1ra, val\u00f3s esetmegbesz\u00e9l\u00e9sek seg\u00edts\u00e9g\u00e9vel a mindennapi klinikai tev\u00e9kenys\u00e9g sor\u00e1n n\u00e9lk\u00fcl\u00f6zhetetlen klinikopatol\u00f3giai p\u00e1rbesz\u00e9d megismer\u00e9s\u00e9t szolg\u00e1lja. Az eseteket az adott szakter\u00fcleten tev\u00e9kenyked\u0151 klinikusok \u00e9s patol\u00f3gusok k\u00f6z\u00f6sen mutatj\u00e1k be.<\/p>\n<p>A kurzus a TVSz. szab\u00e1lyainak megfelel\u0151en 10 f\u0151 alatt nem indul.<\/p>\n<p>K\u00f6vetkez\u0151 v\u00e1rhat\u00f3 id\u0151pont: 2026 tavaszi szemeszter<\/p>\n<ul style=\"list-style-type: square\">\n<li><a href=\"https:\/\/semmelweis.hu\/patologia2\/files\/2023\/09\/Klinikopatologiai-Kurzus_tematika_23_24.pdf\">Tematika 2023\/24<\/a><\/li>\n<li><a href=\"https:\/\/semmelweis.hu\/patologia2\/files\/2018\/11\/P\u00e9lda-esetek-2018.pdf\" target=\"_blank\" rel=\"noopener noreferrer\">P\u00e9lda esetek<\/a><\/li>\n<\/ul>\n","protected":false},"excerpt":{"rendered":"<p>A Patol\u00f3giai, Igazs\u00e1g\u00fcgyi \u00e9s Biztos\u00edt\u00e1si Orvostani Int\u00e9zetben szervezett klinikopatol\u00f3giai kurzus 4. \u00e9s 5. \u00e9ves orvostanhallgat\u00f3k sz\u00e1m\u00e1ra, val\u00f3s esetmegbesz\u00e9l\u00e9sek seg\u00edts\u00e9g\u00e9vel a mindennapi klinikai tev\u00e9kenys\u00e9g sor\u00e1n n\u00e9lk\u00fcl\u00f6zhetetlen klinikopatol\u00f3giai p\u00e1rbesz\u00e9d megismer\u00e9s\u00e9t szolg\u00e1lja. Az eseteket az adott szakter\u00fcleten tev\u00e9kenyked\u0151 klinikusok \u00e9s patol\u00f3gusok k\u00f6z\u00f6sen mutatj\u00e1k be. A kurzus a TVSz. szab\u00e1lyainak megfelel\u0151en 10 f\u0151 alatt nem indul. K\u00f6vetkez\u0151 v\u00e1rhat\u00f3 id\u0151pont: &hellip;<\/p>\n","protected":false},"author":294,"featured_media":0,"parent":12,"menu_order":4,"comment_status":"closed","ping_status":"closed","template":"","meta":{"_acf_changed":false,"footnotes":""},"categories":[],"tags":[],"class_list":["post-483","page","type-page","status-publish","hentry"],"acf":[],"_links":{"self":[{"href":"https:\/\/semmelweis.hu\/patologia2\/wp-json\/wp\/v2\/pages\/483","targetHints":{"allow":["GET"]}}],"collection":[{"href":"https:\/\/semmelweis.hu\/patologia2\/wp-json\/wp\/v2\/pages"}],"about":[{"href":"https:\/\/semmelweis.hu\/patologia2\/wp-json\/wp\/v2\/types\/page"}],"author":[{"embeddable":true,"href":"https:\/\/semmelweis.hu\/patologia2\/wp-json\/wp\/v2\/users\/294"}],"replies":[{"embeddable":true,"href":"https:\/\/semmelweis.hu\/patologia2\/wp-json\/wp\/v2\/comments?post=483"}],"version-history":[{"count":12,"href":"https:\/\/semmelweis.hu\/patologia2\/wp-json\/wp\/v2\/pages\/483\/revisions"}],"predecessor-version":[{"id":5309,"href":"https:\/\/semmelweis.hu\/patologia2\/wp-json\/wp\/v2\/pages\/483\/revisions\/5309"}],"up":[{"embeddable":true,"href":"https:\/\/semmelweis.hu\/patologia2\/wp-json\/wp\/v2\/pages\/12"}],"wp:attachment":[{"href":"https:\/\/semmelweis.hu\/patologia2\/wp-json\/wp\/v2\/media?parent=483"}],"wp:term":[{"taxonomy":"category","embeddable":true,"href":"https:\/\/semmelweis.hu\/patologia2\/wp-json\/wp\/v2\/categories?post=483"},{"taxonomy":"post_tag","embeddable":true,"href":"https:\/\/semmelweis.hu\/patologia2\/wp-json\/wp\/v2\/tags?post=483"}],"curies":[{"name":"wp","href":"https:\/\/api.w.org\/{rel}","templated":true}]}}