{"id":3813,"date":"2021-04-09T12:03:23","date_gmt":"2021-04-09T10:03:23","guid":{"rendered":"https:\/\/semmelweis.hu\/patologia2\/?page_id=3813"},"modified":"2021-04-09T12:03:23","modified_gmt":"2021-04-09T10:03:23","slug":"tumorimmunologiai-munkacsoport","status":"publish","type":"page","link":"https:\/\/semmelweis.hu\/patologia2\/kutatas\/tumorimmunologiai-munkacsoport\/","title":{"rendered":"Tumorimmunol\u00f3giai munkacsoport"},"content":{"rendered":"<p><span style=\"font-weight: 400\">A daganatos betegs\u00e9gek, legyenek azok els\u0151dlegesek, vagy \u00e1tt\u00e9tiek, sokszor komoly diagnosztikus, prognosztikus, illetve ter\u00e1pi\u00e1s fejt\u00f6r\u00e9st okoznak az ell\u00e1t\u00e1sban r\u00e9szvev\u0151 valamennyi orvosnak. Jelen korunkra a molekul\u00e1rs patol\u00f3giai vizsg\u00e1l\u00f3m\u00f3dszereknek k\u00f6sz\u00f6nhet\u0151en lehet\u0151s\u00e9g\u00fcnk ny\u00edlt a k\u00fcl\u00f6nf\u00e9le neoplasticus elv\u00e1ltoz\u00e1sok m\u00f6g\u00f6tt rejl\u0151 patofiziol\u00f3giai elt\u00e9r\u00e9sek m\u00e9lys\u00e9gi vizsg\u00e1lat\u00e1ra.<\/span><\/p>\n<p><span style=\"font-weight: 400\"><br \/>\n<\/span><span style=\"font-weight: 400\">A tumor immunol\u00f3giai kutat\u00f3csoport 2019-ben alakult, azzal a c\u00e9llal, hogy a patol\u00f3gi\u00e1san t\u00falvez\u00e9relt gyullad\u00e1s, valamint a malignus daganatok n\u00f6veked\u00e9si mint\u00e1zat\u00e1nak \u00e9s infiltr\u00e1ci\u00f3s k\u00e9pess\u00e9g\u00e9nek \u00f6sszef\u00fcgg\u00e9seit vizsg\u00e1lja. Gyorsan b\u0151v\u00fcl\u0151 kutat\u00f3csoportunk kezdetben colorectalis adenocarcinoma specimeneket vizsg\u00e1lt. 2021-re reperto\u00e1runk m\u00e1r fej-nyaki, pancreas, m\u00e1j \u00e9s neuroendokrin daganatokat is mag\u00e1ba foglal\u00f3 k\u00eds\u00e9rletes projektekkel b\u0151v\u00fclt.\u00a0<\/span><\/p>\n<p><span style=\"font-weight: 400\">Jelen vizsg\u00e1lataink els\u0151sorban a tumorsz\u00f6vetet k\u00f6r\u00fcl\u00f6lel\u0151, valamint azt infiltr\u00e1l\u00f3 immunkomponensek vizsg\u00e1lat\u00e1ra, a l\u00e9trej\u00f6v\u0151 antitumor immunit\u00e1s pontos profiloz\u00e1s\u00e1ra \u00f6sszpontos\u00edtanak. Kiemelt c\u00e9lunk, hogy munk\u00e1nkkal prognosztikus\/diagnosztikus relevanci\u00e1val rendelkez\u0151 elt\u00e9r\u00e9seket t\u00e1rjunk fel, valamint, hogy olyan mechanizmusokat azonos\u00edtsunk, amelyek k\u00e9s\u0151bb farmakonok sz\u00e1m\u00e1ra c\u00e9lpontul szolg\u00e1lhatnak.\u00a0 K\u00eds\u00e9rleteinket ez\u00e9rt alapvet\u0151en transzl\u00e1ci\u00f3s kutat\u00e1sk\u00e9nt szervezz\u00fck, mely mag\u00e1ba foglalja a hum\u00e1n mint\u00e1kban megfigyelt v\u00e1ltoz\u00e1sok in vivo \u00e9s in vitro reprodukci\u00f3j\u00e1t is azok min\u00e9l pontosabb meg\u00e9rt\u00e9se \u00e9rdek\u00e9ben.\u00a0 Munk\u00e1nk sor\u00e1n a Semmelweis Egyetem K\u00fcls\u0151 Klinikai T\u00f6mbj\u00e9nek int\u00e9zm\u00e9nyeivel dolgozunk szoros k\u00f6lcs\u00f6n\u00f6sen hasznos kapcsolatban, ezzel lehet\u0151s\u00e9get teremtve a \u201cbench to bedside\u201d kutat\u00f3munka kivitelez\u00e9s\u00e9re.<\/span><span style=\"font-weight: 400\"><\/p>\n<p><\/span><\/p>\n<p><span style=\"font-weight: 400\">A kutat\u00f3csoport hossz\u00fa t\u00e1v\u00fa TDK munk\u00e1ra fogad hallgat\u00f3kat.<\/span><\/p>\n<p><b>Vezet\u0151 kutat\u00f3<\/b><b><br \/>\n<\/b><a href=\"https:\/\/semmelweis.hu\/telefonkonyv\/?emp_id=14988\"><span style=\"font-weight: 400\">Dr. Budai Andr\u00e1s PhD.<\/span><\/a><\/p>\n<p><b>Pancreatol\u00f3gia \u00e9s hepatol\u00f3gia csoport:<\/b><\/p>\n<p><a href=\"https:\/\/semmelweis.hu\/telefonkonyv\/?emp_id=4036\"><span style=\"font-weight: 400\">Dr. Borka Katalin PhD.<\/span><\/a><b><br \/>\n<\/b><span style=\"font-weight: 400\">N\u00e9meth Krist\u00f3f<\/span><span style=\"font-weight: 400\"><br \/>\n<\/span><span style=\"font-weight: 400\">Czibere Gr\u00e9ta<\/span><\/p>\n<p><b>Neuroendokrin csoport:<\/b><b><br \/>\n<\/b><a href=\"https:\/\/semmelweis.hu\/telefonkonyv\/?emp_id=4036\"><span style=\"font-weight: 400\">Dr. Borka Katalin PhD.<\/span><\/a><\/p>\n<p><span style=\"font-weight: 400\">B\u00e9nyei Erik<\/span><span style=\"font-weight: 400\"><br \/>\n<\/span><span style=\"font-weight: 400\">Per\u00e9nyi Anita Gr\u00e9ta<\/span><\/p>\n<p><b>Gastrointestinalis csoport:<\/b><\/p>\n<p><a href=\"https:\/\/semmelweis.hu\/telefonkonyv\/?emp_id=14986\"><span style=\"font-weight: 400\">Dr. Pencz Bianka<\/span><\/a><span style=\"font-weight: 400\"><br \/>\n<\/span><span style=\"font-weight: 400\">V\u00f6r\u00f6s Jusztina<\/span><\/p>\n<p><b>Fej-nyaki csoport:<\/b><span style=\"font-weight: 400\"><br \/>\n<\/span><a href=\"https:\/\/semmelweis.hu\/telefonkonyv\/?emp_id=6211\"><span style=\"font-weight: 400\">Dr. Hal\u00e1sz Judit\u00a0 PhD.<\/span><\/a><span style=\"font-weight: 400\"><br \/>\n<\/span><span style=\"font-weight: 400\">Lovas No\u00e9mi<\/span><\/p>\n","protected":false},"excerpt":{"rendered":"<p>A daganatos betegs\u00e9gek, legyenek azok els\u0151dlegesek, vagy \u00e1tt\u00e9tiek, sokszor komoly diagnosztikus, prognosztikus, illetve ter\u00e1pi\u00e1s fejt\u00f6r\u00e9st okoznak az ell\u00e1t\u00e1sban r\u00e9szvev\u0151 valamennyi orvosnak. Jelen korunkra a molekul\u00e1rs patol\u00f3giai vizsg\u00e1l\u00f3m\u00f3dszereknek k\u00f6sz\u00f6nhet\u0151en lehet\u0151s\u00e9g\u00fcnk ny\u00edlt a k\u00fcl\u00f6nf\u00e9le neoplasticus elv\u00e1ltoz\u00e1sok m\u00f6g\u00f6tt rejl\u0151 patofiziol\u00f3giai elt\u00e9r\u00e9sek m\u00e9lys\u00e9gi vizsg\u00e1lat\u00e1ra. A tumor immunol\u00f3giai kutat\u00f3csoport 2019-ben alakult, azzal a c\u00e9llal, hogy a patol\u00f3gi\u00e1san t\u00falvez\u00e9relt gyullad\u00e1s, valamint &hellip;<\/p>\n","protected":false},"author":101629,"featured_media":0,"parent":13,"menu_order":0,"comment_status":"closed","ping_status":"closed","template":"","meta":{"_acf_changed":false,"footnotes":""},"categories":[],"tags":[],"class_list":["post-3813","page","type-page","status-publish","hentry"],"acf":[],"_links":{"self":[{"href":"https:\/\/semmelweis.hu\/patologia2\/wp-json\/wp\/v2\/pages\/3813","targetHints":{"allow":["GET"]}}],"collection":[{"href":"https:\/\/semmelweis.hu\/patologia2\/wp-json\/wp\/v2\/pages"}],"about":[{"href":"https:\/\/semmelweis.hu\/patologia2\/wp-json\/wp\/v2\/types\/page"}],"author":[{"embeddable":true,"href":"https:\/\/semmelweis.hu\/patologia2\/wp-json\/wp\/v2\/users\/101629"}],"replies":[{"embeddable":true,"href":"https:\/\/semmelweis.hu\/patologia2\/wp-json\/wp\/v2\/comments?post=3813"}],"version-history":[{"count":1,"href":"https:\/\/semmelweis.hu\/patologia2\/wp-json\/wp\/v2\/pages\/3813\/revisions"}],"predecessor-version":[{"id":3814,"href":"https:\/\/semmelweis.hu\/patologia2\/wp-json\/wp\/v2\/pages\/3813\/revisions\/3814"}],"up":[{"embeddable":true,"href":"https:\/\/semmelweis.hu\/patologia2\/wp-json\/wp\/v2\/pages\/13"}],"wp:attachment":[{"href":"https:\/\/semmelweis.hu\/patologia2\/wp-json\/wp\/v2\/media?parent=3813"}],"wp:term":[{"taxonomy":"category","embeddable":true,"href":"https:\/\/semmelweis.hu\/patologia2\/wp-json\/wp\/v2\/categories?post=3813"},{"taxonomy":"post_tag","embeddable":true,"href":"https:\/\/semmelweis.hu\/patologia2\/wp-json\/wp\/v2\/tags?post=3813"}],"curies":[{"name":"wp","href":"https:\/\/api.w.org\/{rel}","templated":true}]}}