{"id":3800,"date":"2021-04-08T15:32:06","date_gmt":"2021-04-08T13:32:06","guid":{"rendered":"https:\/\/semmelweis.hu\/patologia2\/?page_id=3800"},"modified":"2021-05-04T11:56:29","modified_gmt":"2021-05-04T09:56:29","slug":"korboncolas","status":"publish","type":"page","link":"https:\/\/semmelweis.hu\/patologia2\/diagnosztika\/korboncolas\/","title":{"rendered":"K\u00f3rboncol\u00e1s"},"content":{"rendered":"<p>A k\u00f3rh\u00e1zban elhunytak k\u00f3rboncol\u00e1sa t\u00f6rv\u00e9nyi k\u00f6telezetts\u00e9g\u00fcnk, egyben rendk\u00edv\u00fcl fontos diagnosztikus tev\u00e9kenys\u00e9g, hiszen ez az utols\u00f3 lehet\u0151s\u00e9g arra, hogy az esetleges tiszt\u00e1zatlan orvosi k\u00e9rd\u00e9sekre v\u00e1laszt tal\u00e1ljunk. Int\u00e9zet\u00fcnkben \u00e9vente mintegy 1300 k\u00f3rboncol\u00e1s t\u00f6rt\u00e9nik. Az esetek jelent\u0151s r\u00e9sz\u00e9ben a klinikai \u00e9szlel\u00e9sek \u00e9s a k\u00f3rbonctani diagn\u00f3zisok megegyeznek, azonban id\u0151nk\u00e9nt a k\u00f3rh\u00e1zi kezel\u00e9sek alatt fel nem t\u00e1rt elv\u00e1ltoz\u00e1sokat tal\u00e1lunk. Az okok t\u00f6bbf\u00e9l\u00e9k lehetnek, sokszor sajnos a k\u00f3rh\u00e1zi bennfekv\u00e9s r\u00f6vids\u00e9ge nem ad lehet\u0151s\u00e9get a klinikus koll\u00e9g\u00e1knak arra, hogy a megfelel\u0151 diagn\u00f3zist fel tudj\u00e1k \u00e1ll\u00edtani. M\u00e1skor f\u00e9lrevezet\u0151 t\u00fcnetek, t\u00fcnetmentes betegs\u00e9gek eset\u00e9n t\u00e1r fel a k\u00f3rboncol\u00e1s addig fel nem ismert elt\u00e9r\u00e9seket. A klinikusok sz\u00e1m\u00e1ra k\u00e9rd\u00e9ses, nem egy\u00e9rtelm\u0171 esetekben a k\u00f3rboncol\u00e1son val\u00f3 r\u00e9szv\u00e9tel\u00fckkel a patol\u00f3gussal k\u00f6z\u00f6sen ker\u00fcl tiszt\u00e1z\u00e1sra a betegs\u00e9g lefoly\u00e1sa.<\/p>\n<p>\u00a0<br \/>\nKiemelt szerepet t\u00f6lt be a perinat\u00e1lis k\u00f3rboncol\u00e1s, melyh<img loading=\"lazy\" decoding=\"async\" class=\"wp-image-3894 alignright\" src=\"https:\/\/semmelweis.hu\/patologia2\/files\/2021\/05\/DSC_5674-169x300.jpg\" alt=\"\" width=\"184\" height=\"327\" srcset=\"https:\/\/semmelweis.hu\/patologia2\/files\/2021\/05\/DSC_5674-169x300.jpg 169w, https:\/\/semmelweis.hu\/patologia2\/files\/2021\/05\/DSC_5674-576x1024.jpg 576w, https:\/\/semmelweis.hu\/patologia2\/files\/2021\/05\/DSC_5674-768x1365.jpg 768w, https:\/\/semmelweis.hu\/patologia2\/files\/2021\/05\/DSC_5674-864x1536.jpg 864w, https:\/\/semmelweis.hu\/patologia2\/files\/2021\/05\/DSC_5674-1152x2048.jpg 1152w, https:\/\/semmelweis.hu\/patologia2\/files\/2021\/05\/DSC_5674-scaled.jpg 1440w\" sizes=\"auto, (max-width: 184px) 100vw, 184px\" \/>ez modern, k\u00fcl\u00f6n\u00e1ll\u00f3 perinat\u00e1lis boncasztal \u00e9s eszk\u00f6z\u00f6k ny\u00fajtj\u00e1k a technikai h\u00e1tteret. Az I. sz. Gyermekklinika \u00e9s a Sz\u00fcl\u00e9szeti \u00e9s N\u0151gy\u00f3gy\u00e1szati Klinika Perinat\u00e1lis Intenz\u00edv Centrum\u00e1ban dolgoz\u00f3 klinikus koll\u00e9g\u00e1k csaknem minden esetben r\u00e9szt vesznek a k\u00f3rboncol\u00e1son, mely nagyban seg\u00edti a klinikopatol\u00f3giai \u00f6sszef\u00fcgg\u00e9sek felismer\u00e9s\u00e9t.<\/p>\n<p>A Gottsegen Gy\u00f6rgy Orsz\u00e1gos Kardiovaszkul\u00e1ris Int\u00e9zettel egy\u00fcttm\u0171k\u00f6dve vizsg\u00e1ljuk a komplex sz\u00edvseb\u00e9szeti ell\u00e1t\u00e1s ellen\u00e9re elhunyt betegeket. Az erre szakosodott munkat\u00e1rsaink igen apr\u00f3l\u00e9kos munk\u00e1val t\u00e1rj\u00e1k fel a m\u0171t\u00e9ti szitu\u00e1ci\u00f3t, hogy b\u00e1rmilyen nem v\u00e1rt sz\u00f6v\u0151dm\u00e9nyt felismerjenek.\u00a0<br \/>\nA COVID-19 pand\u00e9mia alatt sajn\u00e1latos m\u00f3don nagy sz\u00e1mban van sz\u00fcks\u00e9g a v\u00edrusfert\u0151z\u00e9s k\u00f6vetkezt\u00e9ben elhunyt betegek k\u00f3rboncol\u00e1s\u00e1ra. Elk\u00fcl\u00f6n\u00edtett, fert\u0151z\u0151 boncterm\u00fcnkben biztons\u00e1gosan, a megfert\u0151z\u0151d\u00e9s vesz\u00e9lye n\u00e9lk\u00fcl tudjuk ezt a munk\u00e1t elv\u00e9gezni.\u00a0<\/p>\n<p>Az \u00c1ltal\u00e1nos Orvosi Kar els\u0151 \u00e9vfolyamfeles harmad\u00e9ves hallgat\u00f3inak minden h\u00e9ten bonctermi gyakorlatot tartunk, melynek sor\u00e1n nagy hangs\u00falyt fektet\u00fcnk a klinikai adatok \u00e9s a patol\u00f3giai \u00e9szleletek integr\u00e1ci\u00f3j\u00e1ra.\u00a0<\/p>\n<p>A Jap\u00e1n Patol\u00f3gus T\u00e1rsas\u00e1ggal egy\u00fcttm\u0171k\u00f6dve nyaranta rendszeresen szervez\u00fcnk egy hetes intenz\u00edv k\u00f3rboncol\u00e1si kurzust jap\u00e1n szakorvosjel\u00f6lteknek, melynek sor\u00e1n a rezidensek elsaj\u00e1t\u00edthatj\u00e1k a boncol\u00e1si technika mellett a jegyz\u0151k\u00f6nyv\u00edr\u00e1s alapjait \u00e9s megismerkedhetnek a klinikopatol\u00f3giai szeml\u00e9lettel.<\/p>\n","protected":false},"excerpt":{"rendered":"<p>A k\u00f3rh\u00e1zban elhunytak k\u00f3rboncol\u00e1sa t\u00f6rv\u00e9nyi k\u00f6telezetts\u00e9g\u00fcnk, egyben rendk\u00edv\u00fcl fontos diagnosztikus tev\u00e9kenys\u00e9g, hiszen ez az utols\u00f3 lehet\u0151s\u00e9g arra, hogy az esetleges tiszt\u00e1zatlan orvosi k\u00e9rd\u00e9sekre v\u00e1laszt tal\u00e1ljunk. Int\u00e9zet\u00fcnkben \u00e9vente mintegy 1300 k\u00f3rboncol\u00e1s t\u00f6rt\u00e9nik. Az esetek jelent\u0151s r\u00e9sz\u00e9ben a klinikai \u00e9szlel\u00e9sek \u00e9s a k\u00f3rbonctani diagn\u00f3zisok megegyeznek, azonban id\u0151nk\u00e9nt a k\u00f3rh\u00e1zi kezel\u00e9sek alatt fel nem t\u00e1rt elv\u00e1ltoz\u00e1sokat tal\u00e1lunk. Az &hellip;<\/p>\n","protected":false},"author":101629,"featured_media":0,"parent":14,"menu_order":0,"comment_status":"closed","ping_status":"closed","template":"","meta":{"_acf_changed":false,"footnotes":""},"categories":[],"tags":[],"class_list":["post-3800","page","type-page","status-publish","hentry"],"acf":[],"_links":{"self":[{"href":"https:\/\/semmelweis.hu\/patologia2\/wp-json\/wp\/v2\/pages\/3800","targetHints":{"allow":["GET"]}}],"collection":[{"href":"https:\/\/semmelweis.hu\/patologia2\/wp-json\/wp\/v2\/pages"}],"about":[{"href":"https:\/\/semmelweis.hu\/patologia2\/wp-json\/wp\/v2\/types\/page"}],"author":[{"embeddable":true,"href":"https:\/\/semmelweis.hu\/patologia2\/wp-json\/wp\/v2\/users\/101629"}],"replies":[{"embeddable":true,"href":"https:\/\/semmelweis.hu\/patologia2\/wp-json\/wp\/v2\/comments?post=3800"}],"version-history":[{"count":5,"href":"https:\/\/semmelweis.hu\/patologia2\/wp-json\/wp\/v2\/pages\/3800\/revisions"}],"predecessor-version":[{"id":3896,"href":"https:\/\/semmelweis.hu\/patologia2\/wp-json\/wp\/v2\/pages\/3800\/revisions\/3896"}],"up":[{"embeddable":true,"href":"https:\/\/semmelweis.hu\/patologia2\/wp-json\/wp\/v2\/pages\/14"}],"wp:attachment":[{"href":"https:\/\/semmelweis.hu\/patologia2\/wp-json\/wp\/v2\/media?parent=3800"}],"wp:term":[{"taxonomy":"category","embeddable":true,"href":"https:\/\/semmelweis.hu\/patologia2\/wp-json\/wp\/v2\/categories?post=3800"},{"taxonomy":"post_tag","embeddable":true,"href":"https:\/\/semmelweis.hu\/patologia2\/wp-json\/wp\/v2\/tags?post=3800"}],"curies":[{"name":"wp","href":"https:\/\/api.w.org\/{rel}","templated":true}]}}