{"id":3763,"date":"2021-04-06T21:00:08","date_gmt":"2021-04-06T19:00:08","guid":{"rendered":"https:\/\/semmelweis.hu\/patologia2\/?page_id=3763"},"modified":"2026-03-27T13:34:53","modified_gmt":"2026-03-27T12:34:53","slug":"neuroendokrin-tumorok-diagnosztikaja","status":"publish","type":"page","link":"https:\/\/semmelweis.hu\/patologia2\/diagnosztika\/neuroendokrin-tumorok-diagnosztikaja\/","title":{"rendered":"Endokrin betegs\u00e9gek diagnosztik\u00e1ja"},"content":{"rendered":"<p>A II. sz. Patol\u00f3giai Int\u00e9zet diagnosztikai \u00e9s tudom\u00e1nyos tev\u00e9kenys\u00e9g\u00e9nek az endocrin betegs\u00e9gek, k\u00fcl\u00f6n\u00f6s tekintettel a neuroendocrin daganatok fontos r\u00e9sze. Az int\u00e9zet\u00fcnk sz\u00e1mos munkat\u00e1rsa r\u00e9szt vesz az I.sz. Seb\u00e9szeti Klinik\u00e1n \u00e9s a Belgy\u00f3gy\u00e1szati \u00e9s Onkol\u00f3giai Klinik\u00e1n kezelt betegek patol\u00f3giai diagnosztik\u00e1j\u00e1ban Borka Katalin \u00e9s Kov\u00e1cs Krist\u00f3f Attila szakmai ir\u00e1ny\u00edt\u00e1sa mellett. R\u00e9szt vesz\u00fcnk a szakmai ir\u00e1nyelvek kidolgoz\u00e1s\u00e1ban \u00e9s tov\u00e1bbk\u00e9pz\u0151 el\u0151ad\u00e1sokkal seg\u00edtj\u00fck a patol\u00f3gus \u00e9s klinikus koll\u00e9g\u00e1k ismereteinek b\u0151v\u00edt\u00e9s\u00e9t.<\/p>\n<p>A Belgy\u00f3gy\u00e1szati \u00e9s Onkol\u00f3giai Klinik\u00e1n, T\u00f3th Mikl\u00f3s \u00e9s Igaz P\u00e9ter Professzor Urak vezet\u00e9s\u00e9vel m\u0171k\u00f6d\u0151 Onko-Team munk\u00e1j\u00e1t Borka \u00e9s Illy\u00e9s Doktorn\u0151k seg\u00edtik. A kor\u00e1bban a II. Belgy\u00f3gy\u00e1szati Klinik\u00e1n tev\u00e9kenyked\u0151 Endokrin r\u00e9szleg, melynek patol\u00f3giai konzulense Borka Katalin volt, 2019-ben elnyerte az Eur\u00f3pai Neuroendokrin Tumor T\u00e1rsas\u00e1g (ENETS, European Neuroendocrine Tumor Society) kiv\u00e1l\u00f3s\u00e1gi centrum (Center of Excellence) c\u00edmet. Igaz P\u00e9ter \u00e9s Pat\u00f3cs Attila Professzor \u00dar vezet\u00e9se alatt tudom\u00e1nyos munk\u00e1t v\u00e9gz\u0151 PhD hallgat\u00f3k munk\u00e1j\u00e1t Borka Tan\u00e1rn\u0151 rendszeresen seg\u00edti \u00e9s sz\u00e1mos k\u00f6z\u00f6s publik\u00e1ci\u00f3 sz\u00fcletett a kooper\u00e1ci\u00f3 keret\u00e9ben.<\/p>\n<p><a href=\"https:\/\/semmelweis.hu\/patologia2\/vizsgalatkeres\/\"><strong>Vizsg\u00e1latk\u00e9r\u0151lapok<\/strong><\/a><\/p>\n<p><strong>MUNKAT\u00c1RSAK<\/strong><\/p>\n<p><span style=\"font-size: 10.0pt;font-family: 'Helvetica',sans-serif;color: #1d2228\"><a href=\"https:\/\/semmelweis.hu\/telefonkonyv\/?emp_id=4036\"><strong><span style=\"font-size: 12pt\">Dr. Borka Katalin<\/span><\/strong><span style=\"font-size: 12pt\"> egyetemi docens<\/span><\/a><br \/>\n<\/span><span style=\"font-size: 12pt\"><span style=\"font-family: Helvetica, sans-serif;color: #1d2228\"><a href=\"https:\/\/semmelweis.hu\/telefonkonyv\/?emp_id=16278\"><strong>Dr. Dobi Dej\u00e1n<\/strong> egyetemi adjunktus<\/a><br \/>\n<a href=\"https:\/\/semmelweis.hu\/telefonkonyv\/?emp_id=14984\"><strong>Dr. Gy\u00f6ngy\u00f6si Benedek<\/strong> egyetemi tan\u00e1rseg\u00e9d<\/a><br \/>\n<\/span><\/span><span style=\"font-size: 12pt\"><span style=\"font-family: Helvetica, sans-serif;color: #1d2228\"><a href=\"https:\/\/semmelweis.hu\/telefonkonyv\/?emp_id=6211\"><strong>Dr. Hal\u00e1sz Judit<\/strong> egyetemi adjunktus<\/a><\/span><span style=\"font-family: Helvetica, sans-serif;color: #1d2228\"><br \/>\n<\/span><span style=\"font-family: Helvetica, sans-serif;color: #1d2228\"><a href=\"https:\/\/semmelweis.hu\/telefonkonyv\/?emp_id=14991\"><strong>Dr. Illy\u00e9s Ildik\u00f3<\/strong> klinikai szakorvos<\/a><br \/>\n<\/span><span style=\"font-family: Helvetica, sans-serif;color: #1d2228\"><a href=\"https:\/\/semmelweis.hu\/telefonkonyv\/?emp_id=4032\"><strong>Dr. Ist\u00f3k Roland<\/strong> klinikai f\u0151orvos<\/a><\/span><span style=\"font-family: Helvetica, sans-serif;color: #1d2228\"><br \/>\n<\/span><span style=\"font-family: Helvetica, sans-serif;color: #1d2228\"><a href=\"https:\/\/semmelweis.hu\/telefonkonyv\/?emp_id=6213\"><strong>Dr. Kov\u00e1cs Attila<\/strong> egyetemi adjunktus<\/a><\/span><span style=\"font-family: Helvetica, sans-serif;color: #1d2228\"><br \/>\n<\/span><span style=\"font-family: Helvetica, sans-serif;color: #1d2228\"><a href=\"https:\/\/semmelweis.hu\/telefonkonyv\/?emp_id=6212\"><strong>Dr. Madaras Lilla<\/strong> egyetemi docens<\/a><\/span><span style=\"color: #1d2228;font-family: Helvetica, sans-serif\"><br \/>\n<\/span><span style=\"font-family: Helvetica, sans-serif;color: #1d2228\"><a href=\"https:\/\/semmelweis.hu\/telefonkonyv\/?emp_id=4037\"><strong>Dr. Sz\u00e9kely Eszter<\/strong> egyetemi docens<\/a><\/span><span style=\"font-family: Helvetica, sans-serif;color: #1d2228\"><br \/>\n<\/span><a href=\"https:\/\/semmelweis.hu\/telefonkonyv\/?emp_id=14989\"><span style=\"font-family: Helvetica, sans-serif;color: #1d2228\"><strong>Dr. V\u00e1rkonyi Tibor<\/strong> egyetemi adjunktus<\/span><\/a><\/span><\/p>\n<p>&nbsp;<\/p>\n","protected":false},"excerpt":{"rendered":"<p>A II. sz. Patol\u00f3giai Int\u00e9zet diagnosztikai \u00e9s tudom\u00e1nyos tev\u00e9kenys\u00e9g\u00e9nek az endocrin betegs\u00e9gek, k\u00fcl\u00f6n\u00f6s tekintettel a neuroendocrin daganatok fontos r\u00e9sze. Az int\u00e9zet\u00fcnk sz\u00e1mos munkat\u00e1rsa r\u00e9szt vesz az I.sz. Seb\u00e9szeti Klinik\u00e1n \u00e9s a Belgy\u00f3gy\u00e1szati \u00e9s Onkol\u00f3giai Klinik\u00e1n kezelt betegek patol\u00f3giai diagnosztik\u00e1j\u00e1ban Borka Katalin \u00e9s Kov\u00e1cs Krist\u00f3f Attila szakmai ir\u00e1ny\u00edt\u00e1sa mellett. R\u00e9szt vesz\u00fcnk a szakmai ir\u00e1nyelvek kidolgoz\u00e1s\u00e1ban \u00e9s &hellip;<\/p>\n","protected":false},"author":101629,"featured_media":0,"parent":14,"menu_order":0,"comment_status":"closed","ping_status":"closed","template":"","meta":{"_acf_changed":false,"footnotes":""},"categories":[],"tags":[],"class_list":["post-3763","page","type-page","status-publish","hentry"],"acf":[],"_links":{"self":[{"href":"https:\/\/semmelweis.hu\/patologia2\/wp-json\/wp\/v2\/pages\/3763","targetHints":{"allow":["GET"]}}],"collection":[{"href":"https:\/\/semmelweis.hu\/patologia2\/wp-json\/wp\/v2\/pages"}],"about":[{"href":"https:\/\/semmelweis.hu\/patologia2\/wp-json\/wp\/v2\/types\/page"}],"author":[{"embeddable":true,"href":"https:\/\/semmelweis.hu\/patologia2\/wp-json\/wp\/v2\/users\/101629"}],"replies":[{"embeddable":true,"href":"https:\/\/semmelweis.hu\/patologia2\/wp-json\/wp\/v2\/comments?post=3763"}],"version-history":[{"count":10,"href":"https:\/\/semmelweis.hu\/patologia2\/wp-json\/wp\/v2\/pages\/3763\/revisions"}],"predecessor-version":[{"id":5418,"href":"https:\/\/semmelweis.hu\/patologia2\/wp-json\/wp\/v2\/pages\/3763\/revisions\/5418"}],"up":[{"embeddable":true,"href":"https:\/\/semmelweis.hu\/patologia2\/wp-json\/wp\/v2\/pages\/14"}],"wp:attachment":[{"href":"https:\/\/semmelweis.hu\/patologia2\/wp-json\/wp\/v2\/media?parent=3763"}],"wp:term":[{"taxonomy":"category","embeddable":true,"href":"https:\/\/semmelweis.hu\/patologia2\/wp-json\/wp\/v2\/categories?post=3763"},{"taxonomy":"post_tag","embeddable":true,"href":"https:\/\/semmelweis.hu\/patologia2\/wp-json\/wp\/v2\/tags?post=3763"}],"curies":[{"name":"wp","href":"https:\/\/api.w.org\/{rel}","templated":true}]}}