{"id":3760,"date":"2021-04-06T20:48:29","date_gmt":"2021-04-06T18:48:29","guid":{"rendered":"https:\/\/semmelweis.hu\/patologia2\/?page_id=3760"},"modified":"2026-03-27T14:02:47","modified_gmt":"2026-03-27T13:02:47","slug":"pancreas-patologia","status":"publish","type":"page","link":"https:\/\/semmelweis.hu\/patologia2\/diagnosztika\/pancreas-patologia\/","title":{"rendered":"Pancreas patol\u00f3gia"},"content":{"rendered":"<p>A pancreas, ampullaris, epe\u00fati elv\u00e1ltoz\u00e1sok vizsg\u00e1lata t\u00f6bb \u00e9vtizede int\u00e9zet\u00fcnk f\u0151 diagnosztikai \u00e9s tudom\u00e1nyos profilja. Munk\u00e1nk \u00f6sszekapcsol\u00f3dik Schaff Zsuzsa Akad\u00e9mikus Asszony \u00e9s Kiss Andr\u00e1s Professzor \u00dar \u00e1ltal vezetett m\u00e1j \u00e9s epe\u00fati betegs\u00e9gekkel foglalkoz\u00f3 munkacsoport tev\u00e9kenys\u00e9g\u00e9vel. Hazai \u00e9s k\u00fclf\u00f6ldi kongresszusokon val\u00f3 szerepl\u00e9sek, tudom\u00e1nyos publik\u00e1ci\u00f3 k\u00f6zl\u00e9se mellett r\u00e9szt vesz\u00fcnk a patol\u00f3gia szakorvosk\u00e9pz\u00e9sben, hazai diagnosztikai protokollok kidolgoz\u00e1s\u00e1ban \u00e9s a magyar orvosok k\u00e9pz\u00e9s\u00e9t szolg\u00e1l\u00f3 sz\u00e1mos szakk\u00f6nyv fejezeteinek elk\u00e9sz\u00edt\u00e9s\u00e9ben.<\/p>\n<p>Az I.sz. Seb\u00e9szeti Klinik\u00e1n \u00e9s a Belgy\u00f3gy\u00e1szati \u00e9s Onkol\u00f3giai Klinik\u00e1n kezelt betegek patol\u00f3giai diagnosztik\u00e1j\u00e1t v\u00e9gezz\u00fck. Szoros kapcsolatban \u00e1llunk a jelenleg a Belgy\u00f3gy\u00e1szati \u00e9s Onkol\u00f3giai Klinik\u00e1n m\u0171k\u00f6d\u0151 Onkol\u00f3giai R\u00e9szleggel \u00e9s r\u00e9szt vesz\u00fcnk az Endokrin Onko-Team munk\u00e1j\u00e1ban is.<\/p>\n<p>A kutat\u00e1sunk sor\u00e1n r\u00e9szletesen foglalkozunk a pancreas daganataival, k\u00fcl\u00f6n\u00f6s tekintettel az \u00fan. IPMN \u00e9s neuroendocrin daganatok patogenezis\u00e9re, egy\u00fcttm\u0171k\u00f6dve Klinikai Genetikai \u00e9s Endokrinol\u00f3giai Laborat\u00f3riumot vezet\u0151 Prof. Dr. Pat\u00f3cs Attil\u00e1val \u00e9s koll\u00e9g\u00e1ival. A pancreatitisek t\u00e9mak\u00f6r\u00e9ben imm\u00e1r t\u00f6bb, mint 10 \u00e9ves kapcsolatban \u00e1llunk Prof. Dr. Hegyi P\u00e9ter szegedi \u00e9s p\u00e9csi munkacsoportj\u00e1val.<\/p>\n<p><a href=\"https:\/\/semmelweis.hu\/patologia2\/vizsgalatkeres\/\"><strong>Vizsg\u00e1latk\u00e9r\u0151lapok<\/strong><\/a><\/p>\n<p><strong>MUNKAT\u00c1RSAK<\/strong><\/p>\n<p>A t\u00e9m\u00e1val kiemelten foglalkoz\u00f3 munkat\u00e1rsak:<\/p>\n<p><a href=\"https:\/\/semmelweis.hu\/telefonkonyv\/?act=mt&amp;inst_id=25&amp;emp_id=4036\">Dr. Borka Katalin egyetemi docens<\/a><\/p>\n<p><span style=\"font-size: 12pt\"><span style=\"font-family: Helvetica, sans-serif;color: #1d2228\"><a href=\"https:\/\/semmelweis.hu\/telefonkonyv\/?emp_id=14991\">Dr. Illy\u00e9s Ildik\u00f3 klinikai szakorvos<\/a><\/span><\/span><\/p>\n<p>Tov\u00e1bbi munkat\u00e1rsak:<\/p>\n<p><span style=\"font-size: 12pt\"><a href=\"https:\/\/semmelweis.hu\/telefonkonyv\/?emp_id=16278\"><strong>Dr. Dobi Dej\u00e1n<\/strong> egyetemi adjunktus<\/a><a href=\"https:\/\/semmelweis.hu\/telefonkonyv\/?emp_id=16278\"><br \/>\n<\/a><a href=\"https:\/\/semmelweis.hu\/telefonkonyv\/?emp_id=14984\"><strong>Dr. Gy\u00f6ngy\u00f6si Benedek<\/strong> egyetemi tan\u00e1rseg\u00e9d<\/a><a href=\"https:\/\/semmelweis.hu\/telefonkonyv\/?emp_id=16278\"><br \/>\n<\/a><a href=\"https:\/\/semmelweis.hu\/telefonkonyv\/?emp_id=6211\"><strong>Dr. Hal\u00e1sz Judit<\/strong> egyetemi adjunktus<\/a><a href=\"https:\/\/semmelweis.hu\/telefonkonyv\/?emp_id=16278\"><br \/>\n<\/a><a href=\"https:\/\/semmelweis.hu\/telefonkonyv\/?emp_id=4032\"><strong>Dr. Ist\u00f3k Roland<\/strong> klinikai f\u0151orvos<\/a><a href=\"https:\/\/semmelweis.hu\/telefonkonyv\/?emp_id=16278\"><br \/>\n<\/a><a href=\"https:\/\/semmelweis.hu\/telefonkonyv\/?emp_id=6213\"><strong>Dr. Kov\u00e1cs Attila<\/strong> egyetemi adjunktus<\/a><a href=\"https:\/\/semmelweis.hu\/telefonkonyv\/?emp_id=16278\"><br \/>\n<\/a><a href=\"https:\/\/semmelweis.hu\/telefonkonyv\/?emp_id=6212\"><strong>Dr. Madaras Lilla<\/strong> egyetemi docens<\/a><a href=\"https:\/\/semmelweis.hu\/telefonkonyv\/?emp_id=16278\"><br \/>\n<\/a><a href=\"https:\/\/semmelweis.hu\/telefonkonyv\/?emp_id=4037\"><strong>Dr. Sz\u00e9kely Eszter<\/strong> egyetemi docens<\/a><a href=\"https:\/\/semmelweis.hu\/telefonkonyv\/?emp_id=16278\"><br \/>\n<\/a><a href=\"https:\/\/semmelweis.hu\/telefonkonyv\/?emp_id=14989\"><strong>Dr. V\u00e1rkonyi Tibor<\/strong> egyetemi adjunktus<\/a><\/span><\/p>\n","protected":false},"excerpt":{"rendered":"<p>A pancreas, ampullaris, epe\u00fati elv\u00e1ltoz\u00e1sok vizsg\u00e1lata t\u00f6bb \u00e9vtizede int\u00e9zet\u00fcnk f\u0151 diagnosztikai \u00e9s tudom\u00e1nyos profilja. Munk\u00e1nk \u00f6sszekapcsol\u00f3dik Schaff Zsuzsa Akad\u00e9mikus Asszony \u00e9s Kiss Andr\u00e1s Professzor \u00dar \u00e1ltal vezetett m\u00e1j \u00e9s epe\u00fati betegs\u00e9gekkel foglalkoz\u00f3 munkacsoport tev\u00e9kenys\u00e9g\u00e9vel. Hazai \u00e9s k\u00fclf\u00f6ldi kongresszusokon val\u00f3 szerepl\u00e9sek, tudom\u00e1nyos publik\u00e1ci\u00f3 k\u00f6zl\u00e9se mellett r\u00e9szt vesz\u00fcnk a patol\u00f3gia szakorvosk\u00e9pz\u00e9sben, hazai diagnosztikai protokollok kidolgoz\u00e1s\u00e1ban \u00e9s a &hellip;<\/p>\n","protected":false},"author":101629,"featured_media":0,"parent":14,"menu_order":0,"comment_status":"closed","ping_status":"closed","template":"","meta":{"_acf_changed":false,"footnotes":""},"categories":[],"tags":[],"class_list":["post-3760","page","type-page","status-publish","hentry"],"acf":[],"_links":{"self":[{"href":"https:\/\/semmelweis.hu\/patologia2\/wp-json\/wp\/v2\/pages\/3760","targetHints":{"allow":["GET"]}}],"collection":[{"href":"https:\/\/semmelweis.hu\/patologia2\/wp-json\/wp\/v2\/pages"}],"about":[{"href":"https:\/\/semmelweis.hu\/patologia2\/wp-json\/wp\/v2\/types\/page"}],"author":[{"embeddable":true,"href":"https:\/\/semmelweis.hu\/patologia2\/wp-json\/wp\/v2\/users\/101629"}],"replies":[{"embeddable":true,"href":"https:\/\/semmelweis.hu\/patologia2\/wp-json\/wp\/v2\/comments?post=3760"}],"version-history":[{"count":10,"href":"https:\/\/semmelweis.hu\/patologia2\/wp-json\/wp\/v2\/pages\/3760\/revisions"}],"predecessor-version":[{"id":5426,"href":"https:\/\/semmelweis.hu\/patologia2\/wp-json\/wp\/v2\/pages\/3760\/revisions\/5426"}],"up":[{"embeddable":true,"href":"https:\/\/semmelweis.hu\/patologia2\/wp-json\/wp\/v2\/pages\/14"}],"wp:attachment":[{"href":"https:\/\/semmelweis.hu\/patologia2\/wp-json\/wp\/v2\/media?parent=3760"}],"wp:term":[{"taxonomy":"category","embeddable":true,"href":"https:\/\/semmelweis.hu\/patologia2\/wp-json\/wp\/v2\/categories?post=3760"},{"taxonomy":"post_tag","embeddable":true,"href":"https:\/\/semmelweis.hu\/patologia2\/wp-json\/wp\/v2\/tags?post=3760"}],"curies":[{"name":"wp","href":"https:\/\/api.w.org\/{rel}","templated":true}]}}