{"id":3543,"date":"2021-03-11T08:06:26","date_gmt":"2021-03-11T07:06:26","guid":{"rendered":"https:\/\/semmelweis.hu\/patologia2\/?page_id=3543"},"modified":"2026-03-27T12:50:30","modified_gmt":"2026-03-27T11:50:30","slug":"emlopatologia","status":"publish","type":"page","link":"https:\/\/semmelweis.hu\/patologia2\/diagnosztika\/emlopatologia\/","title":{"rendered":"Eml\u0151patol\u00f3gia"},"content":{"rendered":"<p>Az eml\u0151betegs\u00e9gek diagnosztik\u00e1ja a II. sz. Patol\u00f3giai Int\u00e9zetben kiemelt helyet foglal el, ennek alapjait K\u00e1d\u00e1r Anna professzor \u00e9s Dr. Moh\u00e1csy Judit fektett\u00e9k le. Prof. Kulka Janina, Dr. Madaras Lilla, Dr. Kov\u00e1cs Attila foglalkozik els\u0151sorban az eml\u0151betegs\u00e9gek diagnosztik\u00e1j\u00e1val, a kutat\u00e1sokban rajtuk k\u00edv\u00fcl Dr. T\u0151k\u00e9s Anna-M\u00e1ria biol\u00f3gus v\u00e1llal kiemelked\u0151 szerepet. Dr. Lotz G\u00e1bor a HER2 FISH diagnosztika vezet\u0151 szakembere. Munk\u00e1jukat Ph.D. hallgat\u00f3k \u00e9s di\u00e1kk\u00f6r\u00f6s hallgat\u00f3k seg\u00edtik.<\/p>\n<p><a href=\"https:\/\/semmelweis.hu\/patologia2\/files\/2021\/03\/Breast-Pathology-Springer-scaled.jpg\"><img loading=\"lazy\" decoding=\"async\" class=\"size-medium wp-image-3562 alignright\" src=\"https:\/\/semmelweis.hu\/patologia2\/files\/2021\/03\/Breast-Pathology-Springer-207x300.jpg\" alt=\"\" width=\"207\" height=\"300\" srcset=\"https:\/\/semmelweis.hu\/patologia2\/files\/2021\/03\/Breast-Pathology-Springer-207x300.jpg 207w, https:\/\/semmelweis.hu\/patologia2\/files\/2021\/03\/Breast-Pathology-Springer-706x1024.jpg 706w, https:\/\/semmelweis.hu\/patologia2\/files\/2021\/03\/Breast-Pathology-Springer-768x1113.jpg 768w, https:\/\/semmelweis.hu\/patologia2\/files\/2021\/03\/Breast-Pathology-Springer-1059x1536.jpg 1059w, https:\/\/semmelweis.hu\/patologia2\/files\/2021\/03\/Breast-Pathology-Springer-1413x2048.jpg 1413w, https:\/\/semmelweis.hu\/patologia2\/files\/2021\/03\/Breast-Pathology-Springer-scaled.jpg 1766w\" sizes=\"auto, (max-width: 207px) 100vw, 207px\" \/><\/a><br \/>\nKulka Janina a European Working Group for Breast Screening Pathology \u00e9s az ICCR Invasive Breast Cancer Dataset Committee tagja. Jelent\u0151s szerepet v\u00e1llalt a Kecskem\u00e9ti Konszenzus Dokumentum kor\u00e1bbi \u00e9s legut\u00f3bbi Patol\u00f3gia fejezet\u00e9nek kidolgoz\u00e1s\u00e1ban. A WHO Breast Tumours 5. kiad\u00e1s\u00e1ban egy fejezet a nev\u00e9hez f\u0171z\u0151dik \u00e9s 2019 \u00e9v v\u00e9g\u00e9n jelent meg a Springer Kiad\u00f3 gondoz\u00e1s\u00e1ban az Encyclopedia of Pathology Breast Pathology k\u00f6tete, amelynek t\u00e1rsszerkeszt\u0151je \u00e9s t\u00f6bb fejezet szerz\u0151je, r\u00e9szben Dr. Madaras Lill\u00e1val k\u00f6z\u00f6sen. A munkacsoport kutat\u00e1sai a sejtkapcsol\u00f3 strukt\u00far\u00e1k, a metasztatiz\u00e1l\u00f3 eml\u0151r\u00e1k \u00e9s a fiatalkori illetve terhess\u00e9gi eml\u0151r\u00e1k kutat\u00e1sa ter\u00e9n, valamint az eml\u0151r\u00e1k prognosztikai \u00e9s predikt\u00edv faktorainak sz\u00e9lesk\u00f6r\u0171 vizsg\u00e1lata ter\u00e9n v\u00e1ltak ismertt\u00e9.<\/p>\n<p><a href=\"https:\/\/semmelweis.hu\/patologia2\/vizsgalatkeres\/\"><strong>Vizsg\u00e1latk\u00e9r\u0151lapok<\/strong><\/a><\/p>\n<p><strong>MUNKAT\u00c1RSAK<\/strong><\/p>\n<p><a href=\"https:\/\/semmelweis.hu\/telefonkonyv\/?emp_id=15038\"><strong>Prof. Kulka Janina<\/strong> egyetemi tan\u00e1r<\/a><\/p>\n<p><a href=\"https:\/\/semmelweis.hu\/telefonkonyv\/?emp_id=6212\"><strong>Dr. Madaras Lilla<\/strong> egyetemi docens<\/a><\/p>\n<p><a href=\"https:\/\/semmelweis.hu\/telefonkonyv\/?emp_id=4041\"><strong>Dr. Lotz G\u00e1bor<\/strong> egyetemi docens<\/a><\/p>\n<p><a href=\"https:\/\/semmelweis.hu\/telefonkonyv\/?emp_id=6213\"><span style=\"color: #333333;font-family: Georgia, 'Times New Roman', 'Bitstream Charter', Times, serif\"><strong>Dr. Kov\u00e1cs Attila<\/strong> klinikai szakorvos<\/span><\/a><\/p>\n","protected":false},"excerpt":{"rendered":"<p>Az eml\u0151betegs\u00e9gek diagnosztik\u00e1ja a II. sz. Patol\u00f3giai Int\u00e9zetben kiemelt helyet foglal el, ennek alapjait K\u00e1d\u00e1r Anna professzor \u00e9s Dr. Moh\u00e1csy Judit fektett\u00e9k le. Prof. Kulka Janina, Dr. Madaras Lilla, Dr. Kov\u00e1cs Attila foglalkozik els\u0151sorban az eml\u0151betegs\u00e9gek diagnosztik\u00e1j\u00e1val, a kutat\u00e1sokban rajtuk k\u00edv\u00fcl Dr. T\u0151k\u00e9s Anna-M\u00e1ria biol\u00f3gus v\u00e1llal kiemelked\u0151 szerepet. Dr. Lotz G\u00e1bor a HER2 FISH diagnosztika &hellip;<\/p>\n","protected":false},"author":101629,"featured_media":0,"parent":14,"menu_order":0,"comment_status":"closed","ping_status":"closed","template":"","meta":{"_acf_changed":false,"footnotes":""},"categories":[],"tags":[],"class_list":["post-3543","page","type-page","status-publish","hentry"],"acf":[],"_links":{"self":[{"href":"https:\/\/semmelweis.hu\/patologia2\/wp-json\/wp\/v2\/pages\/3543","targetHints":{"allow":["GET"]}}],"collection":[{"href":"https:\/\/semmelweis.hu\/patologia2\/wp-json\/wp\/v2\/pages"}],"about":[{"href":"https:\/\/semmelweis.hu\/patologia2\/wp-json\/wp\/v2\/types\/page"}],"author":[{"embeddable":true,"href":"https:\/\/semmelweis.hu\/patologia2\/wp-json\/wp\/v2\/users\/101629"}],"replies":[{"embeddable":true,"href":"https:\/\/semmelweis.hu\/patologia2\/wp-json\/wp\/v2\/comments?post=3543"}],"version-history":[{"count":10,"href":"https:\/\/semmelweis.hu\/patologia2\/wp-json\/wp\/v2\/pages\/3543\/revisions"}],"predecessor-version":[{"id":5401,"href":"https:\/\/semmelweis.hu\/patologia2\/wp-json\/wp\/v2\/pages\/3543\/revisions\/5401"}],"up":[{"embeddable":true,"href":"https:\/\/semmelweis.hu\/patologia2\/wp-json\/wp\/v2\/pages\/14"}],"wp:attachment":[{"href":"https:\/\/semmelweis.hu\/patologia2\/wp-json\/wp\/v2\/media?parent=3543"}],"wp:term":[{"taxonomy":"category","embeddable":true,"href":"https:\/\/semmelweis.hu\/patologia2\/wp-json\/wp\/v2\/categories?post=3543"},{"taxonomy":"post_tag","embeddable":true,"href":"https:\/\/semmelweis.hu\/patologia2\/wp-json\/wp\/v2\/tags?post=3543"}],"curies":[{"name":"wp","href":"https:\/\/api.w.org\/{rel}","templated":true}]}}