{"id":14,"date":"2012-06-26T12:19:49","date_gmt":"2012-06-26T10:19:49","guid":{"rendered":"http:\/\/semmelweis-egyetem.hu\/patologia2\/?page_id=13"},"modified":"2026-03-27T12:39:09","modified_gmt":"2026-03-27T11:39:09","slug":"diagnosztika","status":"publish","type":"page","link":"https:\/\/semmelweis.hu\/patologia2\/diagnosztika\/","title":{"rendered":"Diagnosztika"},"content":{"rendered":"<p><a href=\"https:\/\/semmelweis.hu\/patologia2\/files\/2021\/05\/IMG_3643-scaled.jpg\"><img loading=\"lazy\" decoding=\"async\" class=\" wp-image-3927 alignright\" src=\"https:\/\/semmelweis.hu\/patologia2\/files\/2021\/05\/IMG_3643-300x225.jpg\" alt=\"\" width=\"233\" height=\"175\" srcset=\"https:\/\/semmelweis.hu\/patologia2\/files\/2021\/05\/IMG_3643-300x225.jpg 300w, https:\/\/semmelweis.hu\/patologia2\/files\/2021\/05\/IMG_3643-1024x768.jpg 1024w, https:\/\/semmelweis.hu\/patologia2\/files\/2021\/05\/IMG_3643-768x576.jpg 768w, https:\/\/semmelweis.hu\/patologia2\/files\/2021\/05\/IMG_3643-400x300.jpg 400w, https:\/\/semmelweis.hu\/patologia2\/files\/2021\/05\/IMG_3643-1536x1152.jpg 1536w, https:\/\/semmelweis.hu\/patologia2\/files\/2021\/05\/IMG_3643-2048x1536.jpg 2048w\" sizes=\"auto, (max-width: 233px) 100vw, 233px\" \/><\/a>Int\u00e9zet\u00fcnk alapvet\u0151en a K\u00fcls\u0151 Klinikai T\u00f6mb klinik\u00e1it\u00f3l kap biopszi\u00e1s \u00e9s m\u0171t\u00e9ti anyagot sz\u00f6vettani vizsg\u00e1latra, de m\u00e1s int\u00e9zm\u00e9nyekb\u0151l is \u00e9rkeznek mint\u00e1k, konzult\u00e1ci\u00f3s anyagok. Diagnosztikai tev\u00e9kenys\u00e9g\u00fcnket mindig a leg\u00fajabb szakmai ir\u00e1nyelvek szerint v\u00e9gezz\u00fck.<\/p>\n<p>A sz\u00f6vettani diagnosztik\u00e1t immunhisztok\u00e9miai, v\u00edrusdiagnosztikai, molekul\u00e1ris patol\u00f3giai laborat\u00f3rium, valamint elektronmikroszk\u00f3pos laborat\u00f3rium seg\u00edti. Az int\u00e9zetben nagysz\u00e1m\u00fa citol\u00f3giai vizsg\u00e1latot is v\u00e9gz\u00fcnk, k\u00fcl\u00f6n\u00f6sen az aspir\u00e1ci\u00f3s (v\u00e9konyt\u0171s) citol\u00f3gia ter\u00fclet\u00e9n.<\/p>\n<p><a href=\"https:\/\/semmelweis.hu\/patologia2\/vizsgalatkeres\/\">Vizsg\u00e1latk\u00e9r\u00e9shez v\u00e1lasszon vizsg\u00e1latk\u00e9r\u0151lapjaink k\u00f6z\u00fcl.<\/a><\/p>\n<div class=\"responsive-tabs\">\n<h2 class=\"tabtitle\">Betegek r\u00e9sz\u00e9re<\/h2>\n<div class=\"tabcontent\">\n\n<p><span style=\"font-size: 18pt\"><strong>Aspir\u00e1ci\u00f3s citol\u00f3giai szakrendel\u00e9s (FNAB):<\/strong><\/span><\/p>\n<p>A rendel\u00e9s beutal\u00f3 k\u00f6teles!<\/p>\n<p><strong>A rendel\u00e9s helysz\u00edne:<\/strong>\u00a01082 Budapest, \u00dcll\u0151i \u00fat 78. Semmelweis Egyetem, Seb\u00e9szeti, Transzplant\u00e1ci\u00f3s \u00e9s Gasztroenterol\u00f3giai Klinika (ST\u00e9G), magasf\u00f6ldszint, ultrahang vizsg\u00e1l\u00f3.<\/p>\n<div class=\"fontos_div w-100\">\n<p><strong>A rendel\u00e9sek id\u0151pontjai:<\/strong><\/p>\n<p>&nbsp;<\/p>\n<p>h\u00e9tf\u0151 14:30-t\u00f3l,<\/p>\n<p>kedd 14:00-t\u00f3l,<\/p>\n<p>cs\u00fct\u00f6rt\u00f6k 14:00-t\u00f3l.<\/p>\n<\/div>\n<p><strong><br \/>\nId\u0151pontfoglal\u00e1s k\u00f6telez\u0151!<\/strong><\/p>\n<p>Id\u0151pontfoglal\u00e1s az EESZT-n \u00e1t lehets\u00e9ges. (E-beutal\u00f3: online EESZT port\u00e1lon kereszt\u00fcl, vagy 1812-es telefonsz\u00e1mon.)<\/p>\n<p>Esetleges egy\u00e9b felmer\u00fcl\u0151 k\u00e9rd\u00e9s eset\u00e9n: e-mail:\u00a0<a href=\"mailto:titkarsag.piboi@semmelweis.hu\">titkarsag.piboi@semmelweis.hu<\/a>, telefon:\u00a0+36 20 825 9662.<\/p>\n<p>Szakmak\u00f3d 5403,\u00a0NNGYK 001088491<\/p>\n<p>&nbsp;<\/p>\n<p><span style=\"font-size: 18pt\"><strong>Elhunytakkal kapcsolatos \u00fcgyint\u00e9z\u00e9s:<\/strong><\/span><\/p>\n<p>R\u00e9szletes t\u00e1j\u00e9koztat\u00e1s a honlapunk <a href=\"https:\/\/semmelweis.hu\/patologia2\/kegyeleti-ugyintezes\/\">kegyeleti \u00fcgyint\u00e9z\u00e9s men\u00fcpontj\u00e1ban<\/a> \u00e9rhet\u0151 el.<\/p>\n<\/div><\/div>\n","protected":false},"excerpt":{"rendered":"<p><a href=\"https:\/\/semmelweis.hu\/patologia2\/files\/2021\/05\/IMG_3643-scaled.jpg\"><\/a> Int\u00e9zet\u00fcnk alapvet\u0151en a K\u00fcls\u0151 Klinikai T\u00f6mb klinik\u00e1it\u00f3l kap biopszi\u00e1s \u00e9s m\u0171t\u00e9ti anyagot sz\u00f6vettani vizsg\u00e1latra, de m\u00e1s int\u00e9zm\u00e9nyekb\u0151l is \u00e9rkeznek mint\u00e1k, konzult\u00e1ci\u00f3s anyagok. Diagnosztikai tev\u00e9kenys\u00e9g\u00fcnket mindig a leg\u00fajabb szakmai ir\u00e1nyelvek szerint v\u00e9gezz\u00fck. A sz\u00f6vettani diagnosztik\u00e1t immunhisztok\u00e9miai, v\u00edrusdiagnosztikai, molekul\u00e1ris patol\u00f3giai laborat\u00f3rium, valamint elektronmikroszk\u00f3pos laborat\u00f3rium seg\u00edti. Az int\u00e9zetben nagysz\u00e1m\u00fa citol\u00f3giai vizsg\u00e1latot is v\u00e9gz\u00fcnk, k\u00fcl\u00f6n\u00f6sen az aspir\u00e1ci\u00f3s (v\u00e9konyt\u0171s) citol\u00f3gia &hellip;<\/p>\n","protected":false},"author":12,"featured_media":0,"parent":0,"menu_order":1,"comment_status":"closed","ping_status":"closed","template":"","meta":{"_acf_changed":false,"footnotes":""},"categories":[],"tags":[],"class_list":["post-14","page","type-page","status-publish","hentry"],"acf":[],"_links":{"self":[{"href":"https:\/\/semmelweis.hu\/patologia2\/wp-json\/wp\/v2\/pages\/14","targetHints":{"allow":["GET"]}}],"collection":[{"href":"https:\/\/semmelweis.hu\/patologia2\/wp-json\/wp\/v2\/pages"}],"about":[{"href":"https:\/\/semmelweis.hu\/patologia2\/wp-json\/wp\/v2\/types\/page"}],"author":[{"embeddable":true,"href":"https:\/\/semmelweis.hu\/patologia2\/wp-json\/wp\/v2\/users\/12"}],"replies":[{"embeddable":true,"href":"https:\/\/semmelweis.hu\/patologia2\/wp-json\/wp\/v2\/comments?post=14"}],"version-history":[{"count":12,"href":"https:\/\/semmelweis.hu\/patologia2\/wp-json\/wp\/v2\/pages\/14\/revisions"}],"predecessor-version":[{"id":5398,"href":"https:\/\/semmelweis.hu\/patologia2\/wp-json\/wp\/v2\/pages\/14\/revisions\/5398"}],"wp:attachment":[{"href":"https:\/\/semmelweis.hu\/patologia2\/wp-json\/wp\/v2\/media?parent=14"}],"wp:term":[{"taxonomy":"category","embeddable":true,"href":"https:\/\/semmelweis.hu\/patologia2\/wp-json\/wp\/v2\/categories?post=14"},{"taxonomy":"post_tag","embeddable":true,"href":"https:\/\/semmelweis.hu\/patologia2\/wp-json\/wp\/v2\/tags?post=14"}],"curies":[{"name":"wp","href":"https:\/\/api.w.org\/{rel}","templated":true}]}}