{"id":8817,"date":"2014-09-11T14:18:21","date_gmt":"2014-09-11T12:18:21","guid":{"rendered":"https:\/\/semmelweis.hu\/patologia1\/?page_id=8817"},"modified":"2025-12-09T10:31:39","modified_gmt":"2025-12-09T09:31:39","slug":"students-scientific-association","status":"publish","type":"page","link":"https:\/\/semmelweis.hu\/patologia1\/en\/pathology-for-english-medicine\/students-scientific-association\/","title":{"rendered":"Students&#8217; Scientific Association"},"content":{"rendered":"<p><img loading=\"lazy\" decoding=\"async\" class=\"alignnone  wp-image-8822\" src=\"https:\/\/semmelweis.hu\/patologia1\/files\/2025\/11\/tdk2-400x64.jpg\" alt=\"\" width=\"425\" height=\"68\" srcset=\"https:\/\/semmelweis.hu\/patologia1\/files\/2025\/11\/tdk2-400x64.jpg 400w, https:\/\/semmelweis.hu\/patologia1\/files\/2025\/11\/tdk2.jpg 706w\" sizes=\"auto, (max-width: 425px) 100vw, 425px\" \/><\/p>\n<p>Students are advised to consult the supervisors regarding the respective research topic.<\/p>\n<p>&nbsp;<\/p>\n\n<table id=\"tablepress-123\" class=\"tablepress tablepress-id-123\">\n<thead>\n<tr class=\"row-1\">\n\t<th class=\"column-1\">Supervisor<\/th><th class=\"column-2\">Research topic<\/th>\n<\/tr>\n<\/thead>\n<tbody class=\"row-striping row-hover\">\n<tr class=\"row-2\">\n\t<td class=\"column-1\">Baghy Korn\u00e9lia MD<\/td><td class=\"column-2\">The role of the SPOCK1 proteoglycan in tumor development and progression<\/td>\n<\/tr>\n<tr class=\"row-3\">\n\t<td class=\"column-1\">G\u00e1bor Barna MD<\/td><td class=\"column-2\">MRD measurement in Multplex Myeloma with new generation flow cytometry<\/td>\n<\/tr>\n<tr class=\"row-4\">\n\t<td class=\"column-1\"><\/td><td class=\"column-2\">Investigation of CD180 expression in acute leukaemias<\/td>\n<\/tr>\n<tr class=\"row-5\">\n\t<td class=\"column-1\"><\/td><td class=\"column-2\">Changes in T cell subpopulations in patients with multiple myeloma treated with mesigdomid<\/td>\n<\/tr>\n<tr class=\"row-6\">\n\t<td class=\"column-1\">Csaba B\u00f6d\u00f6r MD<\/td><td class=\"column-2\">Genomic characterization of adult and pediatric hematological malignancies<\/td>\n<\/tr>\n<tr class=\"row-7\">\n\t<td class=\"column-1\">Katalin Dezs\u0151 MD<\/td><td class=\"column-2\">The importance of genetic diversity in the human liver during regeneration and chronic liver diseases<\/td>\n<\/tr>\n<tr class=\"row-8\">\n\t<td class=\"column-1\">Attila Fintha MD<\/td><td class=\"column-2\">Histological analysis of placental vessels using digital pathology techniques<\/td>\n<\/tr>\n<tr class=\"row-9\">\n\t<td class=\"column-1\">L\u00e1szl\u00f3 F\u00f3nyad MD<\/td><td class=\"column-2\">The role of the SPOCK1 proteoglycan in tumor development and progression<\/td>\n<\/tr>\n<tr class=\"row-10\">\n\t<td class=\"column-1\">Be\u00e1ta Hargitai MD<\/td><td class=\"column-2\">Clinical pathology of the placenta in the 1st trimester pregnancy losses<\/td>\n<\/tr>\n<tr class=\"row-11\">\n\t<td class=\"column-1\"><\/td><td class=\"column-2\">Pathology of the fetal growth problems: placenta size, morphology and function<\/td>\n<\/tr>\n<tr class=\"row-12\">\n\t<td class=\"column-1\"><\/td><td class=\"column-2\">Inflammatory lesions of the placenta in various obstetric syndromes<\/td>\n<\/tr>\n<tr class=\"row-13\">\n\t<td class=\"column-1\"><\/td><td class=\"column-2\">AI assisted digital morphometry in the delayed villous maturation of the placenta<\/td>\n<\/tr>\n<tr class=\"row-14\">\n\t<td class=\"column-1\">No\u00e9mi J\u00e1kob MD<\/td><td class=\"column-2\">Research on progression, prognostic, and predictive biomarkers of recurrent oral squamous cell carcinomas<\/td>\n<\/tr>\n<tr class=\"row-15\">\n\t<td class=\"column-1\">Rich\u00e1rd Kiss MD<\/td><td class=\"column-2\">Molecular profiling of childhood sarcomas<\/td>\n<\/tr>\n<tr class=\"row-16\">\n\t<td class=\"column-1\">\u00c1rp\u00e1d Ferenc Kov\u00e1cs MD<\/td><td class=\"column-2\">Investigation of T cells in the development and progression of\u00a0cardiomyopathies<\/td>\n<\/tr>\n<tr class=\"row-17\">\n\t<td class=\"column-1\">Ilona Kovalszky MD<\/td><td class=\"column-2\">The role of the SPOCK1 proteoglycan in tumor development and progression<\/td>\n<\/tr>\n<tr class=\"row-18\">\n\t<td class=\"column-1\">Tibor Kren\u00e1cs MD<\/td><td class=\"column-2\">Prognostic factors in triple negative breast cancer<\/td>\n<\/tr>\n<tr class=\"row-19\">\n\t<td class=\"column-1\">Ildik\u00f3 Krencz MD<\/td><td class=\"column-2\">Investigation of targeted therapeutic options in small cell lung carcinomas<\/td>\n<\/tr>\n<tr class=\"row-20\">\n\t<td class=\"column-1\">\u00c1gnes M\u00e1rk MD<\/td><td class=\"column-2\">Investigation of CD49f isoforms in B-cell acut lymphoblastic leukemia<\/td>\n<\/tr>\n<tr class=\"row-21\">\n\t<td class=\"column-1\">Tam\u00e1s M\u00edcsik MD<\/td><td class=\"column-2\">Clinicopathological examination of adrenocortical carcinoma<\/td>\n<\/tr>\n<tr class=\"row-22\">\n\t<td class=\"column-1\"><\/td><td class=\"column-2\">Retrospectiv clinicopathological investigation of neuroblastomas<\/td>\n<\/tr>\n<tr class=\"row-23\">\n\t<td class=\"column-1\"><\/td><td class=\"column-2\">Clinicopathological and digital pathological examination of Wilms Tumors<\/td>\n<\/tr>\n<tr class=\"row-24\">\n\t<td class=\"column-1\"><\/td><td class=\"column-2\">Colorectal carcinoma and the SPOCK1-protein<\/td>\n<\/tr>\n<tr class=\"row-25\">\n\t<td class=\"column-1\"><\/td><td class=\"column-2\">Digital pathological examination and prognostication of colorectal carcinomas<\/td>\n<\/tr>\n<tr class=\"row-26\">\n\t<td class=\"column-1\"><\/td><td class=\"column-2\">Metabolomics of carcinomas<\/td>\n<\/tr>\n<tr class=\"row-27\">\n\t<td class=\"column-1\"><\/td><td class=\"column-2\">Digital pathological examination and prognostication of renal cell cancers<\/td>\n<\/tr>\n<tr class=\"row-28\">\n\t<td class=\"column-1\"><\/td><td class=\"column-2\">Subclassification of endometrial carcinomas with AI<\/td>\n<\/tr>\n<tr class=\"row-29\">\n\t<td class=\"column-1\">R\u00e9ka M\u00f3zes MD<\/td><td class=\"column-2\">Clinicopathological and genetic characterization of myeloproliferative neoplasms<\/td>\n<\/tr>\n<tr class=\"row-30\">\n\t<td class=\"column-1\">Hajnalka Rajnai MD<\/td><td class=\"column-2\">Modern pathological diagnostics of childhood central nervous system tumors<\/td>\n<\/tr>\n<tr class=\"row-31\">\n\t<td class=\"column-1\">Eszter Reg\u0151s MD<\/td><td class=\"column-2\">Modern pathological processing of samples from early miscarriages<\/td>\n<\/tr>\n<tr class=\"row-32\">\n\t<td class=\"column-1\"><\/td><td class=\"column-2\">Histopathological changes in the placenta associated with maternal diseases<\/td>\n<\/tr>\n<tr class=\"row-33\">\n\t<td class=\"column-1\"><\/td><td class=\"column-2\">Pathological assessment of inflammation leading to early miscarriage<\/td>\n<\/tr>\n<tr class=\"row-34\">\n\t<td class=\"column-1\">Andr\u00e1s R\u00f3kusz MD<\/td><td class=\"column-2\">Pathology of molar pregnancies<\/td>\n<\/tr>\n<tr class=\"row-35\">\n\t<td class=\"column-1\"><\/td><td class=\"column-2\">Pathology of gynecological tumors associated with hereditary cancer syndromes<\/td>\n<\/tr>\n<tr class=\"row-36\">\n\t<td class=\"column-1\"><\/td><td class=\"column-2\">Clinicopathological and molecular study of gynecological tumors<\/td>\n<\/tr>\n<tr class=\"row-37\">\n\t<td class=\"column-1\">M\u00e1rton S\u00e1ghi MD<\/td><td class=\"column-2\">The pathological diagnosis of myocarditis<\/td>\n<\/tr>\n<tr class=\"row-38\">\n\t<td class=\"column-1\"><\/td><td class=\"column-2\">Pathological examination of hearts explanted during transplantation<\/td>\n<\/tr>\n<tr class=\"row-39\">\n\t<td class=\"column-1\"><\/td><td class=\"column-2\">Examination of allograft rejection in transplanted hearts using histological and molecular methods<\/td>\n<\/tr>\n<tr class=\"row-40\">\n\t<td class=\"column-1\"><\/td><td class=\"column-2\">Histopathological analysis of carotid artery plaques in the context of clinical data and hemodynamic measurements<\/td>\n<\/tr>\n<tr class=\"row-41\">\n\t<td class=\"column-1\">B\u00e1lint Scheich MD<\/td><td class=\"column-2\">Complex clinico-pathological and molecular analysis of meningiomas in order to identify and experimentally validate novel prognostic biomarkers and therapeutic targets<\/td>\n<\/tr>\n<tr class=\"row-42\">\n\t<td class=\"column-1\">Anna Sebesty\u00e9n MD \/ Dorottya Moldvai MD \/ Vikt\u00f3ria Varga MD<\/td><td class=\"column-2\">The role of metabolic heterogeneity in tumour progression<\/td>\n<\/tr>\n<tr class=\"row-43\">\n\t<td class=\"column-1\"><\/td><td class=\"column-2\">Tumour model development for basic- and preclinical research, precision drug tests<\/td>\n<\/tr>\n<tr class=\"row-44\">\n\t<td class=\"column-1\"><\/td><td class=\"column-2\">Heterogeneity in immunmetabolic alterations after immun check point inhibitor therapy<\/td>\n<\/tr>\n<tr class=\"row-45\">\n\t<td class=\"column-1\">G\u00e1bor Szal\u00f3ki MD<\/td><td class=\"column-2\">The effect of medicine candidate drugs on FLT3 positive primary AML cell cultures<\/td>\n<\/tr>\n<tr class=\"row-46\">\n\t<td class=\"column-1\">\u00c1rp\u00e1d Sz\u00e1ll\u00e1si MD<\/td><td class=\"column-2\">New prognostic markers in pancreatic ductal and colorectal carcinoma<\/td>\n<\/tr>\n<tr class=\"row-47\">\n\t<td class=\"column-1\">Vanda T\u00e9gl\u00e1si MD<\/td><td class=\"column-2\">Investigation of the microenvironment in brain metastases of solid tumors<\/td>\n<\/tr>\n<tr class=\"row-48\">\n\t<td class=\"column-1\">Csilla Tolnai-Kriston MD<\/td><td class=\"column-2\">The assessment of the efficacy of venetoclax-obinutuzumab therapy by flow cytometry in chronic lymphocytic leukemia (CLL)<\/td>\n<\/tr>\n<\/tbody>\n<\/table>\n\n<p>Responsible for TDK: Rich\u00e1rd Kiss MD<\/p>\n","protected":false},"excerpt":{"rendered":"<p>Students are advised to consult the supervisors regarding the respective research topic.<br \/>\n&nbsp;<\/p>\n<p>Responsible for TDK: Rich\u00e1rd Kiss MD<\/p>\n","protected":false},"author":102587,"featured_media":0,"parent":5626,"menu_order":3,"comment_status":"open","ping_status":"open","template":"","meta":{"_acf_changed":false,"footnotes":""},"categories":[],"tags":[],"class_list":["post-8817","page","type-page","status-publish","hentry"],"acf":[],"_links":{"self":[{"href":"https:\/\/semmelweis.hu\/patologia1\/wp-json\/wp\/v2\/pages\/8817","targetHints":{"allow":["GET"]}}],"collection":[{"href":"https:\/\/semmelweis.hu\/patologia1\/wp-json\/wp\/v2\/pages"}],"about":[{"href":"https:\/\/semmelweis.hu\/patologia1\/wp-json\/wp\/v2\/types\/page"}],"author":[{"embeddable":true,"href":"https:\/\/semmelweis.hu\/patologia1\/wp-json\/wp\/v2\/users\/102587"}],"replies":[{"embeddable":true,"href":"https:\/\/semmelweis.hu\/patologia1\/wp-json\/wp\/v2\/comments?post=8817"}],"version-history":[{"count":5,"href":"https:\/\/semmelweis.hu\/patologia1\/wp-json\/wp\/v2\/pages\/8817\/revisions"}],"predecessor-version":[{"id":8826,"href":"https:\/\/semmelweis.hu\/patologia1\/wp-json\/wp\/v2\/pages\/8817\/revisions\/8826"}],"up":[{"embeddable":true,"href":"https:\/\/semmelweis.hu\/patologia1\/wp-json\/wp\/v2\/pages\/5626"}],"wp:attachment":[{"href":"https:\/\/semmelweis.hu\/patologia1\/wp-json\/wp\/v2\/media?parent=8817"}],"wp:term":[{"taxonomy":"category","embeddable":true,"href":"https:\/\/semmelweis.hu\/patologia1\/wp-json\/wp\/v2\/categories?post=8817"},{"taxonomy":"post_tag","embeddable":true,"href":"https:\/\/semmelweis.hu\/patologia1\/wp-json\/wp\/v2\/tags?post=8817"}],"curies":[{"name":"wp","href":"https:\/\/api.w.org\/{rel}","templated":true}]}}