{"id":7310,"date":"2021-12-13T16:24:37","date_gmt":"2021-12-13T15:24:37","guid":{"rendered":"https:\/\/semmelweis.hu\/patologia1\/?page_id=7310"},"modified":"2025-10-21T14:37:14","modified_gmt":"2025-10-21T12:37:14","slug":"egyeb-molekularis-vizsgalatok","status":"publish","type":"page","link":"https:\/\/semmelweis.hu\/patologia1\/vizsgalatkeres\/egyeb-molekularis-vizsgalatok\/","title":{"rendered":"Szolid tumorok \u00e9s v\u00edrusdiagnosztika"},"content":{"rendered":"<p><strong>MOLEKUL\u00c1RIS DIAGNOSZTIKA (NEM HEMATOL\u00d3GIAI ANYAGOK ESET\u00c9N)<\/strong><\/p>\n<p><span style=\"font-size: 14pt\">A Molekul\u00e1ris Patol\u00f3gia laborat\u00f3riumunk DNS- \u00e9s RNS-alap\u00fa vizsg\u00e1latok teljes sor\u00e1t v\u00e9gzi szervspecifikus panelek \u00e9s ilyen paneleken k\u00edv\u00fcli vizsg\u00e1latok form\u00e1j\u00e1ban is. A vizsg\u00e1latok k\u00f6z\u00fcl egyre nagyobb teret nyernek a korszer\u0171, \u00fajgener\u00e1ci\u00f3s szekven\u00e1l\u00e1s (NGS) alap\u00fa elj\u00e1r\u00e1sok.<\/span><\/p>\n<p>A laborat\u00f3rium \u00e1ltal ny\u00fajtott vizsg\u00e1latok list\u00e1ja a vizsg\u00e1lati k\u00e9r\u0151lapon tal\u00e1lhat\u00f3.<\/p>\n<p>A perif\u00e9ri\u00e1s v\u00e9rb\u0151l t\u00f6rt\u00e9n\u0151, potenci\u00e1lisan cs\u00edravonalbeli (\u00f6r\u00f6kl\u0151d\u0151), daganatos megbeteged\u00e9s kialakul\u00e1s\u00e1ra hajlamos\u00edt\u00f3 vari\u00e1nsokat azonos\u00edt\u00f3 vizsg\u00e1latok eredm\u00e9nye kiz\u00e1r\u00f3lag klinikai genetikussal val\u00f3 konzult\u00e1ci\u00f3 keret\u00e9n bel\u00fcl ismerhet\u0151 meg.<\/p>\n<p>E vizsg\u00e1latokhoz (BRCA1\/2 \u00e9s \u00f6r\u00f6kl\u0151d\u0151 daganatszindr\u00f3ma (&#8216;Hereditary Cancer Panel&#8217;)) a vizsg\u00e1lati k\u00e9r\u0151lap mellett felt\u00e9tlen\u00fcl sz\u00fcks\u00e9ges a a\u00a0<a href=\"https:\/\/semmelweis.hu\/patologia1\/files\/2023\/11\/Beleegyezo-nyilatkozat-germline-vizsgalathoz_2023.pdf\">beteg beleegyez\u0151 nyilatkozat<\/a>\u00a0kit\u00f6lt\u00e9se \u00e9s al\u00e1\u00edr\u00e1sa.<\/p>\n<p>A jogszab\u00e1lyi el\u0151\u00edr\u00e1soknak megfelel\u0151en a laborat\u00f3rium kiz\u00e1r\u00f3lag a beleegyez\u0151 nyilatkozat birtok\u00e1ban v\u00e9gezhet ilyen t\u00edpus\u00fa genetikai vizsg\u00e1latot.<\/p>\n<p><strong>Dokumentumok:<\/strong><\/p>\n<p><a href=\"https:\/\/semmelweis.hu\/patologia1\/files\/2025\/10\/Molekularis-diagnosztika_vizsgalat-kero-adatlap-202510_v.pdf\">Vizsg\u00e1lati k\u00e9r\u0151lap (friss\u00edtett<strong> &#8211; 2025.10.03<\/strong> )<\/a><\/p>\n<p><a href=\"https:\/\/semmelweis.hu\/patologia1\/files\/2023\/11\/Beleegyezo-nyilatkozat-germline-vizsgalathoz_2023.pdf\">Beleegyez\u0151 nyilatkozat <\/a>(BRCA2\/1 \u00e9s \u00f6r\u00f6kl\u0151d\u0151 daganatszindr\u00f3ma vizsg\u00e1latokhoz) (<strong>\u00daJ!! &#8211; 2023.11.28<\/strong> )<\/p>\n<p><a href=\"https:\/\/semmelweis.hu\/patologia1\/files\/2023\/05\/trusight-tumor-170-data-sheet-1170-2016-017.pdf\">A 170 g\u00e9nes onkol\u00f3giai NGS vizsg\u00e1lat angol nyelv\u0171 ismertet\u0151je<\/a><\/p>\n<p><a href=\"https:\/\/semmelweis.hu\/patologia1\/files\/2023\/05\/trusight-hereditary-cancer-data-sheet-1170-2019-012.pdf\">Az \u00f6r\u00f6kl\u0151d\u0151 daganatszindr\u00f3m\u00e1k vizsg\u00e1lat\u00e1ra alkalmas 113 g\u00e9nes NGS vizsg\u00e1lat angol nyelv\u0171 ismertet\u0151je<\/a><\/p>\n<p>&nbsp;<\/p>\n<hr \/>\n<p>&nbsp;<\/p>\n<div class=\"responsive-tabs\">\n<h2 class=\"tabtitle\">Panel vizsg\u00e1latok<\/h2>\n<div class=\"tabcontent\">\n\n<div>V\u00edrus panel:<\/div>\n<div>CMV<\/div>\n<div>\u00a0<\/div>\n<div>Colorectalis panel:<\/div>\n<div>KRAS, NRAS, BRAF, PIK3CA, MSI meghat\u00e1roz\u00e1s<\/div>\n<div>\u00a0<\/div>\n<div>T\u00fcd\u0151 panel:<\/div>\n<div>KRAS, BRAF, EGFR, EGFR T790M<\/div>\n<div>ALK IHC\/FISH<\/div>\n<div>ROS1 IHC\/FISH<\/div>\n<div>ALK reziszt.<\/div>\n<div>PDL1 IHC (22C3)<\/div>\n<div>\u00a0<\/div>\n<div>BRCA1\/2:<\/div>\n<div>eml\u0151 cc., ovarium cc., prostata cc., pancreas cc. \u00e9s<\/div>\n<div>csal\u00e1di halmoz\u00f3d\u00e1s eset\u00e9n sz\u0171r\u00e9s<\/div>\n<div>\u00a0<\/div>\n\n<\/div><h2 class=\"tabtitle\">Paneleken k\u00edv\u00fcl k\u00e9rhet\u0151 vizsg\u00e1latok: <\/h2>\n<div class=\"tabcontent\">\n\n<div>TST170 (170 g\u00e9nes NGS vizsg\u00e1lat)<\/div>\n<div>\u00d6r\u00f6kl\u0151d\u0151 daganat szindr\u00f3ma panel (113 g\u00e9n NGS-alap\u00fa vizsg\u00e1lata)<\/div>\n<div>KRAS, NRAS, EGFR, BRAF, PIK3CA, EGFR T790M<\/div>\n<div>NTRK<\/div>\n<div>PDL1 22C3 SP142<\/div>\n<div>ROS1 IHC\/FISH<\/div>\n<div>ALK IHC\/FISH<\/div>\n<div>MSI (microsatellita)\u00a0<\/div>\n<div>ALK rezisztencia<\/div>\n<div>HER2<\/div>\n<\/div><\/div>\n","protected":false},"excerpt":{"rendered":"<p>MOLEKUL\u00c1RIS DIAGNOSZTIKA (NEM HEMATOL\u00d3GIAI ANYAGOK ESET\u00c9N) A Molekul\u00e1ris Patol\u00f3gia laborat\u00f3riumunk DNS- \u00e9s RNS-alap\u00fa vizsg\u00e1latok teljes sor\u00e1t v\u00e9gzi szervspecifikus panelek \u00e9s ilyen paneleken k\u00edv\u00fcli vizsg\u00e1latok form\u00e1j\u00e1ban is. A vizsg\u00e1latok k\u00f6z\u00fcl egyre nagyobb teret nyernek a korszer\u0171, \u00fajgener\u00e1ci\u00f3s szekven\u00e1l\u00e1s (NGS) alap\u00fa elj\u00e1r\u00e1sok. A laborat\u00f3rium \u00e1ltal ny\u00fajtott vizsg\u00e1latok list\u00e1ja a vizsg\u00e1lati k\u00e9r\u0151lapon tal\u00e1lhat\u00f3. A perif\u00e9ri\u00e1s v\u00e9rb\u0151l t\u00f6rt\u00e9n\u0151, potenci\u00e1lisan &hellip;<\/p>\n","protected":false},"author":54,"featured_media":0,"parent":299,"menu_order":0,"comment_status":"closed","ping_status":"closed","template":"","meta":{"_acf_changed":false,"footnotes":""},"categories":[],"tags":[],"class_list":["post-7310","page","type-page","status-publish","hentry"],"acf":[],"_links":{"self":[{"href":"https:\/\/semmelweis.hu\/patologia1\/wp-json\/wp\/v2\/pages\/7310","targetHints":{"allow":["GET"]}}],"collection":[{"href":"https:\/\/semmelweis.hu\/patologia1\/wp-json\/wp\/v2\/pages"}],"about":[{"href":"https:\/\/semmelweis.hu\/patologia1\/wp-json\/wp\/v2\/types\/page"}],"author":[{"embeddable":true,"href":"https:\/\/semmelweis.hu\/patologia1\/wp-json\/wp\/v2\/users\/54"}],"replies":[{"embeddable":true,"href":"https:\/\/semmelweis.hu\/patologia1\/wp-json\/wp\/v2\/comments?post=7310"}],"version-history":[{"count":11,"href":"https:\/\/semmelweis.hu\/patologia1\/wp-json\/wp\/v2\/pages\/7310\/revisions"}],"predecessor-version":[{"id":8774,"href":"https:\/\/semmelweis.hu\/patologia1\/wp-json\/wp\/v2\/pages\/7310\/revisions\/8774"}],"up":[{"embeddable":true,"href":"https:\/\/semmelweis.hu\/patologia1\/wp-json\/wp\/v2\/pages\/299"}],"wp:attachment":[{"href":"https:\/\/semmelweis.hu\/patologia1\/wp-json\/wp\/v2\/media?parent=7310"}],"wp:term":[{"taxonomy":"category","embeddable":true,"href":"https:\/\/semmelweis.hu\/patologia1\/wp-json\/wp\/v2\/categories?post=7310"},{"taxonomy":"post_tag","embeddable":true,"href":"https:\/\/semmelweis.hu\/patologia1\/wp-json\/wp\/v2\/tags?post=7310"}],"curies":[{"name":"wp","href":"https:\/\/api.w.org\/{rel}","templated":true}]}}