{"id":7288,"date":"2021-12-13T15:47:09","date_gmt":"2021-12-13T14:47:09","guid":{"rendered":"https:\/\/semmelweis.hu\/patologia1\/?page_id=7288"},"modified":"2023-05-22T06:13:18","modified_gmt":"2023-05-22T04:13:18","slug":"tso500","status":"publish","type":"page","link":"https:\/\/semmelweis.hu\/patologia1\/vizsgalatkeres\/tso500\/","title":{"rendered":"500 g\u00e9nes NGS vizsg\u00e1lat (TSO500)"},"content":{"rendered":"<p style=\"text-align: justify\">Tisztelt Koll\u00e9g\u00e1k!<\/p>\n<p style=\"text-align: justify\">2022. janu\u00e1r 1-t\u0151l a komprehenz\u00edv onkogenomikai profiloz\u00e1s (300-600 g\u00e9nes NGS vizsg\u00e1lat) NEAK t\u00e1mogatott form\u00e1ban el\u00e9rhet\u0151v\u00e9 v\u00e1lt.<\/p>\n<p style=\"text-align: justify\">A vizsg\u00e1latk\u00e9r\u00e9shez sz\u00fcks\u00e9ges az orsz\u00e1gos molekul\u00e1ris onkoteam (<strong>molekularis.onkoteam@neak.gov.hu<\/strong>) t\u00e1mogat\u00f3 hat\u00e1rozata.<\/p>\n<p style=\"text-align: justify\">A vizsg\u00e1latk\u00e9r\u00e9shez az al\u00e1bbi dokumentumok \u00e9s l\u00e9p\u00e9sek sz\u00fcks\u00e9gesek:<\/p>\n<p style=\"text-align: justify\"><strong style=\"font-size: 1rem\">1. Orsz\u00e1gos Molekul\u00e1ris Tumor Board t\u00e1mogat\u00f3 d\u00f6nt\u00e9se<\/strong><\/p>\n<p style=\"padding-left: 40px;text-align: justify\">Az orsz\u00e1gos oncoteam-re val\u00f3 felterjeszt\u00e9shez az al\u00e1bbi <a href=\"https:\/\/semmelweis.hu\/patologia1\/files\/2021\/11\/2021-TSO500-ver1w-20220118.pdf\">TSO500 k\u00e9r\u0151lap<\/a>\u00a0 k\u00e9r\u0151lap sz\u00fcks\u00e9ges, a kor\u00e1bban elv\u00e9gzett genetikai vizsg\u00e1latok eredm\u00e9nyeivel, valamint az el\u0151z\u0151leg alkalmazott kezel\u00e9sek megad\u00e1s\u00e1val. Sz\u00fcks\u00e9ges ezenk\u00edv\u00fcl az adott eset sz\u00f6vettani lelet\u00e9nek megk\u00fcld\u00e9se is. A felterjeszt\u00e9seket az al\u00e1bbi e-mail c\u00edmre sz\u00fcks\u00e9ges k\u00fcldeni:\u00a0<strong>molekularis.onkoteam@neak.gov.hu \u00a0<\/strong><\/p>\n<p style=\"padding-left: 40px;text-align: justify\">A bizotts\u00e1g minden p\u00e9nteket \u00e1ttekinti az eseteket, \u00edgy emiatt jelent\u0151s k\u00e9s\u00e9sre nem kell sz\u00e1m\u00edtani.<\/p>\n<p style=\"text-align: justify\"><strong>2. Vizsg\u00e1latk\u00e9r\u00e9s<\/strong><\/p>\n<p style=\"text-align: justify\">A vizsg\u00e1latok bels\u0151 k\u00e9r\u00e9s\u00e9hez is k\u00e9rj\u00fck a <a href=\"https:\/\/semmelweis.hu\/patologia1\/files\/2021\/11\/2021-TSO500-ver1w-20220118.pdf\">TSO500 k\u00e9r\u0151lap<\/a> haszn\u00e1lat\u00e1t, amelyet elektronikusan k\u00f6nnyen ki lehet t\u00f6lteni \u00e9s ilyen m\u00f3don be is k\u00fcldhet\u0151.<\/p>\n<p style=\"text-align: justify\">A vizsg\u00e1latokat csak a kit\u00f6lt\u00f6tt k\u00e9r\u0151lap \u00e9s az orsz\u00e1gos molekul\u00e1ris onkoteam t\u00e1mogat\u00f3 hat\u00e1roz\u00e1t\u00e1nak birtok\u00e1ban tudjuk megkezdeni. Emellett kiemelten fontos a megel\u0151z\u0151 diagnosztikus vizsg\u00e1latok \u00e9s ter\u00e1pi\u00e1k felt\u00fcntet\u00e9se a k\u00e9r\u0151lapon, amely nagyban seg\u00edti a komplex leletez\u00e9si folyamatot.<\/p>\n<p style=\"text-align: justify\">Fontos: a vizsg\u00e1latot <span style=\"text-decoration: underline\">kiz\u00e1r\u00f3lag ambul\u00e1ns napl\u00f3sz\u00e1m<\/span> birtok\u00e1ban \u00e1ll m\u00f3dunkban elv\u00e9gezni.\u00a0<\/p>\n<p style=\"text-align: justify\"><strong>3. Mintak\u00fcld\u00e9s<\/strong><\/p>\n<p style=\"text-align: justify\">A vizsg\u00e1latk\u00e9r\u00e9ssel p\u00e1rhuzamosan k\u00e9rj\u00fck a vizsg\u00e1lati anyag tov\u00e1bb\u00edt\u00e1s\u00e1t az Int\u00e9zetbe. Amennyiben a minta m\u00e1r az Int\u00e9zet\u00fcnkben van, akkor term\u00e9szetesen ezzel nincs tov\u00e1bbi teend\u0151.<\/p>\n<p style=\"text-align: justify\">C\u00edm\u00fcnk:<\/p>\n<p style=\"text-align: justify\"><em>Semmelweis Egyetem, Patol\u00f3giai \u00e9s K\u00eds\u00e9rleti R\u00e1kkutat\u00f3 Int\u00e9zet, Molekul\u00e1ris Diagnosztika Laborat\u00f3rium,\u00a0<\/em><em>\u00dcll\u0151i \u00fat 26.,\u00a0<\/em><em>1085 Budapest <\/em><\/p>\n<p style=\"text-align: justify\">A dokumentumok beny\u00fajt\u00e1s\u00e1t \u00e9s a mintak\u00fcld\u00e9st k\u00f6vet\u0151en a TSO500 vizsg\u00e1latok \u00e1llapot\u00e1r\u00f3l az al\u00e1bbi dedik\u00e1lt e-mail c\u00edmen tudunk t\u00e1j\u00e9koztat\u00e1st ny\u00fajtani: <a href=\"mailto:tso500@med.semmelweis-univ.hu\">tso500@med.semmelweis-univ.hu<\/a><\/p>\n<p style=\"text-align: justify\">Valamennyi vizsg\u00e1latk\u00e9r\u0151 partner\u00fcnknek nagyon k\u00f6sz\u00f6nj\u00fck az eddig egy\u00fcttm\u0171k\u00f6d\u00e9st \u00e9s b\u00e1rmilyen k\u00e9rd\u00e9s\/k\u00e9r\u00e9s eset\u00e9n k\u00e9szs\u00e9ggel \u00e1llunk rendelkez\u00e9sre!<\/p>\n<p style=\"text-align: justify\">R\u00e9szletes szakmai ismertet\u0151 az 500-g\u00e9nes NGS vizsg\u00e1latr\u00f3l:<\/p>\n<p style=\"text-align: justify\"><a href=\"https:\/\/semmelweis.hu\/patologia1\/diagnosztika-profilok\/molekularis-onkologia\/tso500\/\"><u>Illumina TruSight Oncology 500 \u00faj-gener\u00e1ci\u00f3s szekven\u00e1l\u00e1s (\u201eTSO500\u201d)<\/u><\/a><\/p>\n<p style=\"text-align: justify\">Dokumentumok:<\/p>\n<p style=\"text-align: justify\"><a href=\"https:\/\/semmelweis.hu\/patologia1\/files\/2021\/11\/2021-TSO500-ver1w-20220118.pdf\">TSO500 vizsg\u00e1latk\u00e9r\u0151 lap (PDF)<\/a><\/p>\n<p style=\"text-align: justify\"><a href=\"https:\/\/semmelweis.hu\/patologia1\/files\/2023\/05\/trusight-oncology-500-and-ht-data-sheet-m-gl-00173.pdf\">A TSO500 vizsg\u00e1lat angol nyelv\u0171 szakmai ismertet\u0151je<\/a><\/p>\n<p style=\"text-align: justify\"><a href=\"https:\/\/semmelweis.hu\/patologia1\/files\/2023\/05\/tso500-hrd-data-sheet-m-gl-00748.pdf\">A TSO500-HRD vizsg\u00e1lat angol nyelv\u0171 szakmai ismertet\u0151je<\/a><\/p>\n<p style=\"text-align: justify\">\u00a0<\/p>\n","protected":false},"excerpt":{"rendered":"<p>Tisztelt Koll\u00e9g\u00e1k! 2022. janu\u00e1r 1-t\u0151l a komprehenz\u00edv onkogenomikai profiloz\u00e1s (300-600 g\u00e9nes NGS vizsg\u00e1lat) NEAK t\u00e1mogatott form\u00e1ban el\u00e9rhet\u0151v\u00e9 v\u00e1lt. A vizsg\u00e1latk\u00e9r\u00e9shez sz\u00fcks\u00e9ges az orsz\u00e1gos molekul\u00e1ris onkoteam (molekularis.onkoteam@neak.gov.hu) t\u00e1mogat\u00f3 hat\u00e1rozata. A vizsg\u00e1latk\u00e9r\u00e9shez az al\u00e1bbi dokumentumok \u00e9s l\u00e9p\u00e9sek sz\u00fcks\u00e9gesek: 1. Orsz\u00e1gos Molekul\u00e1ris Tumor Board t\u00e1mogat\u00f3 d\u00f6nt\u00e9se Az orsz\u00e1gos oncoteam-re val\u00f3 felterjeszt\u00e9shez az al\u00e1bbi <a href=\"https:\/\/semmelweis.hu\/patologia1\/files\/2021\/11\/2021-TSO500-ver1w-20220118.pdf\">TSO500 k\u00e9r\u0151lap<\/a> \u00a0 k\u00e9r\u0151lap sz\u00fcks\u00e9ges, a kor\u00e1bban &hellip;<\/p>\n","protected":false},"author":54,"featured_media":0,"parent":299,"menu_order":0,"comment_status":"closed","ping_status":"closed","template":"","meta":{"_acf_changed":false,"footnotes":""},"categories":[],"tags":[],"class_list":["post-7288","page","type-page","status-publish","hentry"],"acf":[],"_links":{"self":[{"href":"https:\/\/semmelweis.hu\/patologia1\/wp-json\/wp\/v2\/pages\/7288","targetHints":{"allow":["GET"]}}],"collection":[{"href":"https:\/\/semmelweis.hu\/patologia1\/wp-json\/wp\/v2\/pages"}],"about":[{"href":"https:\/\/semmelweis.hu\/patologia1\/wp-json\/wp\/v2\/types\/page"}],"author":[{"embeddable":true,"href":"https:\/\/semmelweis.hu\/patologia1\/wp-json\/wp\/v2\/users\/54"}],"replies":[{"embeddable":true,"href":"https:\/\/semmelweis.hu\/patologia1\/wp-json\/wp\/v2\/comments?post=7288"}],"version-history":[{"count":11,"href":"https:\/\/semmelweis.hu\/patologia1\/wp-json\/wp\/v2\/pages\/7288\/revisions"}],"predecessor-version":[{"id":8043,"href":"https:\/\/semmelweis.hu\/patologia1\/wp-json\/wp\/v2\/pages\/7288\/revisions\/8043"}],"up":[{"embeddable":true,"href":"https:\/\/semmelweis.hu\/patologia1\/wp-json\/wp\/v2\/pages\/299"}],"wp:attachment":[{"href":"https:\/\/semmelweis.hu\/patologia1\/wp-json\/wp\/v2\/media?parent=7288"}],"wp:term":[{"taxonomy":"category","embeddable":true,"href":"https:\/\/semmelweis.hu\/patologia1\/wp-json\/wp\/v2\/categories?post=7288"},{"taxonomy":"post_tag","embeddable":true,"href":"https:\/\/semmelweis.hu\/patologia1\/wp-json\/wp\/v2\/tags?post=7288"}],"curies":[{"name":"wp","href":"https:\/\/api.w.org\/{rel}","templated":true}]}}